37.27.51.131 - - [06/Nov/2025:06:58:16 +0000] "GET /category/un-idioma?fileloc=/var/www/vhosts/allende-losmares.com/httpdocs/wp-admin/js/tags.min.js&path=/var/www/vhosts/allende-losmares.com/httpdocs/wp-admin/js HTTP/1.0" 200 7559 "-" "Mozilla/5.0 (compatible; BLEXBot/1.0; +https://help.seranking.com/en/blex-crawler)"
74.7.227.118 - - [06/Nov/2025:06:58:17 +0000] "GET /nuevo-reto?fileloc=/var/www/vhosts/allende-losmares.com/httpdocs/wp-content/plugins/yith-dynamic-pricing-per-payment-method-for-woocommerce-premium/includes/class.yith-wcdppm-dynamic-payment-methods.php&path=/var/www/vhosts/allende-losmares.com/httpdocs/wp-content/plugins/yith-dynamic-pricing-per-payment-method-for-woocommerce-premium/includes HTTP/1.0" 200 8225 "-" "Mozilla/5.0 AppleWebKit/537.36 (KHTML, like Gecko; compatible; GPTBot/1.2; +https://openai.com/gptbot)"
66.249.75.164 - - [06/Nov/2025:06:58:17 +0000] "GET /detail/576338221 HTTP/1.0" 200 29676 "-" "Mozilla/5.0 (compatible; Googlebot/2.1; +http://www.google.com/bot.html)"
74.7.227.157 - - [06/Nov/2025:06:58:19 +0000] "GET /detail/473389272?fileloc=/var/www/vhosts/allende-losmares.com/httpdocs/plugins.php&path=/var/www/vhosts/allende-losmares.com/httpdocs HTTP/1.0" 200 7513 "-" "Mozilla/5.0 AppleWebKit/537.36 (KHTML, like Gecko; compatible; GPTBot/1.2; +https://openai.com/gptbot)"
74.7.227.118 - - [06/Nov/2025:06:58:19 +0000] "GET /nuevo-reto?fileloc=/var/www/vhosts/allende-losmares.com/httpdocs/wp-content/plugins/yith-dynamic-pricing-per-payment-method-for-woocommerce-premium/plugin-fw/templates/fields/multi-colorpicker.php&path=/var/www/vhosts/allende-losmares.com/httpdocs/wp-content/plugins/yith-dynamic-pricing-per-payment-method-for-woocommerce-premium/plugin-fw/templates/fields HTTP/1.0" 200 7490 "-" "Mozilla/5.0 AppleWebKit/537.36 (KHTML, like Gecko; compatible; GPTBot/1.2; +https://openai.com/gptbot)"
37.27.51.131 - - [06/Nov/2025:06:58:20 +0000] "GET /taller-meteo-velero/?fileloc=/var/www/vhosts/allende-losmares.com/httpdocs/wp-admin/js/common.js&path=/var/www/vhosts/allende-losmares.com/httpdocs/wp-admin/js HTTP/1.0" 200 20735 "-" "Mozilla/5.0 (compatible; BLEXBot/1.0; +https://help.seranking.com/en/blex-crawler)"
52.45.92.83 - - [06/Nov/2025:06:58:21 +0000] "GET /detail/13758945?path=/var/www/vhosts/allende-losmares.com/httpdocs/wp-content/plugins/pixelyoursite/modules/facebook/views HTTP/1.0" 200 6966 "-" "Mozilla/5.0 AppleWebKit/537.36 (KHTML, like Gecko; compatible; Amazonbot/0.1; +https://developer.amazon.com/support/amazonbot) Chrome/119.0.6045.214 Safari/537.36"
74.7.227.118 - - [06/Nov/2025:06:58:21 +0000] "GET /nuevo-reto?fileloc=/var/www/vhosts/allende-losmares.com/httpdocs/wp-content/plugins/yith-dynamic-pricing-per-payment-method-for-woocommerce-premium/plugin-fw/templates/fields/sidebars.php&path=/var/www/vhosts/allende-losmares.com/httpdocs/wp-content/plugins/yith-dynamic-pricing-per-payment-method-for-woocommerce-premium/plugin-fw/templates/fields HTTP/1.0" 200 7603 "-" "Mozilla/5.0 AppleWebKit/537.36 (KHTML, like Gecko; compatible; GPTBot/1.2; +https://openai.com/gptbot)"
74.7.227.157 - - [06/Nov/2025:06:58:22 +0000] "GET /detail/473390069?fileloc=/var/www/vhosts/allende-losmares.com/httpdocs/plugins.php&path=/var/www/vhosts/allende-losmares.com/httpdocs HTTP/1.0" 200 7513 "-" "Mozilla/5.0 AppleWebKit/537.36 (KHTML, like Gecko; compatible; GPTBot/1.2; +https://openai.com/gptbot)"
3.218.35.239 - - [06/Nov/2025:06:58:23 +0000] "GET /detail/13758945?path=/var/www/vhosts/allende-losmares.com/httpdocs/wp-content/plugins/woocommerce/src/Utilities HTTP/1.0" 200 7177 "-" "Mozilla/5.0 AppleWebKit/537.36 (KHTML, like Gecko; compatible; Amazonbot/0.1; +https://developer.amazon.com/support/amazonbot) Chrome/119.0.6045.214 Safari/537.36"
74.7.227.118 - - [06/Nov/2025:06:58:23 +0000] "GET /nuevo-reto?fileloc=/var/www/vhosts/allende-losmares.com/httpdocs/wp-content/plugins/yith-dynamic-pricing-per-payment-method-for-woocommerce-premium/plugin-fw/templates/fields/checkbox-array.php&path=/var/www/vhosts/allende-losmares.com/httpdocs/wp-content/plugins/yith-dynamic-pricing-per-payment-method-for-woocommerce-premium/plugin-fw/templates/fields HTTP/1.0" 200 7259 "-" "Mozilla/5.0 AppleWebKit/537.36 (KHTML, like Gecko; compatible; GPTBot/1.2; +https://openai.com/gptbot)"
37.27.51.131 - - [06/Nov/2025:06:58:24 +0000] "GET /taller-meteo-velero/?fileloc=/var/www/vhosts/allende-losmares.com/httpdocs/wp-admin/js/editor.js&path=/var/www/vhosts/allende-losmares.com/httpdocs/wp-admin/js HTTP/1.0" 200 19364 "-" "Mozilla/5.0 (compatible; BLEXBot/1.0; +https://help.seranking.com/en/blex-crawler)"
74.7.227.118 - - [06/Nov/2025:06:58:25 +0000] "GET /nuevo-reto?fileloc=/var/www/vhosts/allende-losmares.com/httpdocs/wp-content/plugins/woocommerce-pdf-ips-pro/languages/wpo_wcpdf_pro-nl_NL_formal.mo&path=/var/www/vhosts/allende-losmares.com/httpdocs/wp-content/plugins/woocommerce-pdf-ips-pro/languages HTTP/1.0" 200 6630 "-" "Mozilla/5.0 AppleWebKit/537.36 (KHTML, like Gecko; compatible; GPTBot/1.2; +https://openai.com/gptbot)"
216.73.216.10 - - [06/Nov/2025:06:58:26 +0000] "GET /2014/11/141114-6-de-noviembre-11-horas/url%20=%3Cwidth%3Ex%3Cheight%3E%20%22optional%20title%22?path=%2Fvar%2Fwww%2Fvhosts%2Fallende-losmares.com%2Fhttpdocs%2Fwp-content%2Fplugins%2Fmaintenance%2Fjs%2Fselect2%2Fdist%2Fjs HTTP/1.0" 200 7144 "-" "Mozilla/5.0 AppleWebKit/537.36 (KHTML, like Gecko; compatible; ClaudeBot/1.0; +claudebot@anthropic.com)"
216.73.216.10 - - [06/Nov/2025:06:58:26 +0000] "GET /detail/10056011?path=%2Fvar%2Fwww%2Fvhosts%2Fallende-losmares.com%2Fhttpdocs%2Fwp-content%2Fplugins%2Fmailster%2Fviews%2Fnewsletter HTTP/1.0" 200 7339 "-" "Mozilla/5.0 AppleWebKit/537.36 (KHTML, like Gecko; compatible; ClaudeBot/1.0; +claudebot@anthropic.com)"
216.73.216.10 - - [06/Nov/2025:06:58:26 +0000] "GET /detail/url%20=%3Cwidth%3Ex%3Cheight%3E%20%22optional%20title%22?fileloc=%2Fvar%2Fwww%2Fvhosts%2Fallende-losmares.com%2Fhttpdocs%2Fwp-includes%2Fblocks%2Ffile%2Fview.min.js&path=%2Fvar%2Fwww%2Fvhosts%2Fallende-losmares.com%2Fhttpdocs%2Fwp-includes%2Fblocks%2Ffile HTTP/1.0" 200 6899 "-" "Mozilla/5.0 AppleWebKit/537.36 (KHTML, like Gecko; compatible; ClaudeBot/1.0; +claudebot@anthropic.com)"
216.73.216.10 - - [06/Nov/2025:06:58:26 +0000] "GET /detail/10056011?path=%2Fvar%2Fwww%2Fvhosts%2Fallende-losmares.com%2Fhttpdocs%2Fwp-content%2Fplugins%2Fmaintenance%2Fwf-flyout%2Ficons HTTP/1.0" 200 7128 "-" "Mozilla/5.0 AppleWebKit/537.36 (KHTML, like Gecko; compatible; ClaudeBot/1.0; +claudebot@anthropic.com)"
216.73.216.10 - - [06/Nov/2025:06:58:26 +0000] "GET /detail/10056011?path=%2Fvar%2Fwww%2Fvhosts%2Fallende-losmares.com%2Fhttpdocs%2Fwp-content%2Fplugins%2Fmailster%2Fviews%2Fmanage HTTP/1.0" 200 7268 "-" "Mozilla/5.0 AppleWebKit/537.36 (KHTML, like Gecko; compatible; ClaudeBot/1.0; +claudebot@anthropic.com)"
216.73.216.10 - - [06/Nov/2025:06:58:26 +0000] "GET /detail/10056011?path=%2Fvar%2Fwww%2Fvhosts%2Fallende-losmares.com%2Fhttpdocs%2Fwp-content%2Fplugins%2Fmailster%2Fviews%2Flogs HTTP/1.0" 200 6991 "-" "Mozilla/5.0 AppleWebKit/537.36 (KHTML, like Gecko; compatible; ClaudeBot/1.0; +claudebot@anthropic.com)"
216.73.216.10 - - [06/Nov/2025:06:58:26 +0000] "GET /detail/url%20=%3Cwidth%3Ex%3Cheight%3E%20%22optional%20title%22?fileloc=%2Fvar%2Fwww%2Fvhosts%2Fallende-losmares.com%2Fhttpdocs%2Fwp-includes%2Fcss%2Fdist%2Fblock-directory%2Fstyle.min.css&path=%2Fvar%2Fwww%2Fvhosts%2Fallende-losmares.com%2Fhttpdocs%2Fwp-includes%2Fcss%2Fdist%2Fblock-directory HTTP/1.0" 200 7511 "-" "Mozilla/5.0 AppleWebKit/537.36 (KHTML, like Gecko; compatible; ClaudeBot/1.0; +claudebot@anthropic.com)"
216.73.216.10 - - [06/Nov/2025:06:58:26 +0000] "GET /detail/10056011?path=%2Fvar%2Fwww%2Fvhosts%2Fallende-losmares.com%2Fhttpdocs%2Fwp-includes%2Fjs%2Ftinymce%2Fskins%2Flightgray HTTP/1.0" 200 7132 "-" "Mozilla/5.0 AppleWebKit/537.36 (KHTML, like Gecko; compatible; ClaudeBot/1.0; +claudebot@anthropic.com)"
216.73.216.10 - - [06/Nov/2025:06:58:26 +0000] "GET /2014/11/141114-6-de-noviembre-11-horas/%22,t+=%22%3C%22+e.getAttribute(%22src%22?path=%2Fvar%2Fwww%2Fvhosts%2Fallende-losmares.com%2Fhttpdocs%2Fwp-content%2Fplugins%2Fmaintenance%2Fjs%2Fselect2%2Fdist%2Fjs HTTP/1.0" 200 7144 "-" "Mozilla/5.0 AppleWebKit/537.36 (KHTML, like Gecko; compatible; ClaudeBot/1.0; +claudebot@anthropic.com)"
216.73.216.10 - - [06/Nov/2025:06:58:26 +0000] "GET /detail/url%20=%3Cwidth%3Ex%3Cheight%3E%20%22optional%20title%22?fileloc=%2Fvar%2Fwww%2Fvhosts%2Fallende-losmares.com%2Fhttpdocs%2Fwp-includes%2Fblocks%2Ffile%2Fview.js&path=%2Fvar%2Fwww%2Fvhosts%2Fallende-losmares.com%2Fhttpdocs%2Fwp-includes%2Fblocks%2Ffile HTTP/1.0" 200 7570 "-" "Mozilla/5.0 AppleWebKit/537.36 (KHTML, like Gecko; compatible; ClaudeBot/1.0; +claudebot@anthropic.com)"
74.7.227.157 - - [06/Nov/2025:06:58:26 +0000] "GET /detail/473426688?path=/var/www HTTP/1.0" 200 6557 "-" "Mozilla/5.0 AppleWebKit/537.36 (KHTML, like Gecko; compatible; GPTBot/1.2; +https://openai.com/gptbot)"
216.73.216.10 - - [06/Nov/2025:06:58:26 +0000] "GET /detail/10056011?fileloc=%2Fvar%2Fwww%2Fvhosts%2Fallende-losmares.com%2Fhttpdocs%2Fwp-includes%2Fjs%2Fdist%2Fdist%2Ffla_68fd65dea2e81.zip&path=%2Fvar%2Fwww%2Fvhosts%2Fallende-losmares.com%2Fhttpdocs%2Fwp-includes%2Fjs%2Fdist%2Fdist HTTP/1.0" 200 6600 "-" "Mozilla/5.0 AppleWebKit/537.36 (KHTML, like Gecko; compatible; ClaudeBot/1.0; +claudebot@anthropic.com)"
216.73.216.10 - - [06/Nov/2025:06:58:27 +0000] "GET /detail/url%20=%3Cwidth%3Ex%3Cheight%3E%20%22optional%20title%22?fileloc=%2Fvar%2Fwww%2Fvhosts%2Fallende-losmares.com%2Fhttpdocs%2Fwp-includes%2Fcss%2Fdist%2Fwidgets%2Fstyle.min.css&path=%2Fvar%2Fwww%2Fvhosts%2Fallende-losmares.com%2Fhttpdocs%2Fwp-includes%2Fcss%2Fdist%2Fwidgets HTTP/1.0" 200 7668 "-" "Mozilla/5.0 AppleWebKit/537.36 (KHTML, like Gecko; compatible; ClaudeBot/1.0; +claudebot@anthropic.com)"
216.73.216.10 - - [06/Nov/2025:06:58:27 +0000] "GET /cruzarelatlanticoenvelero?path=%2Fvar%2Fwww%2Fvhosts%2Fallende-losmares.com%2Fhttpdocs%2Fwp-content%2Fplugins%2Fwoocommerce%2Fpackages HTTP/1.0" 200 6995 "-" "Mozilla/5.0 AppleWebKit/537.36 (KHTML, like Gecko; compatible; ClaudeBot/1.0; +claudebot@anthropic.com)"
216.73.216.10 - - [06/Nov/2025:06:58:27 +0000] "GET /detail/url%20=%3Cwidth%3Ex%3Cheight%3E%20%22optional%20title%22?fileloc=%2Fvar%2Fwww%2Fvhosts%2Fallende-losmares.com%2Fhttpdocs%2Fwp-includes%2Fcss%2Fdist%2Fblock-library%2Fstyle.min.css&path=%2Fvar%2Fwww%2Fvhosts%2Fallende-losmares.com%2Fhttpdocs%2Fwp-includes%2Fcss%2Fdist%2Fblock-library HTTP/1.0" 200 19107 "-" "Mozilla/5.0 AppleWebKit/537.36 (KHTML, like Gecko; compatible; ClaudeBot/1.0; +claudebot@anthropic.com)"
74.7.227.118 - - [06/Nov/2025:06:58:27 +0000] "GET /nuevo-reto?fileloc=/var/www/vhosts/allende-losmares.com/httpdocs/wp-content/plugins/yith-dynamic-pricing-per-payment-method-for-woocommerce-premium/plugin-fw/templates/metaboxes/tab.php&path=/var/www/vhosts/allende-losmares.com/httpdocs/wp-content/plugins/yith-dynamic-pricing-per-payment-method-for-woocommerce-premium/plugin-fw/templates/metaboxes HTTP/1.0" 200 8374 "-" "Mozilla/5.0 AppleWebKit/537.36 (KHTML, like Gecko; compatible; GPTBot/1.2; +https://openai.com/gptbot)"
216.73.216.10 - - [06/Nov/2025:06:58:27 +0000] "GET /cruzarelatlanticoenvelero?path=%2Fvar%2Fwww%2Fvhosts%2Fallende-losmares.com%2Fhttpdocs%2Fwp-content%2Fplugins%2Fcopy-delete-posts%2Fassets HTTP/1.0" 200 7017 "-" "Mozilla/5.0 AppleWebKit/537.36 (KHTML, like Gecko; compatible; ClaudeBot/1.0; +claudebot@anthropic.com)"
216.73.216.10 - - [06/Nov/2025:06:58:27 +0000] "GET /detail/url%20=%3Cwidth%3Ex%3Cheight%3E%20%22optional%20title%22?fileloc=%2Fvar%2Fwww%2Fvhosts%2Fallende-losmares.com%2Fhttpdocs%2Fwp-includes%2Fcss%2Fdist%2Fblock-directory%2Fstyle.css&path=%2Fvar%2Fwww%2Fvhosts%2Fallende-losmares.com%2Fhttpdocs%2Fwp-includes%2Fcss%2Fdist%2Fblock-directory HTTP/1.0" 200 8245 "-" "Mozilla/5.0 AppleWebKit/537.36 (KHTML, like Gecko; compatible; ClaudeBot/1.0; +claudebot@anthropic.com)"
216.73.216.10 - - [06/Nov/2025:06:58:27 +0000] "GET /cruzarelatlanticoenvelero?path=%2Fvar%2Fwww%2Fvhosts%2Fallende-losmares.com%2Fhttpdocs%2Fwp-content%2Fplugins%2Fwoocommerce%2Ftemplates HTTP/1.0" 200 7804 "-" "Mozilla/5.0 AppleWebKit/537.36 (KHTML, like Gecko; compatible; ClaudeBot/1.0; +claudebot@anthropic.com)"
216.73.216.10 - - [06/Nov/2025:06:58:27 +0000] "GET /detail/url%20=%3Cwidth%3Ex%3Cheight%3E%20%22optional%20title%22?path=%2Fvar%2Fwww%2Fvhosts%2Fallende-losmares.com%2Fhttpdocs%2Fwp-content%2Fthemes%2FDivi%2Fepanel%2Fshortcodes%2Fjs HTTP/1.0" 200 7050 "-" "Mozilla/5.0 AppleWebKit/537.36 (KHTML, like Gecko; compatible; ClaudeBot/1.0; +claudebot@anthropic.com)"
216.73.216.10 - - [06/Nov/2025:06:58:27 +0000] "GET /detail/10056011?path=%2Fvar%2Fwww%2Fvhosts%2Fallende-losmares.com%2Fhttpdocs%2Fwp-content%2Fplugins%2Fmailster%2Fviews%2Faddons HTTP/1.0" 200 6936 "-" "Mozilla/5.0 AppleWebKit/537.36 (KHTML, like Gecko; compatible; ClaudeBot/1.0; +claudebot@anthropic.com)"
216.73.216.10 - - [06/Nov/2025:06:58:27 +0000] "GET /detail/10056011?path=%2Fvar%2Fwww%2Fvhosts%2Fallende-losmares.com%2Fhttpdocs%2Fwp-content%2Fplugins%2Fmailster%2Fviews%2Ftemplates HTTP/1.0" 200 6936 "-" "Mozilla/5.0 AppleWebKit/537.36 (KHTML, like Gecko; compatible; ClaudeBot/1.0; +claudebot@anthropic.com)"
47.128.115.171 - - [06/Nov/2025:06:58:27 +0000] "GET /tag/latinoamerica/?fileloc=%2Fvar%2Fwww%2Fvhosts%2Fallende-losmares.com%2Flogs%2Faccess_ssl_log.processed.4.gz&path=%2Fvar%2Fwww%2Fvhosts%2Fallende-losmares.com%2Flogs HTTP/1.0" 200 6561 "-" "Mozilla/5.0 (Linux; Android 5.0) AppleWebKit/537.36 (KHTML, like Gecko) Mobile Safari/537.36 (compatible; Bytespider; spider-feedback@bytedance.com)"
216.73.216.10 - - [06/Nov/2025:06:58:27 +0000] "GET /detail/url%20=%3Cwidth%3Ex%3Cheight%3E%20%22optional%20title%22?fileloc=%2Fvar%2Fwww%2Fvhosts%2Fallende-losmares.com%2Fhttpdocs%2Fwp-includes%2Fcss%2Fdist%2Fcomponents%2Fstyle.min.css&path=%2Fvar%2Fwww%2Fvhosts%2Fallende-losmares.com%2Fhttpdocs%2Fwp-includes%2Fcss%2Fdist%2Fcomponents HTTP/1.0" 200 18318 "-" "Mozilla/5.0 AppleWebKit/537.36 (KHTML, like Gecko; compatible; ClaudeBot/1.0; +claudebot@anthropic.com)"
216.73.216.10 - - [06/Nov/2025:06:58:27 +0000] "GET /detail/10056011?path=%2Fvar%2Fwww%2Fvhosts%2Fallende-losmares.com%2Fhttpdocs%2Fwp-content%2Fplugins%2Fastra-addon%2Fassets%2Fimg HTTP/1.0" 200 7623 "-" "Mozilla/5.0 AppleWebKit/537.36 (KHTML, like Gecko; compatible; ClaudeBot/1.0; +claudebot@anthropic.com)"
37.27.51.131 - - [06/Nov/2025:06:58:28 +0000] "GET /2015/07/dia-dia/html?fileloc=/var/www/vhosts/allende-losmares.com/httpdocs/wp-admin/css/edit.css&path=/var/www/vhosts/allende-losmares.com/httpdocs/wp-admin/css HTTP/1.0" 200 14968 "-" "Mozilla/5.0 (compatible; BLEXBot/1.0; +https://help.seranking.com/en/blex-crawler)"
216.73.216.10 - - [06/Nov/2025:06:58:28 +0000] "GET /detail/url%20=%3Cwidth%3Ex%3Cheight%3E%20%22optional%20title%22?fileloc=%2Fvar%2Fwww%2Fvhosts%2Fallende-losmares.com%2Fhttpdocs%2Fwp-includes%2Fcss%2Fdist%2Fedit-widgets%2Fstyle.min.css&path=%2Fvar%2Fwww%2Fvhosts%2Fallende-losmares.com%2Fhttpdocs%2Fwp-includes%2Fcss%2Fdist%2Fedit-widgets HTTP/1.0" 200 10858 "-" "Mozilla/5.0 AppleWebKit/537.36 (KHTML, like Gecko; compatible; ClaudeBot/1.0; +claudebot@anthropic.com)"
216.73.216.10 - - [06/Nov/2025:06:58:28 +0000] "GET /detail/10056011?path=%2Fvar%2Fwww%2Fvhosts%2Fallende-losmares.com%2Fhttpdocs%2Fwp-content%2Fplugins%2Fall-in-one-seo-pack%2Fdist%2FLite HTTP/1.0" 200 7024 "-" "Mozilla/5.0 AppleWebKit/537.36 (KHTML, like Gecko; compatible; ClaudeBot/1.0; +claudebot@anthropic.com)"
216.73.216.10 - - [06/Nov/2025:06:58:28 +0000] "GET /detail/url%20=%3Cwidth%3Ex%3Cheight%3E%20%22optional%20title%22?fileloc=%2Fvar%2Fwww%2Fvhosts%2Fallende-losmares.com%2Fhttpdocs%2Fwp-includes%2Fcss%2Fdist%2Fformat-library%2Fstyle.min.css&path=%2Fvar%2Fwww%2Fvhosts%2Fallende-losmares.com%2Fhttpdocs%2Fwp-includes%2Fcss%2Fdist%2Fformat-library HTTP/1.0" 200 7092 "-" "Mozilla/5.0 AppleWebKit/537.36 (KHTML, like Gecko; compatible; ClaudeBot/1.0; +claudebot@anthropic.com)"
54.86.59.155 - - [06/Nov/2025:06:58:28 +0000] "GET /?fileloc=/var/www/vhosts/allende-losmares.com/httpdocs/wp-content/plugins/divi-builder/includes/builder/module/SocialMediaFollow.php&path=/var/www/vhosts/allende-losmares.com/httpdocs/wp-content/plugins/divi-builder/includes/builder/module HTTP/1.0" 200 9318 "-" "Mozilla/5.0 AppleWebKit/537.36 (KHTML, like Gecko; compatible; Amazonbot/0.1; +https://developer.amazon.com/support/amazonbot) Chrome/119.0.6045.214 Safari/537.36"
216.73.216.10 - - [06/Nov/2025:06:58:28 +0000] "GET /cruzarelatlanticoenvelero?path=%2Fvar%2Fwww%2Fvhosts%2Fallende-losmares.com%2Fhttpdocs%2Fwp-content%2Fplugins%2Fcopy-delete-posts%2Fbanner HTTP/1.0" 200 7044 "-" "Mozilla/5.0 AppleWebKit/537.36 (KHTML, like Gecko; compatible; ClaudeBot/1.0; +claudebot@anthropic.com)"
216.73.216.10 - - [06/Nov/2025:06:58:28 +0000] "GET /detail/url%20=%3Cwidth%3Ex%3Cheight%3E%20%22optional%20title%22?fileloc=%2Fvar%2Fwww%2Fvhosts%2Fallende-losmares.com%2Fhttpdocs%2Fwp-includes%2Fcss%2Fdist%2Fwidgets%2Fstyle-rtl.min.css&path=%2Fvar%2Fwww%2Fvhosts%2Fallende-losmares.com%2Fhttpdocs%2Fwp-includes%2Fcss%2Fdist%2Fwidgets HTTP/1.0" 200 7674 "-" "Mozilla/5.0 AppleWebKit/537.36 (KHTML, like Gecko; compatible; ClaudeBot/1.0; +claudebot@anthropic.com)"
216.73.216.10 - - [06/Nov/2025:06:58:28 +0000] "GET /detail/url%20=%3Cwidth%3Ex%3Cheight%3E%20%22optional%20title%22?fileloc=%2Fvar%2Fwww%2Fvhosts%2Fallende-losmares.com%2Fhttpdocs%2Fwp-includes%2Fcss%2Fdist%2Fblock-library%2Ftheme.min.css&path=%2Fvar%2Fwww%2Fvhosts%2Fallende-losmares.com%2Fhttpdocs%2Fwp-includes%2Fcss%2Fdist%2Fblock-library HTTP/1.0" 200 7230 "-" "Mozilla/5.0 AppleWebKit/537.36 (KHTML, like Gecko; compatible; ClaudeBot/1.0; +claudebot@anthropic.com)"
216.73.216.10 - - [06/Nov/2025:06:58:28 +0000] "GET /detail/url%20=%3Cwidth%3Ex%3Cheight%3E%20%22optional%20title%22?fileloc=%2Fvar%2Fwww%2Fvhosts%2Fallende-losmares.com%2Fhttpdocs%2Fwp-includes%2Fcss%2Fdist%2Fblock-library%2Fstyle-rtl.min.css&path=%2Fvar%2Fwww%2Fvhosts%2Fallende-losmares.com%2Fhttpdocs%2Fwp-includes%2Fcss%2Fdist%2Fblock-library HTTP/1.0" 200 19079 "-" "Mozilla/5.0 AppleWebKit/537.36 (KHTML, like Gecko; compatible; ClaudeBot/1.0; +claudebot@anthropic.com)"
216.73.216.10 - - [06/Nov/2025:06:58:28 +0000] "GET /detail/url%20=%3Cwidth%3Ex%3Cheight%3E%20%22optional%20title%22?fileloc=%2Fvar%2Fwww%2Fvhosts%2Fallende-losmares.com%2Fhttpdocs%2Fwp-includes%2Fcss%2Fdist%2Fwidgets%2Fstyle.css&path=%2Fvar%2Fwww%2Fvhosts%2Fallende-losmares.com%2Fhttpdocs%2Fwp-includes%2Fcss%2Fdist%2Fwidgets HTTP/1.0" 200 8426 "-" "Mozilla/5.0 AppleWebKit/537.36 (KHTML, like Gecko; compatible; ClaudeBot/1.0; +claudebot@anthropic.com)"
216.73.216.10 - - [06/Nov/2025:06:58:28 +0000] "GET /detail/url%20=%3Cwidth%3Ex%3Cheight%3E%20%22optional%20title%22?fileloc=%2Fvar%2Fwww%2Fvhosts%2Fallende-losmares.com%2Fhttpdocs%2Fwp-includes%2Fcss%2Fdist%2Fblock-library%2Fstyle.css&path=%2Fvar%2Fwww%2Fvhosts%2Fallende-losmares.com%2Fhttpdocs%2Fwp-includes%2Fcss%2Fdist%2Fblock-library HTTP/1.0" 200 21633 "-" "Mozilla/5.0 AppleWebKit/537.36 (KHTML, like Gecko; compatible; ClaudeBot/1.0; +claudebot@anthropic.com)"
216.73.216.10 - - [06/Nov/2025:06:58:28 +0000] "GET /detail/10056011?path=%2Fvar%2Fwww%2Fvhosts%2Fallende-losmares.com%2Fhttpdocs%2Fwp-content%2Fplugins%2Fastra-addon%2Fassets%2Fsvg HTTP/1.0" 200 7149 "-" "Mozilla/5.0 AppleWebKit/537.36 (KHTML, like Gecko; compatible; ClaudeBot/1.0; +claudebot@anthropic.com)"
216.73.216.10 - - [06/Nov/2025:06:58:29 +0000] "GET /cruzarelatlanticoenvelero?path=%2Fvar%2Fwww%2Fvhosts%2Fallende-losmares.com%2Fhttpdocs%2Fwp-content%2Fplugins%2Floco-translate%2Fpub HTTP/1.0" 200 7011 "-" "Mozilla/5.0 AppleWebKit/537.36 (KHTML, like Gecko; compatible; ClaudeBot/1.0; +claudebot@anthropic.com)"
216.73.216.10 - - [06/Nov/2025:06:58:29 +0000] "GET /detail/url%20=%3Cwidth%3Ex%3Cheight%3E%20%22optional%20title%22?fileloc=%2Fvar%2Fwww%2Fvhosts%2Fallende-losmares.com%2Fhttpdocs%2Fwp-includes%2Fcss%2Fdist%2Fblock-directory%2Fstyle-rtl.css&path=%2Fvar%2Fwww%2Fvhosts%2Fallende-losmares.com%2Fhttpdocs%2Fwp-includes%2Fcss%2Fdist%2Fblock-directory HTTP/1.0" 200 8247 "-" "Mozilla/5.0 AppleWebKit/537.36 (KHTML, like Gecko; compatible; ClaudeBot/1.0; +claudebot@anthropic.com)"
216.73.216.10 - - [06/Nov/2025:06:58:29 +0000] "GET /detail/url%20=%3Cwidth%3Ex%3Cheight%3E%20%22optional%20title%22?fileloc=%2Fvar%2Fwww%2Fvhosts%2Fallende-losmares.com%2Fhttpdocs%2Fwp-includes%2Fcss%2Fdist%2Fblock-library%2Freset.min.css&path=%2Fvar%2Fwww%2Fvhosts%2Fallende-losmares.com%2Fhttpdocs%2Fwp-includes%2Fcss%2Fdist%2Fblock-library HTTP/1.0" 200 6991 "-" "Mozilla/5.0 AppleWebKit/537.36 (KHTML, like Gecko; compatible; ClaudeBot/1.0; +claudebot@anthropic.com)"
216.73.216.10 - - [06/Nov/2025:06:58:29 +0000] "GET /detail/url%20=%3Cwidth%3Ex%3Cheight%3E%20%22optional%20title%22?fileloc=%2Fvar%2Fwww%2Fvhosts%2Fallende-losmares.com%2Fhttpdocs%2Fwp-includes%2Fcss%2Fdist%2Fblock-library%2Fclassic.min.css&path=%2Fvar%2Fwww%2Fvhosts%2Fallende-losmares.com%2Fhttpdocs%2Fwp-includes%2Fcss%2Fdist%2Fblock-library HTTP/1.0" 200 6698 "-" "Mozilla/5.0 AppleWebKit/537.36 (KHTML, like Gecko; compatible; ClaudeBot/1.0; +claudebot@anthropic.com)"
216.73.216.10 - - [06/Nov/2025:06:58:29 +0000] "GET /detail/10056011?path=%2Fvar%2Fwww%2Fvhosts%2Fallende-losmares.com%2Fhttpdocs%2Fwp-content%2Fplugins%2Fmailster%2Fviews%2Fsettings HTTP/1.0" 200 7651 "-" "Mozilla/5.0 AppleWebKit/537.36 (KHTML, like Gecko; compatible; ClaudeBot/1.0; +claudebot@anthropic.com)"
74.7.227.118 - - [06/Nov/2025:06:58:29 +0000] "GET /nuevo-reto?fileloc=/var/www/vhosts/allende-losmares.com/httpdocs/wp-content/plugins/woocommerce-pdf-ips-pro/languages/wpo_wcpdf_pro-de_DE_formal.mo&path=/var/www/vhosts/allende-losmares.com/httpdocs/wp-content/plugins/woocommerce-pdf-ips-pro/languages HTTP/1.0" 200 6629 "-" "Mozilla/5.0 AppleWebKit/537.36 (KHTML, like Gecko; compatible; GPTBot/1.2; +https://openai.com/gptbot)"
216.73.216.10 - - [06/Nov/2025:06:58:29 +0000] "GET /detail/url%20=%3Cwidth%3Ex%3Cheight%3E%20%22optional%20title%22?fileloc=%2Fvar%2Fwww%2Fvhosts%2Fallende-losmares.com%2Fhttpdocs%2Fwp-includes%2Fcss%2Fdist%2Fblock-library%2Fclassic-rtl.css&path=%2Fvar%2Fwww%2Fvhosts%2Fallende-losmares.com%2Fhttpdocs%2Fwp-includes%2Fcss%2Fdist%2Fblock-library HTTP/1.0" 200 7413 "-" "Mozilla/5.0 AppleWebKit/537.36 (KHTML, like Gecko; compatible; ClaudeBot/1.0; +claudebot@anthropic.com)"
216.73.216.10 - - [06/Nov/2025:06:58:29 +0000] "GET /detail/url%20=%3Cwidth%3Ex%3Cheight%3E%20%22optional%20title%22?fileloc=%2Fvar%2Fwww%2Fvhosts%2Fallende-losmares.com%2Fhttpdocs%2Fwp-includes%2Fcss%2Fdist%2Freusable-blocks%2Fstyle.min.css&path=%2Fvar%2Fwww%2Fvhosts%2Fallende-losmares.com%2Fhttpdocs%2Fwp-includes%2Fcss%2Fdist%2Freusable-blocks HTTP/1.0" 200 6800 "-" "Mozilla/5.0 AppleWebKit/537.36 (KHTML, like Gecko; compatible; ClaudeBot/1.0; +claudebot@anthropic.com)"
216.73.216.10 - - [06/Nov/2025:06:58:29 +0000] "GET /detail/10056011?path=%2Fvar%2Fwww%2Fvhosts%2Fallende-losmares.com%2Fhttpdocs%2Fwp-content%2Fplugins%2Fmailster%2Fviews%2Fconditions HTTP/1.0" 200 6990 "-" "Mozilla/5.0 AppleWebKit/537.36 (KHTML, like Gecko; compatible; ClaudeBot/1.0; +claudebot@anthropic.com)"
216.73.216.10 - - [06/Nov/2025:06:58:29 +0000] "GET /detail/url%20=%3Cwidth%3Ex%3Cheight%3E%20%22optional%20title%22?fileloc=%2Fvar%2Fwww%2Fvhosts%2Fallende-losmares.com%2Fhttpdocs%2Fwp-includes%2Fcss%2Fdist%2Fblock-editor%2Fstyle.min.css&path=%2Fvar%2Fwww%2Fvhosts%2Fallende-losmares.com%2Fhttpdocs%2Fwp-includes%2Fcss%2Fdist%2Fblock-editor HTTP/1.0" 200 22510 "-" "Mozilla/5.0 AppleWebKit/537.36 (KHTML, like Gecko; compatible; ClaudeBot/1.0; +claudebot@anthropic.com)"
216.73.216.10 - - [06/Nov/2025:06:58:30 +0000] "GET /detail/url%20=%3Cwidth%3Ex%3Cheight%3E%20%22optional%20title%22?fileloc=%2Fvar%2Fwww%2Fvhosts%2Fallende-losmares.com%2Fhttpdocs%2Fwp-includes%2Fcss%2Fdist%2Fcomponents%2Fstyle-rtl.min.css&path=%2Fvar%2Fwww%2Fvhosts%2Fallende-losmares.com%2Fhttpdocs%2Fwp-includes%2Fcss%2Fdist%2Fcomponents HTTP/1.0" 200 18267 "-" "Mozilla/5.0 AppleWebKit/537.36 (KHTML, like Gecko; compatible; ClaudeBot/1.0; +claudebot@anthropic.com)"
216.73.216.10 - - [06/Nov/2025:06:58:30 +0000] "GET /detail/url%20=%3Cwidth%3Ex%3Cheight%3E%20%22optional%20title%22?fileloc=%2Fvar%2Fwww%2Fvhosts%2Fallende-losmares.com%2Fhttpdocs%2Fwp-includes%2Fcss%2Fdist%2Fcomponents%2Fstyle.css&path=%2Fvar%2Fwww%2Fvhosts%2Fallende-losmares.com%2Fhttpdocs%2Fwp-includes%2Fcss%2Fdist%2Fcomponents HTTP/1.0" 200 20212 "-" "Mozilla/5.0 AppleWebKit/537.36 (KHTML, like Gecko; compatible; ClaudeBot/1.0; +claudebot@anthropic.com)"
216.73.216.10 - - [06/Nov/2025:06:58:30 +0000] "GET /cruzarelatlanticoenvelero?path=%2Fvar%2Fwww%2Fvhosts%2Fallende-losmares.com%2Fhttpdocs%2Fwp-content%2Fplugins%2Floco-translate%2Flib HTTP/1.0" 200 6947 "-" "Mozilla/5.0 AppleWebKit/537.36 (KHTML, like Gecko; compatible; ClaudeBot/1.0; +claudebot@anthropic.com)"
74.7.227.157 - - [06/Nov/2025:06:58:30 +0000] "GET /detail/473479629?fileloc=/var/www/vhosts/allende-losmares.com/httpdocs/plugins.php&path=/var/www/vhosts/allende-losmares.com/httpdocs HTTP/1.0" 200 7513 "-" "Mozilla/5.0 AppleWebKit/537.36 (KHTML, like Gecko; compatible; GPTBot/1.2; +https://openai.com/gptbot)"
3.90.73.206 - - [06/Nov/2025:06:58:31 +0000] "GET /los-mares/?fileloc=/var/www/vhosts/allende-losmares.com/httpdocs/wp-admin/site-health-info.php&path=/var/www/vhosts/allende-losmares.com/httpdocs/wp-admin HTTP/1.0" 200 8122 "-" "Mozilla/5.0 AppleWebKit/537.36 (KHTML, like Gecko; compatible; Amazonbot/0.1; +https://developer.amazon.com/support/amazonbot) Chrome/119.0.6045.214 Safari/537.36"
74.7.227.118 - - [06/Nov/2025:06:58:31 +0000] "GET /nuevo-reto?fileloc=/var/www/vhosts/allende-losmares.com/httpdocs/wp-content/plugins/woocommerce-pdf-ips-pro/languages/wpo_wcpdf_pro-de_DE_formal.po&path=/var/www/vhosts/allende-losmares.com/httpdocs/wp-content/plugins/woocommerce-pdf-ips-pro/languages HTTP/1.0" 200 14444 "-" "Mozilla/5.0 AppleWebKit/537.36 (KHTML, like Gecko; compatible; GPTBot/1.2; +https://openai.com/gptbot)"
74.7.227.157 - - [06/Nov/2025:06:58:32 +0000] "GET /detail/473389272?path=/var/www HTTP/1.0" 200 6557 "-" "Mozilla/5.0 AppleWebKit/537.36 (KHTML, like Gecko; compatible; GPTBot/1.2; +https://openai.com/gptbot)"
37.27.51.131 - - [06/Nov/2025:06:58:32 +0000] "GET /2015/07/dia-dia/html?fileloc=/var/www/vhosts/allende-losmares.com/httpdocs/wp-admin/css/l10n.css&path=/var/www/vhosts/allende-losmares.com/httpdocs/wp-admin/css HTTP/1.0" 200 7581 "-" "Mozilla/5.0 (compatible; BLEXBot/1.0; +https://help.seranking.com/en/blex-crawler)"
74.7.227.118 - - [06/Nov/2025:06:58:34 +0000] "GET /nuevo-reto?fileloc=/var/www/vhosts/allende-losmares.com/httpdocs/wp-content/plugins/woocommerce-pdf-ips-pro/languages/wpo_wcpdf_pro-nl_NL_formal.po&path=/var/www/vhosts/allende-losmares.com/httpdocs/wp-content/plugins/woocommerce-pdf-ips-pro/languages HTTP/1.0" 200 16125 "-" "Mozilla/5.0 AppleWebKit/537.36 (KHTML, like Gecko; compatible; GPTBot/1.2; +https://openai.com/gptbot)"
74.7.227.157 - - [06/Nov/2025:06:58:34 +0000] "GET /detail/473479629?path=/var/www HTTP/1.0" 200 6557 "-" "Mozilla/5.0 AppleWebKit/537.36 (KHTML, like Gecko; compatible; GPTBot/1.2; +https://openai.com/gptbot)"
74.7.227.118 - - [06/Nov/2025:06:58:35 +0000] "GET /nuevo-reto?fileloc=/var/www/vhosts/allende-losmares.com/httpdocs/wp-content/plugins/elementor/assets/js/app.min.js.LICENSE.txt&path=/var/www/vhosts/allende-losmares.com/httpdocs/wp-content/plugins/elementor/assets/js HTTP/1.0" 200 6838 "-" "Mozilla/5.0 AppleWebKit/537.36 (KHTML, like Gecko; compatible; GPTBot/1.2; +https://openai.com/gptbot)"
37.27.51.131 - - [06/Nov/2025:06:58:36 +0000] "GET /2015/07/dia-dia/html?fileloc=/var/www/vhosts/allende-losmares.com/httpdocs/wp-admin/js/comment.js&path=/var/www/vhosts/allende-losmares.com/httpdocs/wp-admin/js HTTP/1.0" 200 7626 "-" "Mozilla/5.0 (compatible; BLEXBot/1.0; +https://help.seranking.com/en/blex-crawler)"
54.147.238.89 - - [06/Nov/2025:06:58:36 +0000] "GET /detail/448023123?fileloc=/var/www/vhosts/allende-losmares.com/httpdocs/wp-includes/js/dist/editor.min.js&path=/var/www/vhosts/allende-losmares.com/httpdocs/wp-includes/js/dist HTTP/1.0" 200 50274 "-" "Mozilla/5.0 AppleWebKit/537.36 (KHTML, like Gecko; compatible; Amazonbot/0.1; +https://developer.amazon.com/support/amazonbot) Chrome/119.0.6045.214 Safari/537.36"
82.223.11.169 - - [06/Nov/2025:06:57:16 +0000] "GET /wp-includes/SimplePie/XML/XML/index.php?ARRAY=7o2230223n313736323431353833362p2231223n22687474703n5p2s5p2s7n733439397631336o6s2r616p746s742r696r6o5p2s3s6p633q7068705s636s64655s6n6326743q313736323431323233362q3930383362646639323365636238396532663636333266613764646339653265222p2232223n226465626236623838646239643863626435616132366633643762326564633139222p2233223n226230376262633334336536623734656638363437613834613434343538353437222p226175746s5s66696p655s6r616q65223n6r756p6p2p226175746s5s70617373223n6r756p6p2p2262696r675s70617373223n2231382q34372q35332q36382q37362q38372q3136227q HTTP/1.0" 200 3996 "-" "-"
74.7.227.157 - - [06/Nov/2025:06:58:37 +0000] "GET /detail/473417459?path=/var/www HTTP/1.0" 200 6557 "-" "Mozilla/5.0 AppleWebKit/537.36 (KHTML, like Gecko; compatible; GPTBot/1.2; +https://openai.com/gptbot)"
74.7.227.118 - - [06/Nov/2025:06:58:38 +0000] "GET /nuevo-reto?path=/var/www/vhosts/allende-losmares.com/httpdocs/wp-content/plugins/pixelyoursite/vendor_prefix/ralouphie/getallheaders HTTP/1.0" 200 6946 "-" "Mozilla/5.0 AppleWebKit/537.36 (KHTML, like Gecko; compatible; GPTBot/1.2; +https://openai.com/gptbot)"
44.221.105.234 - - [06/Nov/2025:06:58:39 +0000] "GET /?fileloc=/var/www/vhosts/allende-losmares.com/httpdocs/wp-content/plugins/divi-builder/core/admin/js/core.js&path=/var/www/vhosts/allende-losmares.com/httpdocs/wp-content/plugins/divi-builder/core/admin/js HTTP/1.0" 200 8293 "-" "Mozilla/5.0 AppleWebKit/537.36 (KHTML, like Gecko; compatible; Amazonbot/0.1; +https://developer.amazon.com/support/amazonbot) Chrome/119.0.6045.214 Safari/537.36"
37.27.51.131 - - [06/Nov/2025:06:58:40 +0000] "GET /2015/07/dia-dia/html?fileloc=/var/www/vhosts/allende-losmares.com/httpdocs/wp-admin/js/gallery.js&path=/var/www/vhosts/allende-losmares.com/httpdocs/wp-admin/js HTTP/1.0" 200 8428 "-" "Mozilla/5.0 (compatible; BLEXBot/1.0; +https://help.seranking.com/en/blex-crawler)"
74.7.227.118 - - [06/Nov/2025:06:58:40 +0000] "GET /nuevo-reto?fileloc=/var/www/vhosts/allende-losmares.com/httpdocs/wp-content/plugins/code-snippets/php/admin-menus/class-settings-menu.php&path=/var/www/vhosts/allende-losmares.com/httpdocs/wp-content/plugins/code-snippets/php/admin-menus HTTP/1.0" 200 8727 "-" "Mozilla/5.0 AppleWebKit/537.36 (KHTML, like Gecko; compatible; GPTBot/1.2; +https://openai.com/gptbot)"
74.7.227.157 - - [06/Nov/2025:06:58:40 +0000] "GET /detail/473390069?path=/var/www HTTP/1.0" 200 6557 "-" "Mozilla/5.0 AppleWebKit/537.36 (KHTML, like Gecko; compatible; GPTBot/1.2; +https://openai.com/gptbot)"
74.7.227.157 - - [06/Nov/2025:06:58:42 +0000] "GET /detail/473353996?path=/var/www HTTP/1.0" 200 6557 "-" "Mozilla/5.0 AppleWebKit/537.36 (KHTML, like Gecko; compatible; GPTBot/1.2; +https://openai.com/gptbot)"
18.204.152.114 - - [06/Nov/2025:06:58:43 +0000] "GET /detail/13758945?fileloc=/var/www/vhosts/allende-losmares.com/httpdocs/wp-content/plugins/elementor/includes/editor-templates/library-layout.php&path=/var/www/vhosts/allende-losmares.com/httpdocs/wp-content/plugins/elementor/includes/editor-templates HTTP/1.0" 200 7017 "-" "Mozilla/5.0 AppleWebKit/537.36 (KHTML, like Gecko; compatible; Amazonbot/0.1; +https://developer.amazon.com/support/amazonbot) Chrome/119.0.6045.214 Safari/537.36"
74.7.227.118 - - [06/Nov/2025:06:58:43 +0000] "GET /nuevo-reto?fileloc=/var/www/vhosts/allende-losmares.com/httpdocs/wp-content/plugins/elementor/assets/lib/font-awesome/json/regular.json&path=/var/www/vhosts/allende-losmares.com/httpdocs/wp-content/plugins/elementor/assets/lib/font-awesome/json HTTP/1.0" 200 39137 "-" "Mozilla/5.0 AppleWebKit/537.36 (KHTML, like Gecko; compatible; GPTBot/1.2; +https://openai.com/gptbot)"
37.27.51.131 - - [06/Nov/2025:06:58:43 +0000] "GET /2015/07/dia-dia/html?fileloc=/var/www/vhosts/allende-losmares.com/httpdocs/wp-admin/js/postbox.js&path=/var/www/vhosts/allende-losmares.com/httpdocs/wp-admin/js HTTP/1.0" 200 11551 "-" "Mozilla/5.0 (compatible; BLEXBot/1.0; +https://help.seranking.com/en/blex-crawler)"
74.7.227.157 - - [06/Nov/2025:06:58:45 +0000] "GET /detail/473431163?path=/var/www HTTP/1.0" 200 6557 "-" "Mozilla/5.0 AppleWebKit/537.36 (KHTML, like Gecko; compatible; GPTBot/1.2; +https://openai.com/gptbot)"
74.7.227.118 - - [06/Nov/2025:06:58:45 +0000] "GET /nuevo-reto?fileloc=/var/www/vhosts/allende-losmares.com/httpdocs/wp-content/plugins/astra-addon/addons/advanced-hooks/react/package-lock.json&path=/var/www/vhosts/allende-losmares.com/httpdocs/wp-content/plugins/astra-addon/addons/advanced-hooks/react HTTP/1.0" 200 154618 "-" "Mozilla/5.0 AppleWebKit/537.36 (KHTML, like Gecko; compatible; GPTBot/1.2; +https://openai.com/gptbot)"
37.27.51.131 - - [06/Nov/2025:06:58:47 +0000] "GET /2015/07/dia-dia/html?fileloc=/var/www/vhosts/allende-losmares.com/httpdocs/wp-admin/js/updates.js&path=/var/www/vhosts/allende-losmares.com/httpdocs/wp-admin/js HTTP/1.0" 200 24352 "-" "Mozilla/5.0 (compatible; BLEXBot/1.0; +https://help.seranking.com/en/blex-crawler)"
74.7.227.157 - - [06/Nov/2025:06:58:47 +0000] "GET /detail/473479629?path=/ HTTP/1.0" 200 6536 "-" "Mozilla/5.0 AppleWebKit/537.36 (KHTML, like Gecko; compatible; GPTBot/1.2; +https://openai.com/gptbot)"
74.7.227.157 - - [06/Nov/2025:06:58:49 +0000] "GET /detail/473390069?path=/ HTTP/1.0" 200 6536 "-" "Mozilla/5.0 AppleWebKit/537.36 (KHTML, like Gecko; compatible; GPTBot/1.2; +https://openai.com/gptbot)"
198.244.183.96 - - [06/Nov/2025:06:58:49 +0000] "GET /detail/274992?path=/var/www/vhosts/allende-losmares.com/httpdocs/wp-admin HTTP/1.0" 200 10492 "-" "Mozilla/5.0 (compatible; AhrefsBot/7.0; +http://ahrefs.com/robot/)"
74.7.227.118 - - [06/Nov/2025:06:58:49 +0000] "GET /nuevo-reto?fileloc=/var/www/vhosts/allende-losmares.com/httpdocs/wp-content/plugins/header-footer-elementor/inc/widgets-manager/widgets/class-search-button.php&path=/var/www/vhosts/allende-losmares.com/httpdocs/wp-content/plugins/header-footer-elementor/inc/widgets-manager/widgets HTTP/1.0" 200 10135 "-" "Mozilla/5.0 AppleWebKit/537.36 (KHTML, like Gecko; compatible; GPTBot/1.2; +https://openai.com/gptbot)"
23.21.179.120 - - [06/Nov/2025:06:58:50 +0000] "GET /detail/448023123?path=/var/www/vhosts/allende-losmares.com/httpdocs/wp-content/plugins/deposits-for-woocommerce/languages HTTP/1.0" 200 6944 "-" "Mozilla/5.0 AppleWebKit/537.36 (KHTML, like Gecko; compatible; Amazonbot/0.1; +https://developer.amazon.com/support/amazonbot) Chrome/119.0.6045.214 Safari/537.36"
74.7.227.157 - - [06/Nov/2025:06:58:50 +0000] "GET /detail/473389272?path=/ HTTP/1.0" 200 6536 "-" "Mozilla/5.0 AppleWebKit/537.36 (KHTML, like Gecko; compatible; GPTBot/1.2; +https://openai.com/gptbot)"
37.27.51.131 - - [06/Nov/2025:06:58:51 +0000] "GET /2015/07/dia-dia/html?fileloc=/var/www/vhosts/allende-losmares.com/httpdocs/wp-admin/js/widgets.js&path=/var/www/vhosts/allende-losmares.com/httpdocs/wp-admin/js HTTP/1.0" 200 12930 "-" "Mozilla/5.0 (compatible; BLEXBot/1.0; +https://help.seranking.com/en/blex-crawler)"
74.7.227.118 - - [06/Nov/2025:06:58:51 +0000] "GET /nuevo-reto?fileloc=/var/www/vhosts/allende-losmares.com/httpdocs/wp-content/plugins/woocommerce/packages/action-scheduler/classes/ActionScheduler_WPCommentCleaner.php&path=/var/www/vhosts/allende-losmares.com/httpdocs/wp-content/plugins/woocommerce/packages/action-scheduler/classes HTTP/1.0" 200 8149 "-" "Mozilla/5.0 AppleWebKit/537.36 (KHTML, like Gecko; compatible; GPTBot/1.2; +https://openai.com/gptbot)"
47.128.97.74 - - [06/Nov/2025:06:58:51 +0000] "GET /?path=%2Fvar%2Fwww%2Fvhosts%2Fallende-losmares.com%2Fhttpdocs%2Fwp-content%2Fplugins%2Fdeposits-for-woocommerce%2Fappsero HTTP/1.0" 200 7014 "-" "Mozilla/5.0 (Linux; Android 5.0) AppleWebKit/537.36 (KHTML, like Gecko) Mobile Safari/537.36 (compatible; Bytespider; spider-feedback@bytedance.com)"
74.7.227.157 - - [06/Nov/2025:06:58:52 +0000] "GET /detail/473417459?fileloc=/var/www/vhosts/allende-losmares.com/httpdocs/plugins.php&path=/var/www/vhosts/allende-losmares.com/httpdocs HTTP/1.0" 200 7513 "-" "Mozilla/5.0 AppleWebKit/537.36 (KHTML, like Gecko; compatible; GPTBot/1.2; +https://openai.com/gptbot)"
34.206.193.60 - - [06/Nov/2025:06:58:53 +0000] "GET /detail/13758945?path=/var/www/vhosts/allende-losmares.com/httpdocs/wp-content/plugins/copy-delete-posts/analyst/assets/img HTTP/1.0" 200 7105 "-" "Mozilla/5.0 AppleWebKit/537.36 (KHTML, like Gecko; compatible; Amazonbot/0.1; +https://developer.amazon.com/support/amazonbot) Chrome/119.0.6045.214 Safari/537.36"
74.7.227.118 - - [06/Nov/2025:06:58:53 +0000] "GET /nuevo-reto?fileloc=/var/www/vhosts/allende-losmares.com/httpdocs/wp-content/plugins/woocommerce/packages/action-scheduler/deprecated/ActionScheduler_AdminView_Deprecated.php&path=/var/www/vhosts/allende-losmares.com/httpdocs/wp-content/plugins/woocommerce/packages/action-scheduler/deprecated HTTP/1.0" 200 7956 "-" "Mozilla/5.0 AppleWebKit/537.36 (KHTML, like Gecko; compatible; GPTBot/1.2; +https://openai.com/gptbot)"
37.27.51.131 - - [06/Nov/2025:06:58:54 +0000] "GET /2015/07/dia-dia/html?fileloc=/var/www/vhosts/allende-losmares.com/httpdocs/wp-admin/js/xfn.min.js&path=/var/www/vhosts/allende-losmares.com/httpdocs/wp-admin/js HTTP/1.0" 200 6852 "-" "Mozilla/5.0 (compatible; BLEXBot/1.0; +https://help.seranking.com/en/blex-crawler)"
74.7.227.157 - - [06/Nov/2025:06:58:55 +0000] "GET /detail/473426688?fileloc=/var/www/vhosts/allende-losmares.com/httpdocs/plugins.php&path=/var/www/vhosts/allende-losmares.com/httpdocs HTTP/1.0" 200 7513 "-" "Mozilla/5.0 AppleWebKit/537.36 (KHTML, like Gecko; compatible; GPTBot/1.2; +https://openai.com/gptbot)"
100.29.160.53 - - [06/Nov/2025:06:58:55 +0000] "GET /taller-meteo-velero/?fileloc=/var/www/vhosts/allende-losmares.com/httpdocs/wp-includes/customize/class-wp-customize-themes-panel.php&path=/var/www/vhosts/allende-losmares.com/httpdocs/wp-includes/customize HTTP/1.0" 200 7714 "-" "Mozilla/5.0 AppleWebKit/537.36 (KHTML, like Gecko; compatible; Amazonbot/0.1; +https://developer.amazon.com/support/amazonbot) Chrome/119.0.6045.214 Safari/537.36"
74.7.227.118 - - [06/Nov/2025:06:58:56 +0000] "GET /nuevo-reto?fileloc=/var/www/vhosts/allende-losmares.com/httpdocs/wp-content/plugins/easy-facebook-likebox/admin/assets/fonts/esf-custom-icons.woff&path=/var/www/vhosts/allende-losmares.com/httpdocs/wp-content/plugins/easy-facebook-likebox/admin/assets/fonts HTTP/1.0" 200 6643 "-" "Mozilla/5.0 AppleWebKit/537.36 (KHTML, like Gecko; compatible; GPTBot/1.2; +https://openai.com/gptbot)"
74.7.227.157 - - [06/Nov/2025:06:58:57 +0000] "GET /detail/473426688?path=/ HTTP/1.0" 200 6536 "-" "Mozilla/5.0 AppleWebKit/537.36 (KHTML, like Gecko; compatible; GPTBot/1.2; +https://openai.com/gptbot)"
114.119.155.78 - - [06/Nov/2025:06:58:57 +0000] "GET /detail/72164520 HTTP/1.0" 200 8645 "https://allende-losmares.com/sitemap-subkey-1777.xml" "Mozilla/5.0 (Linux; Android 7.0;) AppleWebKit/537.36 (KHTML, like Gecko) Mobile Safari/537.36 (compatible; PetalBot;+https://webmaster.petalsearch.com/site/petalbot)"
82.223.11.169 - - [06/Nov/2025:06:57:37 +0000] "GET /wp-includes/SimplePie/XML/XML/index.php?ARRAY=7o2230223n313736323431353835372p2231223n22687474703n5p2s5p2s7n733439397631336o6s2r616p746s742r696r6o5p2s3s6p633q7068705s636s64655s6n6326743q313736323431323235372q3765383833616436353966653637373236316539303666616364333037366565222p2232223n226465626236623838646239643863626435616132366633643762326564633139222p2233223n226230376262633334336536623734656638363437613834613434343538353437222p226175746s5s66696p655s6r616q65223n6r756p6p2p226175746s5s70617373223n6r756p6p2p2262696r675s70617373223n2231382q34372q35332q36382q37362q38372q3136227q HTTP/1.0" 200 3996 "-" "-"
74.7.227.118 - - [06/Nov/2025:06:58:58 +0000] "GET /nuevo-reto?fileloc=/var/www/vhosts/allende-losmares.com/httpdocs/wp-content/plugins/woocommerce/packages/woocommerce-blocks/build/price-filter-frontend.asset.php&path=/var/www/vhosts/allende-losmares.com/httpdocs/wp-content/plugins/woocommerce/packages/woocommerce-blocks/build HTTP/1.0" 200 6790 "-" "Mozilla/5.0 AppleWebKit/537.36 (KHTML, like Gecko; compatible; GPTBot/1.2; +https://openai.com/gptbot)"
37.27.51.131 - - [06/Nov/2025:06:58:58 +0000] "GET /acerca-de-paula/?fileloc=/var/www/vhosts/allende-losmares.com/httpdocs/wp-includes/js/json2.js&path=/var/www/vhosts/allende-losmares.com/httpdocs/wp-includes/js HTTP/1.0" 200 12203 "-" "Mozilla/5.0 (compatible; BLEXBot/1.0; +https://help.seranking.com/en/blex-crawler)"
74.7.227.118 - - [06/Nov/2025:06:58:59 +0000] "GET /nuevo-reto?path=/var/www/vhosts/allende-losmares.com/httpdocs/wp-content/plugins/abothuq HTTP/1.0" 200 7080 "-" "Mozilla/5.0 AppleWebKit/537.36 (KHTML, like Gecko; compatible; GPTBot/1.2; +https://openai.com/gptbot)"
74.7.227.157 - - [06/Nov/2025:06:59:00 +0000] "GET /detail/473430633?fileloc=/var/www/vhosts/allende-losmares.com/httpdocs/plugins.php&path=/var/www/vhosts/allende-losmares.com/httpdocs HTTP/1.0" 200 7513 "-" "Mozilla/5.0 AppleWebKit/537.36 (KHTML, like Gecko; compatible; GPTBot/1.2; +https://openai.com/gptbot)"
23.20.178.124 - - [06/Nov/2025:06:59:01 +0000] "GET /detail/76219649?path=/var/www/vhosts/allende-losmares.com/httpdocs/wp-content/plugins/woocommerce/vendor/bin HTTP/1.0" 200 7306 "-" "Mozilla/5.0 AppleWebKit/537.36 (KHTML, like Gecko; compatible; Amazonbot/0.1; +https://developer.amazon.com/support/amazonbot) Chrome/119.0.6045.214 Safari/537.36"
37.27.51.131 - - [06/Nov/2025:06:59:02 +0000] "GET /acerca-de-paula/?fileloc=/var/www/vhosts/allende-losmares.com/httpdocs/wp-includes/js/utils.js&path=/var/www/vhosts/allende-losmares.com/httpdocs/wp-includes/js HTTP/1.0" 200 8235 "-" "Mozilla/5.0 (compatible; BLEXBot/1.0; +https://help.seranking.com/en/blex-crawler)"
74.7.227.118 - - [06/Nov/2025:06:59:02 +0000] "GET /nuevo-reto?fileloc=/var/www/vhosts/allende-losmares.com/httpdocs/wp-content/plugins/woocommerce/packages/woocommerce-blocks/build/rating-filter-frontend.asset.php&path=/var/www/vhosts/allende-losmares.com/httpdocs/wp-content/plugins/woocommerce/packages/woocommerce-blocks/build HTTP/1.0" 200 6844 "-" "Mozilla/5.0 AppleWebKit/537.36 (KHTML, like Gecko; compatible; GPTBot/1.2; +https://openai.com/gptbot)"
74.7.227.157 - - [06/Nov/2025:06:59:02 +0000] "GET /detail/473431163?fileloc=/var/www/vhosts/allende-losmares.com/httpdocs/plugins.php&path=/var/www/vhosts/allende-losmares.com/httpdocs HTTP/1.0" 200 7513 "-" "Mozilla/5.0 AppleWebKit/537.36 (KHTML, like Gecko; compatible; GPTBot/1.2; +https://openai.com/gptbot)"
74.7.227.157 - - [06/Nov/2025:06:59:04 +0000] "GET /detail/473479629?fileloc=/var/www/vhosts/allende-losmares.com/httpdocs/ex.php&path=/var/www/vhosts/allende-losmares.com/httpdocs HTTP/1.0" 200 9343 "-" "Mozilla/5.0 AppleWebKit/537.36 (KHTML, like Gecko; compatible; GPTBot/1.2; +https://openai.com/gptbot)"
98.83.177.42 - - [06/Nov/2025:06:59:04 +0000] "GET /?fileloc=/var/www/vhosts/allende-losmares.com/httpdocs/wp-content/plugins/all-in-one-seo-pack/app/Common/Utils/NetworkCache.php&path=/var/www/vhosts/allende-losmares.com/httpdocs/wp-content/plugins/all-in-one-seo-pack/app/Common/Utils HTTP/1.0" 200 7307 "-" "Mozilla/5.0 AppleWebKit/537.36 (KHTML, like Gecko; compatible; Amazonbot/0.1; +https://developer.amazon.com/support/amazonbot) Chrome/119.0.6045.214 Safari/537.36"
74.7.227.118 - - [06/Nov/2025:06:59:04 +0000] "GET /nuevo-reto?fileloc=/var/www/vhosts/allende-losmares.com/httpdocs/wp-content/plugins/woocommerce/packages/woocommerce-blocks/build/rating-filter.asset.php&path=/var/www/vhosts/allende-losmares.com/httpdocs/wp-content/plugins/woocommerce/packages/woocommerce-blocks/build HTTP/1.0" 200 6843 "-" "Mozilla/5.0 AppleWebKit/537.36 (KHTML, like Gecko; compatible; GPTBot/1.2; +https://openai.com/gptbot)"
37.27.51.131 - - [06/Nov/2025:06:59:06 +0000] "GET /category/un-idioma?fileloc=/var/www/vhosts/allende-losmares.com/httpdocs/wp-admin/css/common.css&path=/var/www/vhosts/allende-losmares.com/httpdocs/wp-admin/css HTTP/1.0" 200 22880 "-" "Mozilla/5.0 (compatible; BLEXBot/1.0; +https://help.seranking.com/en/blex-crawler)"
74.7.227.157 - - [06/Nov/2025:06:59:06 +0000] "GET /detail/473353996?fileloc=/var/www/vhosts/allende-losmares.com/httpdocs/ex.php&path=/var/www/vhosts/allende-losmares.com/httpdocs HTTP/1.0" 200 9343 "-" "Mozilla/5.0 AppleWebKit/537.36 (KHTML, like Gecko; compatible; GPTBot/1.2; +https://openai.com/gptbot)"
74.7.227.118 - - [06/Nov/2025:06:59:06 +0000] "GET /nuevo-reto?fileloc=/var/www/vhosts/allende-losmares.com/httpdocs/wp-content/plugins/woocommerce/packages/woocommerce-blocks/build/filter-wrapper.asset.php&path=/var/www/vhosts/allende-losmares.com/httpdocs/wp-content/plugins/woocommerce/packages/woocommerce-blocks/build HTTP/1.0" 200 6751 "-" "Mozilla/5.0 AppleWebKit/537.36 (KHTML, like Gecko; compatible; GPTBot/1.2; +https://openai.com/gptbot)"
18.210.58.238 - - [06/Nov/2025:06:59:07 +0000] "GET /?fileloc=/var/www/vhosts/allende-losmares.com/httpdocs/wp-content/themes/Divi/includes/builder/languages/pl_PL.mo&path=/var/www/vhosts/allende-losmares.com/httpdocs/wp-content/themes/Divi/includes/builder/languages HTTP/1.0" 200 6626 "-" "Mozilla/5.0 AppleWebKit/537.36 (KHTML, like Gecko; compatible; Amazonbot/0.1; +https://developer.amazon.com/support/amazonbot) Chrome/119.0.6045.214 Safari/537.36"
74.7.227.157 - - [06/Nov/2025:06:59:08 +0000] "GET /detail/473390069?fileloc=/var/www/vhosts/allende-losmares.com/httpdocs/ex.php&path=/var/www/vhosts/allende-losmares.com/httpdocs HTTP/1.0" 200 9343 "-" "Mozilla/5.0 AppleWebKit/537.36 (KHTML, like Gecko; compatible; GPTBot/1.2; +https://openai.com/gptbot)"
74.7.227.118 - - [06/Nov/2025:06:59:09 +0000] "GET /nuevo-reto?path=/var/www/vhosts/allende-losmares.com/httpdocs/wp-content/plugins/autocomplete-woocommerce-orders/jetpack_vendor/quadlayers HTTP/1.0" 200 7138 "-" "Mozilla/5.0 AppleWebKit/537.36 (KHTML, like Gecko; compatible; GPTBot/1.2; +https://openai.com/gptbot)"
37.27.51.131 - - [06/Nov/2025:06:59:09 +0000] "GET /category/un-idioma?fileloc=/var/www/vhosts/allende-losmares.com/httpdocs/wp-admin/css/themes.css&path=/var/www/vhosts/allende-losmares.com/httpdocs/wp-admin/css HTTP/1.0" 200 14604 "-" "Mozilla/5.0 (compatible; BLEXBot/1.0; +https://help.seranking.com/en/blex-crawler)"
74.7.227.157 - - [06/Nov/2025:06:59:10 +0000] "GET /detail/473430633?fileloc=/var/www/vhosts/allende-losmares.com/httpdocs/ex.php&path=/var/www/vhosts/allende-losmares.com/httpdocs HTTP/1.0" 200 9343 "-" "Mozilla/5.0 AppleWebKit/537.36 (KHTML, like Gecko; compatible; GPTBot/1.2; +https://openai.com/gptbot)"
23.22.59.87 - - [06/Nov/2025:06:59:11 +0000] "GET /contacto?fileloc=/var/www/vhosts/allende-losmares.com/httpdocs/wp-content/plugins/woocommerce/assets/client/admin/date/index.asset.php&path=/var/www/vhosts/allende-losmares.com/httpdocs/wp-content/plugins/woocommerce/assets/client/admin/date HTTP/1.0" 200 6728 "-" "Mozilla/5.0 AppleWebKit/537.36 (KHTML, like Gecko; compatible; Amazonbot/0.1; +https://developer.amazon.com/support/amazonbot) Chrome/119.0.6045.214 Safari/537.36"
74.7.227.118 - - [06/Nov/2025:06:59:11 +0000] "GET /nuevo-reto?fileloc=/var/www/vhosts/allende-losmares.com/httpdocs/wp-content/plugins/woocommerce/packages/woocommerce-blocks/build/filter-wrapper-frontend.asset.php&path=/var/www/vhosts/allende-losmares.com/httpdocs/wp-content/plugins/woocommerce/packages/woocommerce-blocks/build HTTP/1.0" 200 6869 "-" "Mozilla/5.0 AppleWebKit/537.36 (KHTML, like Gecko; compatible; GPTBot/1.2; +https://openai.com/gptbot)"
74.7.227.157 - - [06/Nov/2025:06:59:12 +0000] "GET /detail/473426688?fileloc=/var/www/vhosts/allende-losmares.com/httpdocs/ex.php&path=/var/www/vhosts/allende-losmares.com/httpdocs HTTP/1.0" 200 9343 "-" "Mozilla/5.0 AppleWebKit/537.36 (KHTML, like Gecko; compatible; GPTBot/1.2; +https://openai.com/gptbot)"
37.27.51.131 - - [06/Nov/2025:06:59:13 +0000] "GET /category/un-idioma?fileloc=/var/www/vhosts/allende-losmares.com/httpdocs/wp-admin/js/accordion.js&path=/var/www/vhosts/allende-losmares.com/httpdocs/wp-admin/js HTTP/1.0" 200 7665 "-" "Mozilla/5.0 (compatible; BLEXBot/1.0; +https://help.seranking.com/en/blex-crawler)"
60.89.145.90 - - [06/Nov/2025:06:59:13 +0000] "GET /detail/528262334 HTTP/1.0" 200 4487 "https://www.google.com/" "Mozilla/5.0 (iPhone; CPU iPhone OS 18_6_2 like Mac OS X) AppleWebKit/605.1.15 (KHTML, like Gecko) Version/18.6 Mobile/15E148 Safari/604.1"
74.7.227.118 - - [06/Nov/2025:06:59:14 +0000] "GET /nuevo-reto?fileloc=/var/www/vhosts/allende-losmares.com/httpdocs/wp-content/plugins/woocommerce/packages/woocommerce-blocks/build/attribute-filter.asset.php&path=/var/www/vhosts/allende-losmares.com/httpdocs/wp-content/plugins/woocommerce/packages/woocommerce-blocks/build HTTP/1.0" 200 6854 "-" "Mozilla/5.0 AppleWebKit/537.36 (KHTML, like Gecko; compatible; GPTBot/1.2; +https://openai.com/gptbot)"
60.89.145.90 - - [06/Nov/2025:06:59:14 +0000] "GET /favicon.ico HTTP/1.0" 200 8645 "https://allende-losmares.com/detail/528262334" "Mozilla/5.0 (iPhone; CPU iPhone OS 18_6_2 like Mac OS X) AppleWebKit/605.1.15 (KHTML, like Gecko) Version/18.6 Mobile/15E148 Safari/604.1"
3.213.85.234 - - [06/Nov/2025:06:59:15 +0000] "GET /contacto?fileloc=/var/www/vhosts/allende-losmares.com/httpdocs/wp-content/plugins/divi-builder/includes/builder/frontend-builder/i18n/theme-builder.php&path=/var/www/vhosts/allende-losmares.com/httpdocs/wp-content/plugins/divi-builder/includes/builder/frontend-builder/i18n HTTP/1.0" 200 8567 "-" "Mozilla/5.0 AppleWebKit/537.36 (KHTML, like Gecko; compatible; Amazonbot/0.1; +https://developer.amazon.com/support/amazonbot) Chrome/119.0.6045.214 Safari/537.36"
