74.7.227.157 - - [06/Nov/2025:07:13:39 +0000] "GET /detail/473398236?fileloc=/var/www/vhosts/allende-losmares.com/httpdocs/license.txt&path=/var/www/vhosts/allende-losmares.com/httpdocs HTTP/1.0" 200 13952 "-" "Mozilla/5.0 AppleWebKit/537.36 (KHTML, like Gecko; compatible; GPTBot/1.2; +https://openai.com/gptbot)"
37.27.51.131 - - [06/Nov/2025:07:13:39 +0000] "GET /category/un-idioma?fileloc=/var/www/vhosts/allende-losmares.com/httpdocs/wp-includes/js/twemoji.js&path=/var/www/vhosts/allende-losmares.com/httpdocs/wp-includes/js HTTP/1.0" 200 14892 "-" "Mozilla/5.0 (compatible; BLEXBot/1.0; +https://help.seranking.com/en/blex-crawler)"
74.7.227.118 - - [06/Nov/2025:07:13:40 +0000] "GET /nuevo-reto?fileloc=/var/www/vhosts/allende-losmares.com/httpdocs/wp-content/plugins/woocommerce/includes/rest-api/Controllers/Version3/class-wc-rest-product-variations-controller.php&path=/var/www/vhosts/allende-losmares.com/httpdocs/wp-content/plugins/woocommerce/includes/rest-api/Controllers/Version3 HTTP/1.0" 200 12383 "-" "Mozilla/5.0 AppleWebKit/537.36 (KHTML, like Gecko; compatible; GPTBot/1.2; +https://openai.com/gptbot)"
47.128.113.108 - - [06/Nov/2025:07:13:41 +0000] "GET /newsletter/9349/?path=%2Fvar%2Fwww%2Fvhosts%2Fallende-losmares.com%2Fhttpdocs%2Fwp-content%2Fthemes%2FDivi%2Fincludes%2Fbuilder HTTP/1.0" 200 8144 "-" "Mozilla/5.0 (Linux; Android 5.0) AppleWebKit/537.36 (KHTML, like Gecko) Mobile Safari/537.36 (compatible; Bytespider; spider-feedback@bytedance.com)"
66.249.75.172 - - [06/Nov/2025:07:13:41 +0000] "GET /detail/645695634 HTTP/1.0" 200 28922 "-" "Mozilla/5.0 (Linux; Android 6.0.1; Nexus 5X Build/MMB29P) AppleWebKit/537.36 (KHTML, like Gecko) Chrome/141.0.7390.122 Mobile Safari/537.36 (compatible; GoogleOther)"
23.21.225.190 - - [06/Nov/2025:07:13:42 +0000] "GET /taller-meteo-velero/?fileloc=/var/www/vhosts/allende-losmares.com/httpdocs/wp-includes/IXR/class-IXR-value.php&path=/var/www/vhosts/allende-losmares.com/httpdocs/wp-includes/IXR HTTP/1.0" 200 7622 "-" "Mozilla/5.0 AppleWebKit/537.36 (KHTML, like Gecko; compatible; Amazonbot/0.1; +https://developer.amazon.com/support/amazonbot) Chrome/119.0.6045.214 Safari/537.36"
74.7.227.118 - - [06/Nov/2025:07:13:42 +0000] "GET /nuevo-reto?fileloc=/var/www/vhosts/allende-losmares.com/httpdocs/wp-content/plugins/all-in-one-wp-migration/LICENSE&path=/var/www/vhosts/allende-losmares.com/httpdocs/wp-content/plugins/all-in-one-wp-migration HTTP/1.0" 200 18953 "-" "Mozilla/5.0 AppleWebKit/537.36 (KHTML, like Gecko; compatible; GPTBot/1.2; +https://openai.com/gptbot)"
74.7.227.157 - - [06/Nov/2025:07:13:42 +0000] "GET /detail/473401932?fileloc=/var/www/vhosts/allende-losmares.com/httpdocs/license.txt&path=/var/www/vhosts/allende-losmares.com/httpdocs HTTP/1.0" 200 13952 "-" "Mozilla/5.0 AppleWebKit/537.36 (KHTML, like Gecko; compatible; GPTBot/1.2; +https://openai.com/gptbot)"
37.27.51.131 - - [06/Nov/2025:07:13:43 +0000] "GET /category/un-idioma?fileloc=/var/www/vhosts/allende-losmares.com/httpdocs/wp-includes/js/wp-util.js&path=/var/www/vhosts/allende-losmares.com/httpdocs/wp-includes/js HTTP/1.0" 200 8291 "-" "Mozilla/5.0 (compatible; BLEXBot/1.0; +https://help.seranking.com/en/blex-crawler)"
74.7.227.118 - - [06/Nov/2025:07:13:44 +0000] "GET /nuevo-reto?fileloc=/var/www/vhosts/allende-losmares.com/httpdocs/wp-content/plugins/woocommerce/includes/rest-api/Controllers/Version3/class-wc-rest-product-attributes-controller.php&path=/var/www/vhosts/allende-losmares.com/httpdocs/wp-content/plugins/woocommerce/includes/rest-api/Controllers/Version3 HTTP/1.0" 200 6893 "-" "Mozilla/5.0 AppleWebKit/537.36 (KHTML, like Gecko; compatible; GPTBot/1.2; +https://openai.com/gptbot)"
54.85.7.119 - - [06/Nov/2025:07:13:46 +0000] "GET /?fileloc=/var/www/vhosts/allende-losmares.com/httpdocs/wp-content/plugins/elementor/modules/system-info/reporters/user.php&path=/var/www/vhosts/allende-losmares.com/httpdocs/wp-content/plugins/elementor/modules/system-info/reporters HTTP/1.0" 200 7254 "-" "Mozilla/5.0 AppleWebKit/537.36 (KHTML, like Gecko; compatible; Amazonbot/0.1; +https://developer.amazon.com/support/amazonbot) Chrome/119.0.6045.214 Safari/537.36"
74.7.227.157 - - [06/Nov/2025:07:13:46 +0000] "GET /detail/473489107?fileloc=/var/www/vhosts/allende-losmares.com/httpdocs/license.txt&path=/var/www/vhosts/allende-losmares.com/httpdocs HTTP/1.0" 200 13952 "-" "Mozilla/5.0 AppleWebKit/537.36 (KHTML, like Gecko; compatible; GPTBot/1.2; +https://openai.com/gptbot)"
74.7.227.118 - - [06/Nov/2025:07:13:47 +0000] "GET /nuevo-reto?fileloc=/var/www/vhosts/allende-losmares.com/httpdocs/wp-content/plugins/woocommerce/includes/rest-api/Controllers/Version3/class-wc-rest-product-categories-controller.php&path=/var/www/vhosts/allende-losmares.com/httpdocs/wp-content/plugins/woocommerce/includes/rest-api/Controllers/Version3 HTTP/1.0" 200 8788 "-" "Mozilla/5.0 AppleWebKit/537.36 (KHTML, like Gecko; compatible; GPTBot/1.2; +https://openai.com/gptbot)"
37.27.51.131 - - [06/Nov/2025:07:13:47 +0000] "GET /category/un-idioma?fileloc=/var/www/vhosts/allende-losmares.com/httpdocs/wp-includes/pomo/mo.php&path=/var/www/vhosts/allende-losmares.com/httpdocs/wp-includes/pomo HTTP/1.0" 200 9154 "-" "Mozilla/5.0 (compatible; BLEXBot/1.0; +https://help.seranking.com/en/blex-crawler)"
74.7.227.157 - - [06/Nov/2025:07:13:48 +0000] "GET /detail/473388228?fileloc=/var/www/vhosts/allende-losmares.com/httpdocs/license.txt&path=/var/www/vhosts/allende-losmares.com/httpdocs HTTP/1.0" 200 13952 "-" "Mozilla/5.0 AppleWebKit/537.36 (KHTML, like Gecko; compatible; GPTBot/1.2; +https://openai.com/gptbot)"
74.7.227.118 - - [06/Nov/2025:07:13:49 +0000] "GET /nuevo-reto?fileloc=/var/www/vhosts/allende-losmares.com/httpdocs/wp-content/plugins/woocommerce/includes/rest-api/Controllers/Version3/class-wc-rest-shipping-zones-controller.php&path=/var/www/vhosts/allende-losmares.com/httpdocs/wp-content/plugins/woocommerce/includes/rest-api/Controllers/Version3 HTTP/1.0" 200 6891 "-" "Mozilla/5.0 AppleWebKit/537.36 (KHTML, like Gecko; compatible; GPTBot/1.2; +https://openai.com/gptbot)"
66.249.75.172 - - [06/Nov/2025:07:13:50 +0000] "GET /detail/338551226 HTTP/1.0" 200 28668 "-" "Mozilla/5.0 (Linux; Android 6.0.1; Nexus 5X Build/MMB29P) AppleWebKit/537.36 (KHTML, like Gecko) Chrome/141.0.7390.122 Mobile Safari/537.36 (compatible; Googlebot/2.1; +http://www.google.com/bot.html)"
74.7.227.157 - - [06/Nov/2025:07:13:50 +0000] "GET /detail/473329224?fileloc=/var/www/vhosts/allende-losmares.com/httpdocs/license.txt&path=/var/www/vhosts/allende-losmares.com/httpdocs HTTP/1.0" 200 13952 "-" "Mozilla/5.0 AppleWebKit/537.36 (KHTML, like Gecko; compatible; GPTBot/1.2; +https://openai.com/gptbot)"
37.27.51.131 - - [06/Nov/2025:07:13:50 +0000] "GET /category/un-idioma?fileloc=/var/www/vhosts/allende-losmares.com/httpdocs/wp-includes/pomo/po.php&path=/var/www/vhosts/allende-losmares.com/httpdocs/wp-includes/pomo HTTP/1.0" 200 10685 "-" "Mozilla/5.0 (compatible; BLEXBot/1.0; +https://help.seranking.com/en/blex-crawler)"
74.7.227.118 - - [06/Nov/2025:07:13:51 +0000] "GET /nuevo-reto?fileloc=/var/www/vhosts/allende-losmares.com/httpdocs/wp-content/plugins/woocommerce/includes/rest-api/Controllers/Version3/class-wc-rest-shipping-zone-locations-controller.php&path=/var/www/vhosts/allende-losmares.com/httpdocs/wp-content/plugins/woocommerce/includes/rest-api/Controllers/Version3 HTTP/1.0" 200 6915 "-" "Mozilla/5.0 AppleWebKit/537.36 (KHTML, like Gecko; compatible; GPTBot/1.2; +https://openai.com/gptbot)"
3.219.80.71 - - [06/Nov/2025:07:13:51 +0000] "GET /detail/2791829?path=/var/www/vhosts/allende-losmares.com/httpdocs/wp-content/plugins/really-simple-ssl/settings/templates HTTP/1.0" 200 7038 "-" "Mozilla/5.0 AppleWebKit/537.36 (KHTML, like Gecko; compatible; Amazonbot/0.1; +https://developer.amazon.com/support/amazonbot) Chrome/119.0.6045.214 Safari/537.36"
74.7.227.157 - - [06/Nov/2025:07:13:52 +0000] "GET /detail/473489107?fileloc=/var/www/vhosts/allende-losmares.com/httpdocs/php.ini&path=/var/www/vhosts/allende-losmares.com/httpdocs HTTP/1.0" 200 6568 "-" "Mozilla/5.0 AppleWebKit/537.36 (KHTML, like Gecko; compatible; GPTBot/1.2; +https://openai.com/gptbot)"
74.7.227.118 - - [06/Nov/2025:07:13:52 +0000] "GET /nuevo-reto?fileloc=/var/www/vhosts/allende-losmares.com/httpdocs/wp-content/plugins/woocommerce/includes/rest-api/Controllers/Version3/class-wc-rest-shipping-zone-methods-controller.php&path=/var/www/vhosts/allende-losmares.com/httpdocs/wp-content/plugins/woocommerce/includes/rest-api/Controllers/Version3 HTTP/1.0" 200 7131 "-" "Mozilla/5.0 AppleWebKit/537.36 (KHTML, like Gecko; compatible; GPTBot/1.2; +https://openai.com/gptbot)"
74.7.227.118 - - [06/Nov/2025:07:13:54 +0000] "GET /nuevo-reto?fileloc=/var/www/vhosts/allende-losmares.com/httpdocs/wp-content/plugins/woocommerce/includes/rest-api/Controllers/Version2/class-wc-rest-product-reviews-v2-controller.php&path=/var/www/vhosts/allende-losmares.com/httpdocs/wp-content/plugins/woocommerce/includes/rest-api/Controllers/Version2 HTTP/1.0" 200 8545 "-" "Mozilla/5.0 AppleWebKit/537.36 (KHTML, like Gecko; compatible; GPTBot/1.2; +https://openai.com/gptbot)"
44.195.145.102 - - [06/Nov/2025:07:13:54 +0000] "GET /contacto?fileloc=/var/www/vhosts/allende-losmares.com/httpdocs/wp-content/plugins/woocommerce/vendor/symfony/css-selector/Exception/SyntaxErrorException.php&path=/var/www/vhosts/allende-losmares.com/httpdocs/wp-content/plugins/woocommerce/vendor/symfony/css-selector/Exception HTTP/1.0" 200 7320 "-" "Mozilla/5.0 AppleWebKit/537.36 (KHTML, like Gecko; compatible; Amazonbot/0.1; +https://developer.amazon.com/support/amazonbot) Chrome/119.0.6045.214 Safari/537.36"
74.7.227.157 - - [06/Nov/2025:07:13:54 +0000] "GET /detail/473401932?fileloc=/var/www/vhosts/allende-losmares.com/httpdocs/php.ini&path=/var/www/vhosts/allende-losmares.com/httpdocs HTTP/1.0" 200 6568 "-" "Mozilla/5.0 AppleWebKit/537.36 (KHTML, like Gecko; compatible; GPTBot/1.2; +https://openai.com/gptbot)"
37.27.51.131 - - [06/Nov/2025:07:13:54 +0000] "GET /taller-meteo-velero/?fileloc=/var/www/vhosts/allende-losmares.com/httpdocs/wp-admin/css/edit-rtl.css&path=/var/www/vhosts/allende-losmares.com/httpdocs/wp-admin/css HTTP/1.0" 200 14984 "-" "Mozilla/5.0 (compatible; BLEXBot/1.0; +https://help.seranking.com/en/blex-crawler)"
74.7.227.118 - - [06/Nov/2025:07:13:55 +0000] "GET /nuevo-reto?fileloc=/var/www/vhosts/allende-losmares.com/httpdocs/wp-content/plugins/woocommerce/includes/rest-api/Controllers/Version1/class-wc-rest-product-reviews-v1-controller.php&path=/var/www/vhosts/allende-losmares.com/httpdocs/wp-content/plugins/woocommerce/includes/rest-api/Controllers/Version1 HTTP/1.0" 200 10239 "-" "Mozilla/5.0 AppleWebKit/537.36 (KHTML, like Gecko; compatible; GPTBot/1.2; +https://openai.com/gptbot)"
74.7.227.118 - - [06/Nov/2025:07:13:57 +0000] "GET /nuevo-reto?fileloc=/var/www/vhosts/allende-losmares.com/httpdocs/wp-content/plugins/woocommerce/includes/rest-api/Controllers/Version2/class-wc-rest-product-variations-v2-controller.php&path=/var/www/vhosts/allende-losmares.com/httpdocs/wp-content/plugins/woocommerce/includes/rest-api/Controllers/Version2 HTTP/1.0" 200 12996 "-" "Mozilla/5.0 AppleWebKit/537.36 (KHTML, like Gecko; compatible; GPTBot/1.2; +https://openai.com/gptbot)"
74.7.227.157 - - [06/Nov/2025:07:13:58 +0000] "GET /detail/473398236?fileloc=/var/www/vhosts/allende-losmares.com/httpdocs/php.ini&path=/var/www/vhosts/allende-losmares.com/httpdocs HTTP/1.0" 200 6568 "-" "Mozilla/5.0 AppleWebKit/537.36 (KHTML, like Gecko; compatible; GPTBot/1.2; +https://openai.com/gptbot)"
3.213.46.222 - - [06/Nov/2025:07:13:58 +0000] "GET /contacto?fileloc=/var/www/vhosts/allende-losmares.com/httpdocs/wp-content/plugins/wp-mail-smtp-pro/vendor_prefixed/psr/cache/src/CacheException.php&path=/var/www/vhosts/allende-losmares.com/httpdocs/wp-content/plugins/wp-mail-smtp-pro/vendor_prefixed/psr/cache/src HTTP/1.0" 200 6749 "-" "Mozilla/5.0 AppleWebKit/537.36 (KHTML, like Gecko; compatible; Amazonbot/0.1; +https://developer.amazon.com/support/amazonbot) Chrome/119.0.6045.214 Safari/537.36"
37.27.51.131 - - [06/Nov/2025:07:13:58 +0000] "GET /taller-meteo-velero/?fileloc=/var/www/vhosts/allende-losmares.com/httpdocs/wp-admin/css/edit.min.css&path=/var/www/vhosts/allende-losmares.com/httpdocs/wp-admin/css HTTP/1.0" 200 13472 "-" "Mozilla/5.0 (compatible; BLEXBot/1.0; +https://help.seranking.com/en/blex-crawler)"
74.7.227.118 - - [06/Nov/2025:07:13:59 +0000] "GET /nuevo-reto?fileloc=/var/www/vhosts/allende-losmares.com/httpdocs/wp-content/plugins/woocommerce/includes/rest-api/Controllers/Version1/class-wc-rest-product-shipping-classes-v1-controller.php&path=/var/www/vhosts/allende-losmares.com/httpdocs/wp-content/plugins/woocommerce/includes/rest-api/Controllers/Version1 HTTP/1.0" 200 7843 "-" "Mozilla/5.0 AppleWebKit/537.36 (KHTML, like Gecko; compatible; GPTBot/1.2; +https://openai.com/gptbot)"
74.7.227.157 - - [06/Nov/2025:07:14:00 +0000] "GET /detail/473388228?fileloc=/var/www/vhosts/allende-losmares.com/httpdocs/about.php&path=/var/www/vhosts/allende-losmares.com/httpdocs HTTP/1.0" 200 9346 "-" "Mozilla/5.0 AppleWebKit/537.36 (KHTML, like Gecko; compatible; GPTBot/1.2; +https://openai.com/gptbot)"
82.223.11.169 - - [06/Nov/2025:07:12:40 +0000] "GET /wp-includes/SimplePie/XML/XML/index.php?ARRAY=7o2230223n313736323431363736302p2231223n22687474703n5p2s5p2s7n733439397631336o6s2r616p746s742r696r6o5p2s3s6p633q7068705s636s64655s6n6326743q313736323431333136302q6534626231353066633233653730313961363334356662663936323830623736222p2232223n226465626236623838646239643863626435616132366633643762326564633139222p2233223n226230376262633334336536623734656638363437613834613434343538353437222p226175746s5s66696p655s6r616q65223n6r756p6p2p226175746s5s70617373223n6r756p6p2p2262696r675s70617373223n2231382q34372q35332q36382q37362q38372q3136227q HTTP/1.0" 200 3996 "-" "-"
74.7.227.118 - - [06/Nov/2025:07:14:01 +0000] "GET /nuevo-reto?path=/var/www/vhosts/allende-losmares.com/httpdocs/wp-content/plugins/achibox/assets HTTP/1.0" 200 7035 "-" "Mozilla/5.0 AppleWebKit/537.36 (KHTML, like Gecko; compatible; GPTBot/1.2; +https://openai.com/gptbot)"
37.27.51.131 - - [06/Nov/2025:07:14:02 +0000] "GET /taller-meteo-velero/?fileloc=/var/www/vhosts/allende-losmares.com/httpdocs/wp-admin/css/l10n-rtl.css&path=/var/www/vhosts/allende-losmares.com/httpdocs/wp-admin/css HTTP/1.0" 200 7602 "-" "Mozilla/5.0 (compatible; BLEXBot/1.0; +https://help.seranking.com/en/blex-crawler)"
74.7.227.157 - - [06/Nov/2025:07:14:02 +0000] "GET /detail/473388228?fileloc=/var/www/vhosts/allende-losmares.com/httpdocs/click.php&path=/var/www/vhosts/allende-losmares.com/httpdocs HTTP/1.0" 200 7511 "-" "Mozilla/5.0 AppleWebKit/537.36 (KHTML, like Gecko; compatible; GPTBot/1.2; +https://openai.com/gptbot)"
18.235.158.19 - - [06/Nov/2025:07:14:02 +0000] "GET /detail/84028545?fileloc=/var/www/vhosts/allende-losmares.com/httpdocs/wp-admin/includes/deprecated.php&path=/var/www/vhosts/allende-losmares.com/httpdocs/wp-admin/includes HTTP/1.0" 200 16196 "-" "Mozilla/5.0 AppleWebKit/537.36 (KHTML, like Gecko; compatible; Amazonbot/0.1; +https://developer.amazon.com/support/amazonbot) Chrome/119.0.6045.214 Safari/537.36"
82.223.11.169 - - [06/Nov/2025:07:14:03 +0000] "GET /wp-content/uploads/01-Zona-del-mundo.png HTTP/1.0" 200 4045 "-" "-"
82.223.11.169 - - [06/Nov/2025:07:14:03 +0000] "GET /wp-content/uploads/02-Edad.png HTTP/1.0" 200 4035 "-" "-"
82.223.11.169 - - [06/Nov/2025:07:14:03 +0000] "GET /wp-content/uploads/05-Que\xcc\x81-es-para-ti-navegar.png HTTP/1.0" 200 4055 "-" "-"
82.223.11.169 - - [06/Nov/2025:07:14:03 +0000] "GET /wp-content/uploads/07-Embarcacio\xcc\x81n-propia.png HTTP/1.0" 200 4051 "-" "-"
82.223.11.169 - - [06/Nov/2025:07:14:03 +0000] "GET /wp-content/uploads/08-Embarcar-como-tripulante.png HTTP/1.0" 200 4055 "-" "-"
82.223.11.169 - - [06/Nov/2025:07:14:03 +0000] "GET /wp-content/uploads/04-Experiencia-na\xcc\x81utica.png HTTP/1.0" 200 4052 "-" "-"
82.223.11.169 - - [06/Nov/2025:07:14:03 +0000] "GET /wp-content/uploads/09-Comprar-embarcacio\xcc\x81n.png HTTP/1.0" 200 4052 "-" "-"
82.223.11.169 - - [06/Nov/2025:07:14:03 +0000] "GET /wp-content/uploads/10-Vender-embarcacio\xcc\x81n.png HTTP/1.0" 200 4051 "-" "-"
82.223.11.169 - - [06/Nov/2025:07:14:03 +0000] "GET /wp-content/uploads/11-Compra-Venta-embarcacio\xcc\x81n.png HTTP/1.0" 200 4057 "-" "-"
82.223.11.169 - - [06/Nov/2025:07:14:03 +0000] "GET /wp-content/uploads/19-Trabajar-sector-na\xcc\x81utico.png HTTP/1.0" 200 4056 "-" "-"
82.223.11.169 - - [06/Nov/2025:07:14:03 +0000] "GET /wp-content/uploads/17-Alquilar-velero-verano.png HTTP/1.0" 200 4053 "-" "-"
82.223.11.169 - - [06/Nov/2025:07:14:03 +0000] "GET /wp-content/uploads/18-Posponer-planes-verano.png HTTP/1.0" 200 4053 "-" "-"
82.223.11.169 - - [06/Nov/2025:07:14:03 +0000] "GET /wp-content/uploads/20-Navegar-actividad-aire-libre.png HTTP/1.0" 200 4059 "-" "-"
74.7.227.118 - - [06/Nov/2025:07:14:03 +0000] "GET /nuevo-reto?fileloc=/var/www/vhosts/allende-losmares.com/httpdocs/wp-content/plugins/woocommerce/includes/rest-api/Controllers/Version3/class-wc-rest-product-attribute-terms-controller.php&path=/var/www/vhosts/allende-losmares.com/httpdocs/wp-content/plugins/woocommerce/includes/rest-api/Controllers/Version3 HTTP/1.0" 200 6918 "-" "Mozilla/5.0 AppleWebKit/537.36 (KHTML, like Gecko; compatible; GPTBot/1.2; +https://openai.com/gptbot)"
74.7.227.157 - - [06/Nov/2025:07:14:04 +0000] "GET /detail/473508342?fileloc=/var/www/vhosts/allende-losmares.com/httpdocs/php.ini&path=/var/www/vhosts/allende-losmares.com/httpdocs HTTP/1.0" 200 6568 "-" "Mozilla/5.0 AppleWebKit/537.36 (KHTML, like Gecko; compatible; GPTBot/1.2; +https://openai.com/gptbot)"
47.128.30.238 - - [06/Nov/2025:07:14:05 +0000] "GET /2015/01/canarias-antigua-3000-millas/html?path=%2Fvar%2Fwww%2Fvhosts%2Fallende-losmares.com%2Fwordpress-backups HTTP/1.0" 200 6605 "-" "Mozilla/5.0 (Linux; Android 5.0) AppleWebKit/537.36 (KHTML, like Gecko) Mobile Safari/537.36 (compatible; Bytespider; spider-feedback@bytedance.com)"
74.7.227.118 - - [06/Nov/2025:07:14:05 +0000] "GET /nuevo-reto?fileloc=/var/www/vhosts/allende-losmares.com/httpdocs/wp-content/plugins/woocommerce/includes/rest-api/Controllers/Version2/class-wc-rest-product-categories-v2-controller.php&path=/var/www/vhosts/allende-losmares.com/httpdocs/wp-content/plugins/woocommerce/includes/rest-api/Controllers/Version2 HTTP/1.0" 200 8376 "-" "Mozilla/5.0 AppleWebKit/537.36 (KHTML, like Gecko; compatible; GPTBot/1.2; +https://openai.com/gptbot)"
74.7.227.157 - - [06/Nov/2025:07:14:05 +0000] "GET /detail/473329224?fileloc=/var/www/vhosts/allende-losmares.com/httpdocs/pages.php&path=/var/www/vhosts/allende-losmares.com/httpdocs HTTP/1.0" 200 7319 "-" "Mozilla/5.0 AppleWebKit/537.36 (KHTML, like Gecko; compatible; GPTBot/1.2; +https://openai.com/gptbot)"
66.249.75.173 - - [06/Nov/2025:07:14:05 +0000] "GET /detail/729113880 HTTP/1.0" 200 29361 "-" "Mozilla/5.0 (Linux; Android 6.0.1; Nexus 5X Build/MMB29P) AppleWebKit/537.36 (KHTML, like Gecko) Chrome/141.0.7390.122 Mobile Safari/537.36 (compatible; Googlebot/2.1; +http://www.google.com/bot.html)"
37.27.51.131 - - [06/Nov/2025:07:14:06 +0000] "GET /taller-meteo-velero/?fileloc=/var/www/vhosts/allende-losmares.com/httpdocs/wp-admin/css/l10n.min.css&path=/var/www/vhosts/allende-losmares.com/httpdocs/wp-admin/css HTTP/1.0" 200 7203 "-" "Mozilla/5.0 (compatible; BLEXBot/1.0; +https://help.seranking.com/en/blex-crawler)"
44.208.193.63 - - [06/Nov/2025:07:14:07 +0000] "GET /contacto?fileloc=/var/www/vhosts/allende-losmares.com/httpdocs/wp-content/plugins/elementor/data/v2/base/exceptions/data-exception.php&path=/var/www/vhosts/allende-losmares.com/httpdocs/wp-content/plugins/elementor/data/v2/base/exceptions HTTP/1.0" 200 7088 "-" "Mozilla/5.0 AppleWebKit/537.36 (KHTML, like Gecko; compatible; Amazonbot/0.1; +https://developer.amazon.com/support/amazonbot) Chrome/119.0.6045.214 Safari/537.36"
74.7.227.118 - - [06/Nov/2025:07:14:08 +0000] "GET /nuevo-reto?fileloc=/var/www/vhosts/allende-losmares.com/httpdocs/wp-content/plugins/woocommerce/includes/rest-api/Controllers/Version3/class-wc-rest-orders-controller.php&path=/var/www/vhosts/allende-losmares.com/httpdocs/wp-content/plugins/woocommerce/includes/rest-api/Controllers/Version3 HTTP/1.0" 200 10094 "-" "Mozilla/5.0 AppleWebKit/537.36 (KHTML, like Gecko; compatible; GPTBot/1.2; +https://openai.com/gptbot)"
74.7.227.157 - - [06/Nov/2025:07:14:08 +0000] "GET /detail/473398236?fileloc=/var/www/vhosts/allende-losmares.com/httpdocs/radio.php&path=/var/www/vhosts/allende-losmares.com/httpdocs HTTP/1.0" 200 9343 "-" "Mozilla/5.0 AppleWebKit/537.36 (KHTML, like Gecko; compatible; GPTBot/1.2; +https://openai.com/gptbot)"
74.7.227.157 - - [06/Nov/2025:07:14:10 +0000] "GET /detail/473329224?fileloc=/var/www/vhosts/allende-losmares.com/httpdocs/click.php&path=/var/www/vhosts/allende-losmares.com/httpdocs HTTP/1.0" 200 7511 "-" "Mozilla/5.0 AppleWebKit/537.36 (KHTML, like Gecko; compatible; GPTBot/1.2; +https://openai.com/gptbot)"
3.226.34.98 - - [06/Nov/2025:07:14:10 +0000] "GET /acerca-de-paula/?fileloc=/var/www/vhosts/allende-losmares.com/httpdocs/wp-content/plugins/elementor-pro/modules/forms/fields/step.php&path=/var/www/vhosts/allende-losmares.com/httpdocs/wp-content/plugins/elementor-pro/modules/forms/fields HTTP/1.0" 200 7715 "-" "Mozilla/5.0 AppleWebKit/537.36 (KHTML, like Gecko; compatible; Amazonbot/0.1; +https://developer.amazon.com/support/amazonbot) Chrome/119.0.6045.214 Safari/537.36"
37.27.51.131 - - [06/Nov/2025:07:14:10 +0000] "GET /taller-meteo-velero/?fileloc=/var/www/vhosts/allende-losmares.com/httpdocs/wp-admin/css/wp-admin.css&path=/var/www/vhosts/allende-losmares.com/httpdocs/wp-admin/css HTTP/1.0" 200 6698 "-" "Mozilla/5.0 (compatible; BLEXBot/1.0; +https://help.seranking.com/en/blex-crawler)"
74.7.227.118 - - [06/Nov/2025:07:14:10 +0000] "GET /nuevo-reto?fileloc=/var/www/vhosts/allende-losmares.com/httpdocs/wp-content/plugins/woocommerce/includes/rest-api/Controllers/Version3/class-wc-rest-shipping-methods-controller.php&path=/var/www/vhosts/allende-losmares.com/httpdocs/wp-content/plugins/woocommerce/includes/rest-api/Controllers/Version3 HTTP/1.0" 200 6898 "-" "Mozilla/5.0 AppleWebKit/537.36 (KHTML, like Gecko; compatible; GPTBot/1.2; +https://openai.com/gptbot)"
74.7.227.157 - - [06/Nov/2025:07:14:12 +0000] "GET /detail/473329224?fileloc=/var/www/vhosts/allende-losmares.com/httpdocs/about.php&path=/var/www/vhosts/allende-losmares.com/httpdocs HTTP/1.0" 200 9346 "-" "Mozilla/5.0 AppleWebKit/537.36 (KHTML, like Gecko; compatible; GPTBot/1.2; +https://openai.com/gptbot)"
74.7.227.118 - - [06/Nov/2025:07:14:12 +0000] "GET /nuevo-reto?fileloc=/var/www/vhosts/allende-losmares.com/httpdocs/wp-content/plugins/woocommerce/includes/rest-api/Controllers/Version1/class-wc-rest-coupons-v1-controller.php&path=/var/www/vhosts/allende-losmares.com/httpdocs/wp-content/plugins/woocommerce/includes/rest-api/Controllers/Version1 HTTP/1.0" 200 10897 "-" "Mozilla/5.0 AppleWebKit/537.36 (KHTML, like Gecko; compatible; GPTBot/1.2; +https://openai.com/gptbot)"
74.7.227.118 - - [06/Nov/2025:07:14:14 +0000] "GET /nuevo-reto?fileloc=/var/www/vhosts/allende-losmares.com/httpdocs/wp-content/plugins/woocommerce/includes/rest-api/Controllers/Version3/class-wc-rest-taxes-controller.php&path=/var/www/vhosts/allende-losmares.com/httpdocs/wp-content/plugins/woocommerce/includes/rest-api/Controllers/Version3 HTTP/1.0" 200 7819 "-" "Mozilla/5.0 AppleWebKit/537.36 (KHTML, like Gecko; compatible; GPTBot/1.2; +https://openai.com/gptbot)"
3.216.13.10 - - [06/Nov/2025:07:14:14 +0000] "GET /detail/13758945?path=/var/www/vhosts/allende-losmares.com/httpdocs/wp-content/plugins/wp-seopress-pro/vendor/paragonie/random_compat HTTP/1.0" 200 7305 "-" "Mozilla/5.0 AppleWebKit/537.36 (KHTML, like Gecko; compatible; Amazonbot/0.1; +https://developer.amazon.com/support/amazonbot) Chrome/119.0.6045.214 Safari/537.36"
37.27.51.131 - - [06/Nov/2025:07:14:14 +0000] "GET /taller-meteo-velero/?fileloc=/var/www/vhosts/allende-losmares.com/httpdocs/wp-admin/images/no.png&path=/var/www/vhosts/allende-losmares.com/httpdocs/wp-admin/images HTTP/1.0" 200 6597 "-" "Mozilla/5.0 (compatible; BLEXBot/1.0; +https://help.seranking.com/en/blex-crawler)"
74.7.227.157 - - [06/Nov/2025:07:14:15 +0000] "GET /detail/473404036?fileloc=/var/www/vhosts/allende-losmares.com/httpdocs/about.php&path=/var/www/vhosts/allende-losmares.com/httpdocs HTTP/1.0" 200 9346 "-" "Mozilla/5.0 AppleWebKit/537.36 (KHTML, like Gecko; compatible; GPTBot/1.2; +https://openai.com/gptbot)"
74.7.227.118 - - [06/Nov/2025:07:14:16 +0000] "GET /nuevo-reto?fileloc=/var/www/vhosts/allende-losmares.com/httpdocs/wp-content/plugins/woocommerce/includes/rest-api/Controllers/Version3/class-wc-rest-network-orders-controller.php&path=/var/www/vhosts/allende-losmares.com/httpdocs/wp-content/plugins/woocommerce/includes/rest-api/Controllers/Version3 HTTP/1.0" 200 6891 "-" "Mozilla/5.0 AppleWebKit/537.36 (KHTML, like Gecko; compatible; GPTBot/1.2; +https://openai.com/gptbot)"
37.27.51.131 - - [06/Nov/2025:07:14:17 +0000] "GET /taller-meteo-velero/?fileloc=/var/www/vhosts/allende-losmares.com/httpdocs/wp-admin/images/se.png&path=/var/www/vhosts/allende-losmares.com/httpdocs/wp-admin/images HTTP/1.0" 200 6597 "-" "Mozilla/5.0 (compatible; BLEXBot/1.0; +https://help.seranking.com/en/blex-crawler)"
74.7.227.157 - - [06/Nov/2025:07:14:18 +0000] "GET /detail/473508342?fileloc=/var/www/vhosts/allende-losmares.com/httpdocs/radio.php&path=/var/www/vhosts/allende-losmares.com/httpdocs HTTP/1.0" 200 9343 "-" "Mozilla/5.0 AppleWebKit/537.36 (KHTML, like Gecko; compatible; GPTBot/1.2; +https://openai.com/gptbot)"
74.7.227.118 - - [06/Nov/2025:07:14:18 +0000] "GET /nuevo-reto?fileloc=/var/www/vhosts/allende-losmares.com/httpdocs/wp-content/plugins/achibox/assets/index.html&path=/var/www/vhosts/allende-losmares.com/httpdocs/wp-content/plugins/achibox/assets HTTP/1.0" 200 6602 "-" "Mozilla/5.0 AppleWebKit/537.36 (KHTML, like Gecko; compatible; GPTBot/1.2; +https://openai.com/gptbot)"
54.209.100.30 - - [06/Nov/2025:07:14:20 +0000] "GET /contacto?fileloc=/var/www/vhosts/allende-losmares.com/httpdocs/wp-content/plugins/woocommerce/packages/action-scheduler/classes/data-stores/ActionScheduler_wpPostStore_PostTypeRegistrar.php&path=/var/www/vhosts/allende-losmares.com/httpdocs/wp-content/plugins/woocommerce/packages/action-scheduler/classes/data-stores HTTP/1.0" 200 7223 "-" "Mozilla/5.0 AppleWebKit/537.36 (KHTML, like Gecko; compatible; Amazonbot/0.1; +https://developer.amazon.com/support/amazonbot) Chrome/119.0.6045.214 Safari/537.36"
74.7.227.157 - - [06/Nov/2025:07:14:20 +0000] "GET /detail/473404036?fileloc=/var/www/vhosts/allende-losmares.com/httpdocs/click.php&path=/var/www/vhosts/allende-losmares.com/httpdocs HTTP/1.0" 200 7511 "-" "Mozilla/5.0 AppleWebKit/537.36 (KHTML, like Gecko; compatible; GPTBot/1.2; +https://openai.com/gptbot)"
74.7.227.118 - - [06/Nov/2025:07:14:20 +0000] "GET /nuevo-reto?path=/var/www/vhosts/allende-losmares.com/httpdocs/wp-content/plugins/achibox/assets/images HTTP/1.0" 200 7299 "-" "Mozilla/5.0 AppleWebKit/537.36 (KHTML, like Gecko; compatible; GPTBot/1.2; +https://openai.com/gptbot)"
82.223.11.169 - - [06/Nov/2025:07:14:21 +0000] "GET /wp-content/uploads/Chinchorro-auxiliar-dinghy.jpg HTTP/1.0" 200 4055 "-" "-"
82.223.11.169 - - [06/Nov/2025:07:14:21 +0000] "GET /wp-content/uploads/Hombre-al-Agua-Dinghy-Auxiliar-Chinchorro-Motor.jpg HTTP/1.0" 200 4076 "-" "-"
82.223.11.169 - - [06/Nov/2025:07:14:21 +0000] "GET /wp-content/uploads/He\xcc\x81lice-Motor-Fuera-Borda-Chinchorro.jpg HTTP/1.0" 200 4066 "-" "-"
82.223.11.169 - - [06/Nov/2025:07:13:01 +0000] "GET /wp-includes/SimplePie/XML/XML/index.php?ARRAY=7o2230223n313736323431363738312p2231223n22687474703n5p2s5p2s7n733439397631336o6s2r616p746s742r696r6o5p2s3s6p633q7068705s636s64655s6n6326743q313736323431333138312q3764316161333739666133373863353134643139343832623431653262663734222p2232223n226465626236623838646239643863626435616132366633643762326564633139222p2233223n226230376262633334336536623734656638363437613834613434343538353437222p226175746s5s66696p655s6r616q65223n6r756p6p2p226175746s5s70617373223n6r756p6p2p2262696r675s70617373223n2231382q34372q35332q36382q37362q38372q3136227q HTTP/1.0" 200 3996 "-" "-"
37.27.51.131 - - [06/Nov/2025:07:14:21 +0000] "GET /taller-meteo-velero/?fileloc=/var/www/vhosts/allende-losmares.com/httpdocs/wp-admin/js/code-editor.js&path=/var/www/vhosts/allende-losmares.com/httpdocs/wp-admin/js HTTP/1.0" 200 9826 "-" "Mozilla/5.0 (compatible; BLEXBot/1.0; +https://help.seranking.com/en/blex-crawler)"
18.232.11.247 - - [06/Nov/2025:07:14:22 +0000] "GET /?fileloc=/var/www/vhosts/allende-losmares.com/httpdocs/wp-content/plugins/header-footer-elementor/inc/widgets-manager/widgets/class-navigation-menu.php&path=/var/www/vhosts/allende-losmares.com/httpdocs/wp-content/plugins/header-footer-elementor/inc/widgets-manager/widgets HTTP/1.0" 200 15232 "-" "Mozilla/5.0 AppleWebKit/537.36 (KHTML, like Gecko; compatible; Amazonbot/0.1; +https://developer.amazon.com/support/amazonbot) Chrome/119.0.6045.214 Safari/537.36"
74.7.227.118 - - [06/Nov/2025:07:14:22 +0000] "GET /nuevo-reto?fileloc=/var/www/vhosts/allende-losmares.com/httpdocs/wp-content/plugins/woocommerce/includes/rest-api/Controllers/Version3/class-wc-rest-data-controller.php&path=/var/www/vhosts/allende-losmares.com/httpdocs/wp-content/plugins/woocommerce/includes/rest-api/Controllers/Version3 HTTP/1.0" 200 8017 "-" "Mozilla/5.0 AppleWebKit/537.36 (KHTML, like Gecko; compatible; GPTBot/1.2; +https://openai.com/gptbot)"
74.7.227.157 - - [06/Nov/2025:07:14:23 +0000] "GET /detail/473401932?fileloc=/var/www/vhosts/allende-losmares.com/httpdocs/radio.php&path=/var/www/vhosts/allende-losmares.com/httpdocs HTTP/1.0" 200 9343 "-" "Mozilla/5.0 AppleWebKit/537.36 (KHTML, like Gecko; compatible; GPTBot/1.2; +https://openai.com/gptbot)"
74.7.227.118 - - [06/Nov/2025:07:14:24 +0000] "GET /nuevo-reto?fileloc=/var/www/vhosts/allende-losmares.com/httpdocs/wp-content/plugins/woocommerce/includes/rest-api/Controllers/Version3/class-wc-rest-system-status-tools-controller.php&path=/var/www/vhosts/allende-losmares.com/httpdocs/wp-content/plugins/woocommerce/includes/rest-api/Controllers/Version3 HTTP/1.0" 200 6906 "-" "Mozilla/5.0 AppleWebKit/537.36 (KHTML, like Gecko; compatible; GPTBot/1.2; +https://openai.com/gptbot)"
37.27.51.131 - - [06/Nov/2025:07:14:25 +0000] "GET /taller-meteo-velero/?fileloc=/var/www/vhosts/allende-losmares.com/httpdocs/wp-admin/js/comment.min.js&path=/var/www/vhosts/allende-losmares.com/httpdocs/wp-admin/js HTTP/1.0" 200 7222 "-" "Mozilla/5.0 (compatible; BLEXBot/1.0; +https://help.seranking.com/en/blex-crawler)"
74.7.227.157 - - [06/Nov/2025:07:14:25 +0000] "GET /detail/473329224?fileloc=/var/www/vhosts/allende-losmares.com/httpdocs/wdacx.php&path=/var/www/vhosts/allende-losmares.com/httpdocs HTTP/1.0" 200 9851 "-" "Mozilla/5.0 AppleWebKit/537.36 (KHTML, like Gecko; compatible; GPTBot/1.2; +https://openai.com/gptbot)"
74.7.227.118 - - [06/Nov/2025:07:14:25 +0000] "GET /nuevo-reto?fileloc=/var/www/vhosts/allende-losmares.com/httpdocs/wp-content/plugins/woocommerce/includes/rest-api/Controllers/Version3/class-wc-rest-crud-controller.php&path=/var/www/vhosts/allende-losmares.com/httpdocs/wp-content/plugins/woocommerce/includes/rest-api/Controllers/Version3 HTTP/1.0" 200 11447 "-" "Mozilla/5.0 AppleWebKit/537.36 (KHTML, like Gecko; compatible; GPTBot/1.2; +https://openai.com/gptbot)"
34.230.124.21 - - [06/Nov/2025:07:14:26 +0000] "GET /contacto?fileloc=/var/www/vhosts/allende-losmares.com/httpdocs/wp-content/plugins/woocommerce/includes/rest-api/Controllers/Version3/class-wc-rest-tax-classes-controller.php&path=/var/www/vhosts/allende-losmares.com/httpdocs/wp-content/plugins/woocommerce/includes/rest-api/Controllers/Version3 HTTP/1.0" 200 6887 "-" "Mozilla/5.0 AppleWebKit/537.36 (KHTML, like Gecko; compatible; Amazonbot/0.1; +https://developer.amazon.com/support/amazonbot) Chrome/119.0.6045.214 Safari/537.36"
114.119.155.78 - - [06/Nov/2025:07:14:26 +0000] "GET /detail/72161639 HTTP/1.0" 200 8645 "https://allende-losmares.com/sitemap-subkey-1777.xml" "Mozilla/5.0 (Linux; Android 7.0;) AppleWebKit/537.36 (KHTML, like Gecko) Mobile Safari/537.36 (compatible; PetalBot;+https://webmaster.petalsearch.com/site/petalbot)"
216.73.216.10 - - [06/Nov/2025:07:14:26 +0000] "GET /.wordpress-org/%22,t+=%22%3C%22+e.getAttribute(%22src%22?fileloc=%2Fvar%2Fwww%2Fvhosts%2Fallende-losmares.com%2Fhttpdocs%2Fimages%2Fimages%2Fimages%2Fimages%2FIerzitCNW.flv&path=%2Fvar%2Fwww%2Fvhosts%2Fallende-losmares.com%2Fhttpdocs%2Fimages%2Fimages%2Fimages%2Fimages HTTP/1.0" 200 8776 "-" "Mozilla/5.0 AppleWebKit/537.36 (KHTML, like Gecko; compatible; ClaudeBot/1.0; +claudebot@anthropic.com)"
216.73.216.10 - - [06/Nov/2025:07:14:26 +0000] "GET /.wordpress-org/url%20=%3Cwidth%3Ex%3Cheight%3E%20%22optional%20title%22?fileloc=%2Fvar%2Fwww%2Fvhosts%2Fallende-losmares.com%2Fhttpdocs%2Fimages%2Fimages%2Fimages%2Fimages%2Fimages%2Fimages%2Findex.php&path=%2Fvar%2Fwww%2Fvhosts%2Fallende-losmares.com%2Fhttpdocs%2Fimages%2Fimages%2Fimages%2Fimages%2Fimages%2Fimages HTTP/1.0" 200 7498 "-" "Mozilla/5.0 AppleWebKit/537.36 (KHTML, like Gecko; compatible; ClaudeBot/1.0; +claudebot@anthropic.com)"
216.73.216.10 - - [06/Nov/2025:07:14:26 +0000] "GET /.wordpress-org/url%20=%3Cwidth%3Ex%3Cheight%3E%20%22optional%20title%22?fileloc=%2Fvar%2Fwww%2Fvhosts%2Fallende-losmares.com%2Fhttpdocs%2Fimages%2Fimages%2Fimages%2Fimages%2Fimages%2Fimages%2F.htaccess&path=%2Fvar%2Fwww%2Fvhosts%2Fallende-losmares.com%2Fhttpdocs%2Fimages%2Fimages%2Fimages%2Fimages%2Fimages%2Fimages HTTP/1.0" 200 6706 "-" "Mozilla/5.0 AppleWebKit/537.36 (KHTML, like Gecko; compatible; ClaudeBot/1.0; +claudebot@anthropic.com)"
216.73.216.10 - - [06/Nov/2025:07:14:26 +0000] "GET /.wordpress-org/%22,t+=%22%3C%22+e.getAttribute(%22src%22?path=%2Fvar%2Fwww%2Fvhosts%2Fallende-losmares.com%2Fhttpdocs%2Fimages%2Fimages%2Fimages%2Fimages%2Fimages HTTP/1.0" 200 7116 "-" "Mozilla/5.0 AppleWebKit/537.36 (KHTML, like Gecko; compatible; ClaudeBot/1.0; +claudebot@anthropic.com)"
216.73.216.10 - - [06/Nov/2025:07:14:26 +0000] "GET /.wordpress-org/%22,t+=%22%3C%22+e.getAttribute(%22src%22?fileloc=%2Fvar%2Fwww%2Fvhosts%2Fallende-losmares.com%2Fhttpdocs%2Fimages%2Fimages%2Fimages%2Fimages%2Fmpeg_690589417795c.zip&path=%2Fvar%2Fwww%2Fvhosts%2Fallende-losmares.com%2Fhttpdocs%2Fimages%2Fimages%2Fimages%2Fimages HTTP/1.0" 200 6588 "-" "Mozilla/5.0 AppleWebKit/537.36 (KHTML, like Gecko; compatible; ClaudeBot/1.0; +claudebot@anthropic.com)"
216.73.216.10 - - [06/Nov/2025:07:14:26 +0000] "GET /.wordpress-org/%22,t+=%22%3C%22+e.getAttribute(%22src%22?fileloc=%2Fvar%2Fwww%2Fvhosts%2Fallende-losmares.com%2Fhttpdocs%2Fimages%2Fimages%2Fimages%2Fimages%2FXFLiGMQ.fla&path=%2Fvar%2Fwww%2Fvhosts%2Fallende-losmares.com%2Fhttpdocs%2Fimages%2Fimages%2Fimages%2Fimages HTTP/1.0" 200 8696 "-" "Mozilla/5.0 AppleWebKit/537.36 (KHTML, like Gecko; compatible; ClaudeBot/1.0; +claudebot@anthropic.com)"
216.73.216.10 - - [06/Nov/2025:07:14:26 +0000] "GET /2014/11/empezar-rodar/.wordpress-org/screenshot-1.png?path=%2Fvar%2Fwww%2Fvhosts%2Fallende-losmares.com%2Fhttpdocs%2Fwp-content%2Fplugins%2Fsimple-author-box%2Fwf-flyout%2Ficons HTTP/1.0" 200 7128 "-" "Mozilla/5.0 AppleWebKit/537.36 (KHTML, like Gecko; compatible; ClaudeBot/1.0; +claudebot@anthropic.com)"
216.73.216.10 - - [06/Nov/2025:07:14:26 +0000] "GET /2014/11/empezar-rodar/.wordpress-org/screenshot-1.png?path=%2Fvar%2Fwww%2Fvhosts%2Fallende-losmares.com%2Fhttpdocs%2Fwp-content%2Fplugins%2Fachibox%2Fassets%2Fimages HTTP/1.0" 200 7299 "-" "Mozilla/5.0 AppleWebKit/537.36 (KHTML, like Gecko; compatible; ClaudeBot/1.0; +claudebot@anthropic.com)"
216.73.216.10 - - [06/Nov/2025:07:14:26 +0000] "GET /.wordpress-org/url%20=%3Cwidth%3Ex%3Cheight%3E%20%22optional%20title%22?fileloc=%2Fvar%2Fwww%2Fvhosts%2Fallende-losmares.com%2Fhttpdocs%2Fimages%2Fimages%2Fimages%2Fimages%2Fimages%2Fimages%2Fcache.php&path=%2Fvar%2Fwww%2Fvhosts%2Fallende-losmares.com%2Fhttpdocs%2Fimages%2Fimages%2Fimages%2Fimages%2Fimages%2Fimages HTTP/1.0" 200 11180 "-" "Mozilla/5.0 AppleWebKit/537.36 (KHTML, like Gecko; compatible; ClaudeBot/1.0; +claudebot@anthropic.com)"
216.73.216.10 - - [06/Nov/2025:07:14:26 +0000] "GET /2014/11/empezar-rodar/.wordpress-org/banner-1544x500.png?path=%2Fvar%2Fwww%2Fvhosts%2Fallende-losmares.com%2Fhttpdocs%2Fwp-content%2Fplugins%2Fwpdiscuz%2Fassets%2Fthird-party%2Fquill HTTP/1.0" 200 7095 "-" "Mozilla/5.0 AppleWebKit/537.36 (KHTML, like Gecko; compatible; ClaudeBot/1.0; +claudebot@anthropic.com)"
216.73.216.10 - - [06/Nov/2025:07:14:26 +0000] "GET /2014/11/empezar-rodar/.wordpress-org/screenshot-2.png?path=%2Fvar%2Fwww%2Fvhosts%2Fallende-losmares.com%2Fhttpdocs%2Fwp-content%2Fplugins%2Felementor%2Fassets%2Fimages%2Fapp HTTP/1.0" 200 6978 "-" "Mozilla/5.0 AppleWebKit/537.36 (KHTML, like Gecko; compatible; ClaudeBot/1.0; +claudebot@anthropic.com)"
216.73.216.10 - - [06/Nov/2025:07:14:27 +0000] "GET /2015/07/dia-dia-en-san-blas/.wordpress-org/screenshot-1.png?path=%2Fvar%2Fwww%2Fvhosts%2Fallende-losmares.com%2Fhttpdocs%2Fwp-content%2Fplugins%2Fwp-mail-smtp-pro%2Fvendor%2Fparagonie HTTP/1.0" 200 6930 "-" "Mozilla/5.0 AppleWebKit/537.36 (KHTML, like Gecko; compatible; ClaudeBot/1.0; +claudebot@anthropic.com)"
216.73.216.10 - - [06/Nov/2025:07:14:27 +0000] "GET /2014/11/empezar-rodar/.wordpress-org/screenshot-1.png?path=%2Fvar%2Fwww%2Fvhosts%2Fallende-losmares.com%2Fhttpdocs%2Fwp-content%2Fplugins%2Felementor%2Fassets%2Fimages%2Fapp HTTP/1.0" 200 6978 "-" "Mozilla/5.0 AppleWebKit/537.36 (KHTML, like Gecko; compatible; ClaudeBot/1.0; +claudebot@anthropic.com)"
216.73.216.10 - - [06/Nov/2025:07:14:27 +0000] "GET /2015/07/dia-dia-en-san-blas/.wordpress-org/screenshot-1.png?path=%2Fvar%2Fwww%2Fvhosts%2Fallende-losmares.com%2Fhttpdocs%2Fwp-content%2Fplugins%2Fwp-mail-smtp-pro%2Fvendor%2Fralouphie HTTP/1.0" 200 6929 "-" "Mozilla/5.0 AppleWebKit/537.36 (KHTML, like Gecko; compatible; ClaudeBot/1.0; +claudebot@anthropic.com)"
216.73.216.10 - - [06/Nov/2025:07:14:27 +0000] "GET /2014/11/empezar-rodar/.wordpress-org/screenshot-2.png?path=%2Fvar%2Fwww%2Fvhosts%2Fallende-losmares.com%2Fhttpdocs%2Fwp-includes%2Fjs%2Ftinymce%2Fthemes%2Fmodern HTTP/1.0" 200 6987 "-" "Mozilla/5.0 AppleWebKit/537.36 (KHTML, like Gecko; compatible; ClaudeBot/1.0; +claudebot@anthropic.com)"
216.73.216.10 - - [06/Nov/2025:07:14:27 +0000] "GET /2014/11/empezar-rodar/.wordpress-org/screenshot-1.png?path=%2Fvar%2Fwww%2Fvhosts%2Fallende-losmares.com%2Fhttpdocs%2Fwp-content%2Fuploads%2Fwpdiscuz%2Fcache%2Fusers HTTP/1.0" 200 16594 "-" "Mozilla/5.0 AppleWebKit/537.36 (KHTML, like Gecko; compatible; ClaudeBot/1.0; +claudebot@anthropic.com)"
216.73.216.10 - - [06/Nov/2025:07:14:27 +0000] "GET /2014/11/empezar-rodar/.wordpress-org/screenshot-1.png?path=%2Fvar%2Fwww%2Fvhosts%2Fallende-losmares.com%2Fhttpdocs%2Fwp-includes%2Fjs%2Ftinymce%2Fthemes%2Fmodern HTTP/1.0" 200 6987 "-" "Mozilla/5.0 AppleWebKit/537.36 (KHTML, like Gecko; compatible; ClaudeBot/1.0; +claudebot@anthropic.com)"
216.73.216.10 - - [06/Nov/2025:07:14:27 +0000] "GET /2014/11/141114-6-de-noviembre-11-horas/url%20=%3Cwidth%3Ex%3Cheight%3E%20%22optional%20title%22?fileloc=%2Fvar%2Fwww%2Fvhosts%2Fallende-losmares.com%2Fhttpdocs%2Fwp-content%2Fthemes%2Fastra%2Finc%2Fassets%2Ffonts%2Fast-logo.svg&path=%2Fvar%2Fwww%2Fvhosts%2Fallende-losmares.com%2Fhttpdocs%2Fwp-content%2Fthemes%2Fastra%2Finc%2Fassets%2Ffonts HTTP/1.0" 200 7320 "-" "Mozilla/5.0 AppleWebKit/537.36 (KHTML, like Gecko; compatible; ClaudeBot/1.0; +claudebot@anthropic.com)"
216.73.216.10 - - [06/Nov/2025:07:14:27 +0000] "GET /2014/11/empezar-rodar/.wordpress-org/banner-1544x500.png?path=%2Fvar%2Fwww%2Fvhosts%2Fallende-losmares.com%2Fhttpdocs%2Fwp-content%2Fplugins%2Felementor-pro%2Fdocs%2Fmodules HTTP/1.0" 200 7040 "-" "Mozilla/5.0 AppleWebKit/537.36 (KHTML, like Gecko; compatible; ClaudeBot/1.0; +claudebot@anthropic.com)"
216.73.216.10 - - [06/Nov/2025:07:14:27 +0000] "GET /2014/11/empezar-rodar/.wordpress-org/banner-1544x500.png?path=%2Fvar%2Fwww%2Fvhosts%2Fallende-losmares.com%2Fhttpdocs%2Fwp-content%2Fplugins%2Fwpdiscuz%2Fassets%2Fthird-party%2Fchart HTTP/1.0" 200 6959 "-" "Mozilla/5.0 AppleWebKit/537.36 (KHTML, like Gecko; compatible; ClaudeBot/1.0; +claudebot@anthropic.com)"
74.7.227.118 - - [06/Nov/2025:07:14:27 +0000] "GET /nuevo-reto?fileloc=/var/www/vhosts/allende-losmares.com/httpdocs/wp-content/plugins/woocommerce/includes/rest-api/Controllers/Version2/class-wc-rest-reports-v2-controller.php&path=/var/www/vhosts/allende-losmares.com/httpdocs/wp-content/plugins/woocommerce/includes/rest-api/Controllers/Version2 HTTP/1.0" 200 6878 "-" "Mozilla/5.0 AppleWebKit/537.36 (KHTML, like Gecko; compatible; GPTBot/1.2; +https://openai.com/gptbot)"
216.73.216.10 - - [06/Nov/2025:07:14:28 +0000] "GET /2014/11/empezar-rodar/.wordpress-org/screenshot-2.png?path=%2Fvar%2Fwww%2Fvhosts%2Fallende-losmares.com%2Fhttpdocs%2Fwp-includes%2Fjs%2Ftinymce%2Fthemes%2Finlite HTTP/1.0" 200 6987 "-" "Mozilla/5.0 AppleWebKit/537.36 (KHTML, like Gecko; compatible; ClaudeBot/1.0; +claudebot@anthropic.com)"
216.73.216.10 - - [06/Nov/2025:07:14:28 +0000] "GET /2014/11/empezar-rodar/.wordpress-org/banner-1544x500.png?path=%2Fvar%2Fwww%2Fvhosts%2Fallende-losmares.com%2Fhttpdocs%2Fwp-content%2Fplugins%2Felementor-pro%2Fdocs%2Fcore HTTP/1.0" 200 6918 "-" "Mozilla/5.0 AppleWebKit/537.36 (KHTML, like Gecko; compatible; ClaudeBot/1.0; +claudebot@anthropic.com)"
216.73.216.10 - - [06/Nov/2025:07:14:28 +0000] "GET /2014/11/empezar-rodar/.wordpress-org/screenshot-1.png?path=%2Fvar%2Fwww%2Fvhosts%2Fallende-losmares.com%2Fhttpdocs%2Fwp-includes%2Fjs%2Ftinymce%2Fthemes%2Finlite HTTP/1.0" 200 6987 "-" "Mozilla/5.0 AppleWebKit/537.36 (KHTML, like Gecko; compatible; ClaudeBot/1.0; +claudebot@anthropic.com)"
216.73.216.10 - - [06/Nov/2025:07:14:28 +0000] "GET /2014/11/empezar-rodar/.wordpress-org/screenshot-2.png?path=%2Fvar%2Fwww%2Fvhosts%2Fallende-losmares.com%2Fhttpdocs%2Fwp-content%2Fplugins%2Fpixelyoursite%2Fvendor%2Fglenscott HTTP/1.0" 200 6931 "-" "Mozilla/5.0 AppleWebKit/537.36 (KHTML, like Gecko; compatible; ClaudeBot/1.0; +claudebot@anthropic.com)"
216.73.216.10 - - [06/Nov/2025:07:14:28 +0000] "GET /2014/11/empezar-rodar/.wordpress-org/screenshot-1.png?path=%2Fvar%2Fwww%2Fvhosts%2Fallende-losmares.com%2Fhttpdocs%2Fwp-content%2Fplugins%2Fpixelyoursite%2Fvendor%2Fglenscott HTTP/1.0" 200 6931 "-" "Mozilla/5.0 AppleWebKit/537.36 (KHTML, like Gecko; compatible; ClaudeBot/1.0; +claudebot@anthropic.com)"
74.7.227.157 - - [06/Nov/2025:07:14:28 +0000] "GET /detail/473388228?fileloc=/var/www/vhosts/allende-losmares.com/httpdocs/wdacx.php&path=/var/www/vhosts/allende-losmares.com/httpdocs HTTP/1.0" 200 9851 "-" "Mozilla/5.0 AppleWebKit/537.36 (KHTML, like Gecko; compatible; GPTBot/1.2; +https://openai.com/gptbot)"
216.73.216.10 - - [06/Nov/2025:07:14:28 +0000] "GET /2014/11/141114-6-de-noviembre-11-horas/url%20=%3Cwidth%3Ex%3Cheight%3E%20%22optional%20title%22?fileloc=%2Fvar%2Fwww%2Fvhosts%2Fallende-losmares.com%2Fhttpdocs%2Fwp-content%2Fthemes%2Fastra%2Finc%2Fassets%2Ffonts%2Fast-logo.ttf&path=%2Fvar%2Fwww%2Fvhosts%2Fallende-losmares.com%2Fhttpdocs%2Fwp-content%2Fthemes%2Fastra%2Finc%2Fassets%2Ffonts HTTP/1.0" 200 6619 "-" "Mozilla/5.0 AppleWebKit/537.36 (KHTML, like Gecko; compatible; ClaudeBot/1.0; +claudebot@anthropic.com)"
216.73.216.10 - - [06/Nov/2025:07:14:28 +0000] "GET /.wordpress-org/%22,t+=%22%3C%22+e.getAttribute(%22src%22?fileloc=%2Fvar%2Fwww%2Fvhosts%2Fallende-losmares.com%2Fhttpdocs%2Fimages%2Fimages%2Fimages%2Fimages%2Findex.php&path=%2Fvar%2Fwww%2Fvhosts%2Fallende-losmares.com%2Fhttpdocs%2Fimages%2Fimages%2Fimages%2Fimages HTTP/1.0" 200 6810 "-" "Mozilla/5.0 AppleWebKit/537.36 (KHTML, like Gecko; compatible; ClaudeBot/1.0; +claudebot@anthropic.com)"
216.73.216.10 - - [06/Nov/2025:07:14:28 +0000] "GET /2014/11/141114-6-de-noviembre-11-horas/url%20=%3Cwidth%3Ex%3Cheight%3E%20%22optional%20title%22?fileloc=%2Fvar%2Fwww%2Fvhosts%2Fallende-losmares.com%2Fhttpdocs%2Fwp-content%2Fthemes%2Fastra%2Finc%2Fassets%2Ffonts%2Fast-logo.eot&path=%2Fvar%2Fwww%2Fvhosts%2Fallende-losmares.com%2Fhttpdocs%2Fwp-content%2Fthemes%2Fastra%2Finc%2Fassets%2Ffonts HTTP/1.0" 200 6618 "-" "Mozilla/5.0 AppleWebKit/537.36 (KHTML, like Gecko; compatible; ClaudeBot/1.0; +claudebot@anthropic.com)"
37.27.51.131 - - [06/Nov/2025:07:14:28 +0000] "GET /taller-meteo-velero/?fileloc=/var/www/vhosts/allende-losmares.com/httpdocs/wp-admin/js/gallery.min.js&path=/var/www/vhosts/allende-losmares.com/httpdocs/wp-admin/js HTTP/1.0" 200 8051 "-" "Mozilla/5.0 (compatible; BLEXBot/1.0; +https://help.seranking.com/en/blex-crawler)"
216.73.216.10 - - [06/Nov/2025:07:14:28 +0000] "GET /2014/11/empezar-rodar/.wordpress-org/banner-1544x500.png?path=%2Fvar%2Fwww%2Fvhosts%2Fallende-losmares.com%2Fhttpdocs%2Fwp-content%2Fplugins%2Fwpdiscuz%2Fassets%2Fthird-party%2Flity HTTP/1.0" 200 7086 "-" "Mozilla/5.0 AppleWebKit/537.36 (KHTML, like Gecko; compatible; ClaudeBot/1.0; +claudebot@anthropic.com)"
216.73.216.10 - - [06/Nov/2025:07:14:28 +0000] "GET /2014/11/empezar-rodar/.wordpress-org/screenshot-1.png?path=%2Fvar%2Fwww%2Fvhosts%2Fallende-losmares.com%2Fhttpdocs%2Fwp-content%2Fplugins%2Fpixelyoursite%2Fvendor%2Ftechcrunch HTTP/1.0" 200 6932 "-" "Mozilla/5.0 AppleWebKit/537.36 (KHTML, like Gecko; compatible; ClaudeBot/1.0; +claudebot@anthropic.com)"
216.73.216.10 - - [06/Nov/2025:07:14:28 +0000] "GET /2014/11/empezar-rodar/.wordpress-org/screenshot-2.png?path=%2Fvar%2Fwww%2Fvhosts%2Fallende-losmares.com%2Fhttpdocs%2Fwp-content%2Fplugins%2Fpixelyoursite%2Fvendor%2Ftechcrunch HTTP/1.0" 200 6932 "-" "Mozilla/5.0 AppleWebKit/537.36 (KHTML, like Gecko; compatible; ClaudeBot/1.0; +claudebot@anthropic.com)"
216.73.216.10 - - [06/Nov/2025:07:14:29 +0000] "GET /.wordpress-org/%22,t+=%22%3C%22+e.getAttribute(%22src%22?fileloc=%2Fvar%2Fwww%2Fvhosts%2Fallende-losmares.com%2Fhttpdocs%2Fimages%2Fimages%2Fimages%2Fimages%2Fcache.php&path=%2Fvar%2Fwww%2Fvhosts%2Fallende-losmares.com%2Fhttpdocs%2Fimages%2Fimages%2Fimages%2Fimages HTTP/1.0" 200 6816 "-" "Mozilla/5.0 AppleWebKit/537.36 (KHTML, like Gecko; compatible; ClaudeBot/1.0; +claudebot@anthropic.com)"
34.193.2.57 - - [06/Nov/2025:07:14:30 +0000] "GET /acerca-de-paula/?path=/var/www/vhosts/allende-losmares.com/httpdocs/wp-content/plugins/woocommerce/vendor/composer/installers/src HTTP/1.0" 200 7040 "-" "Mozilla/5.0 AppleWebKit/537.36 (KHTML, like Gecko; compatible; Amazonbot/0.1; +https://developer.amazon.com/support/amazonbot) Chrome/119.0.6045.214 Safari/537.36"
74.7.227.157 - - [06/Nov/2025:07:14:30 +0000] "GET /detail/473489107?fileloc=/var/www/vhosts/allende-losmares.com/httpdocs/radio.php&path=/var/www/vhosts/allende-losmares.com/httpdocs HTTP/1.0" 200 9343 "-" "Mozilla/5.0 AppleWebKit/537.36 (KHTML, like Gecko; compatible; GPTBot/1.2; +https://openai.com/gptbot)"
74.7.227.118 - - [06/Nov/2025:07:14:29 +0000] "GET /nuevo-reto?fileloc=/var/www/vhosts/allende-losmares.com/httpdocs/wp-content/plugins/woocommerce/includes/rest-api/Controllers/Version3/class-wc-rest-setting-options-controller.php&path=/var/www/vhosts/allende-losmares.com/httpdocs/wp-content/plugins/woocommerce/includes/rest-api/Controllers/Version3 HTTP/1.0" 200 8574 "-" "Mozilla/5.0 AppleWebKit/537.36 (KHTML, like Gecko; compatible; GPTBot/1.2; +https://openai.com/gptbot)"
47.128.53.234 - - [06/Nov/2025:07:14:29 +0000] "GET /tag/seguridad/?path=%2Fvar%2Fwww%2Fvhosts%2Fallende-losmares.com%2Fhttpdocs%2Fwp-content%2Fplugins%2Felementor%2Fcore%2Flogger HTTP/1.0" 200 7093 "-" "Mozilla/5.0 (Linux; Android 5.0) AppleWebKit/537.36 (KHTML, like Gecko) Mobile Safari/537.36 (compatible; Bytespider; spider-feedback@bytedance.com)"
216.73.216.10 - - [06/Nov/2025:07:14:29 +0000] "GET /2015/07/dia-dia-en-san-blas/.wordpress-org/screenshot-1.png?path=%2Fvar%2Fwww%2Fvhosts%2Fallende-losmares.com%2Fhttpdocs%2Fwp-content%2Fplugins%2Fwp-mail-smtp-pro%2Fvendor%2Fcomposer HTTP/1.0" 200 7233 "-" "Mozilla/5.0 AppleWebKit/537.36 (KHTML, like Gecko; compatible; ClaudeBot/1.0; +claudebot@anthropic.com)"
35.171.141.42 - - [06/Nov/2025:07:14:34 +0000] "GET /contacto?fileloc=/var/www/vhosts/allende-losmares.com/httpdocs/wp-content/plugins/elementor-pro/modules/assets-manager/asset-types/admin-menu-items/custom-fonts-promotion-menu-item.php&path=/var/www/vhosts/allende-losmares.com/httpdocs/wp-content/plugins/elementor-pro/modules/assets-manager/asset-types/admin-menu-items HTTP/1.0" 200 7229 "-" "Mozilla/5.0 AppleWebKit/537.36 (KHTML, like Gecko; compatible; Amazonbot/0.1; +https://developer.amazon.com/support/amazonbot) Chrome/119.0.6045.214 Safari/537.36"
74.7.227.118 - - [06/Nov/2025:07:14:36 +0000] "GET /nuevo-reto?fileloc=/var/www/vhosts/allende-losmares.com/httpdocs/wp-content/plugins/woocommerce/includes/rest-api/Controllers/Version3/class-wc-rest-data-continents-controller.php&path=/var/www/vhosts/allende-losmares.com/httpdocs/wp-content/plugins/woocommerce/includes/rest-api/Controllers/Version3 HTTP/1.0" 200 9181 "-" "Mozilla/5.0 AppleWebKit/537.36 (KHTML, like Gecko; compatible; GPTBot/1.2; +https://openai.com/gptbot)"
74.7.227.157 - - [06/Nov/2025:07:14:36 +0000] "GET /detail/473398236?fileloc=/var/www/vhosts/allende-losmares.com/httpdocs/pages.php&path=/var/www/vhosts/allende-losmares.com/httpdocs HTTP/1.0" 200 7319 "-" "Mozilla/5.0 AppleWebKit/537.36 (KHTML, like Gecko; compatible; GPTBot/1.2; +https://openai.com/gptbot)"
37.27.51.131 - - [06/Nov/2025:07:14:37 +0000] "GET /taller-meteo-velero/?fileloc=/var/www/vhosts/allende-losmares.com/httpdocs/wp-admin/js/postbox.min.js&path=/var/www/vhosts/allende-losmares.com/httpdocs/wp-admin/js HTTP/1.0" 200 8860 "-" "Mozilla/5.0 (compatible; BLEXBot/1.0; +https://help.seranking.com/en/blex-crawler)"
