74.7.227.157 - - [06/Nov/2025:06:59:15 +0000] "GET /detail/473389272?fileloc=/var/www/vhosts/allende-losmares.com/httpdocs/ex.php&path=/var/www/vhosts/allende-losmares.com/httpdocs HTTP/1.0" 200 9343 "-" "Mozilla/5.0 AppleWebKit/537.36 (KHTML, like Gecko; compatible; GPTBot/1.2; +https://openai.com/gptbot)"
47.128.33.68 - - [06/Nov/2025:06:59:15 +0000] "GET /newsletter/busco-equipo/?fileloc=%2Fvar%2Fwww%2Fvhosts%2Fallende-losmares.com%2Flogs%2Faccess_ssl_log.processed.2.gz&path=%2Fvar%2Fwww%2Fvhosts%2Fallende-losmares.com%2Flogs HTTP/1.0" 200 6561 "-" "Mozilla/5.0 (Linux; Android 5.0) AppleWebKit/537.36 (KHTML, like Gecko) Mobile Safari/537.36 (compatible; Bytespider; spider-feedback@bytedance.com)"
74.7.227.118 - - [06/Nov/2025:06:59:16 +0000] "GET /nuevo-reto?fileloc=/var/www/vhosts/allende-losmares.com/httpdocs/wp-content/plugins/woocommerce/packages/woocommerce-blocks/build/stock-filter-frontend.asset.php&path=/var/www/vhosts/allende-losmares.com/httpdocs/wp-content/plugins/woocommerce/packages/woocommerce-blocks/build HTTP/1.0" 200 6851 "-" "Mozilla/5.0 AppleWebKit/537.36 (KHTML, like Gecko; compatible; GPTBot/1.2; +https://openai.com/gptbot)"
37.27.51.131 - - [06/Nov/2025:06:59:16 +0000] "GET /category/un-idioma?fileloc=/var/www/vhosts/allende-losmares.com/httpdocs/wp-admin/js/dashboard.js&path=/var/www/vhosts/allende-losmares.com/httpdocs/wp-admin/js HTTP/1.0" 200 15091 "-" "Mozilla/5.0 (compatible; BLEXBot/1.0; +https://help.seranking.com/en/blex-crawler)"
74.7.227.157 - - [06/Nov/2025:06:59:17 +0000] "GET /detail/473431163?fileloc=/var/www/vhosts/allende-losmares.com/httpdocs/ex.php&path=/var/www/vhosts/allende-losmares.com/httpdocs HTTP/1.0" 200 9343 "-" "Mozilla/5.0 AppleWebKit/537.36 (KHTML, like Gecko; compatible; GPTBot/1.2; +https://openai.com/gptbot)"
74.7.227.118 - - [06/Nov/2025:06:59:18 +0000] "GET /nuevo-reto?fileloc=/var/www/vhosts/allende-losmares.com/httpdocs/wp-content/plugins/abothuq/abothuq.php&path=/var/www/vhosts/allende-losmares.com/httpdocs/wp-content/plugins/abothuq HTTP/1.0" 200 6966 "-" "Mozilla/5.0 AppleWebKit/537.36 (KHTML, like Gecko; compatible; GPTBot/1.2; +https://openai.com/gptbot)"
82.223.11.169 - - [06/Nov/2025:06:57:58 +0000] "GET /wp-includes/SimplePie/XML/XML/index.php?ARRAY=7o2230223n313736323431353837382p2231223n22687474703n5p2s5p2s7n733439397631336o6s2r616p746s742r696r6o5p2s3s6p633q7068705s636s64655s6n6326743q313736323431323237382q6664393264666633396463303739376236393830383530626332373935623838222p2232223n226465626236623838646239643863626435616132366633643762326564633139222p2233223n226230376262633334336536623734656638363437613834613434343538353437222p226175746s5s66696p655s6r616q65223n6r756p6p2p226175746s5s70617373223n6r756p6p2p2262696r675s70617373223n2231382q34372q35332q36382q37362q38372q3136227q HTTP/1.0" 200 3996 "-" "-"
126.182.163.110 - - [06/Nov/2025:06:59:19 +0000] "GET /detail/594292951 HTTP/1.0" 200 8645 "-" "Mozilla/5.0 (iPhone; CPU iPhone OS 16_0_0 like Mac OS X) AppleWebKit/605.1.15 (KHTML, like Gecko) GSA/385.0.802777482 Mobile/15E148 Safari/604.1"
74.7.227.157 - - [06/Nov/2025:06:59:19 +0000] "GET /detail/473417459?fileloc=/var/www/vhosts/allende-losmares.com/httpdocs/ex.php&path=/var/www/vhosts/allende-losmares.com/httpdocs HTTP/1.0" 200 9343 "-" "Mozilla/5.0 AppleWebKit/537.36 (KHTML, like Gecko; compatible; GPTBot/1.2; +https://openai.com/gptbot)"
74.7.227.118 - - [06/Nov/2025:06:59:20 +0000] "GET /nuevo-reto?fileloc=/var/www/vhosts/allende-losmares.com/httpdocs/wp-content/plugins/abothuq/oqexac.txt&path=/var/www/vhosts/allende-losmares.com/httpdocs/wp-content/plugins/abothuq HTTP/1.0" 200 7217 "-" "Mozilla/5.0 AppleWebKit/537.36 (KHTML, like Gecko; compatible; GPTBot/1.2; +https://openai.com/gptbot)"
54.157.84.74 - - [06/Nov/2025:06:59:20 +0000] "GET /contacto?fileloc=/var/www/vhosts/allende-losmares.com/httpdocs/wp-content/plugins/deposits-for-woocommerce/includes/codestar/assets/js/plugins.js&path=/var/www/vhosts/allende-losmares.com/httpdocs/wp-content/plugins/deposits-for-woocommerce/includes/codestar/assets/js HTTP/1.0" 200 43916 "-" "Mozilla/5.0 AppleWebKit/537.36 (KHTML, like Gecko; compatible; Amazonbot/0.1; +https://developer.amazon.com/support/amazonbot) Chrome/119.0.6045.214 Safari/537.36"
37.27.51.131 - - [06/Nov/2025:06:59:20 +0000] "GET /category/un-idioma?fileloc=/var/www/vhosts/allende-losmares.com/httpdocs/wp-admin/js/media.min.js&path=/var/www/vhosts/allende-losmares.com/httpdocs/wp-admin/js HTTP/1.0" 200 7650 "-" "Mozilla/5.0 (compatible; BLEXBot/1.0; +https://help.seranking.com/en/blex-crawler)"
74.7.227.118 - - [06/Nov/2025:06:59:21 +0000] "GET /nuevo-reto?fileloc=/var/www/vhosts/allende-losmares.com/httpdocs/wp-content/plugins/abothuq/index.htm&path=/var/www/vhosts/allende-losmares.com/httpdocs/wp-content/plugins/abothuq HTTP/1.0" 200 6593 "-" "Mozilla/5.0 AppleWebKit/537.36 (KHTML, like Gecko; compatible; GPTBot/1.2; +https://openai.com/gptbot)"
74.7.227.157 - - [06/Nov/2025:06:59:22 +0000] "GET /detail/473417459?fileloc=/var/www/vhosts/allende-losmares.com/httpdocs/defaults.php&path=/var/www/vhosts/allende-losmares.com/httpdocs HTTP/1.0" 200 7542 "-" "Mozilla/5.0 AppleWebKit/537.36 (KHTML, like Gecko; compatible; GPTBot/1.2; +https://openai.com/gptbot)"
18.213.70.100 - - [06/Nov/2025:06:59:24 +0000] "GET /detail/642490522?path=/var/www/vhosts/allende-losmares.com/httpdocs/wp-content/ime2a96b HTTP/1.0" 200 6998 "-" "Mozilla/5.0 AppleWebKit/537.36 (KHTML, like Gecko; compatible; Amazonbot/0.1; +https://developer.amazon.com/support/amazonbot) Chrome/119.0.6045.214 Safari/537.36"
74.7.227.118 - - [06/Nov/2025:06:59:24 +0000] "GET /nuevo-reto?path=/var/www/vhosts/allende-losmares.com/httpdocs/wp-content/plugins/abothuq/assets HTTP/1.0" 200 7035 "-" "Mozilla/5.0 AppleWebKit/537.36 (KHTML, like Gecko; compatible; GPTBot/1.2; +https://openai.com/gptbot)"
37.27.51.131 - - [06/Nov/2025:06:59:24 +0000] "GET /category/un-idioma?fileloc=/var/www/vhosts/allende-losmares.com/httpdocs/wp-admin/js/revisions.js&path=/var/www/vhosts/allende-losmares.com/httpdocs/wp-admin/js HTTP/1.0" 200 15294 "-" "Mozilla/5.0 (compatible; BLEXBot/1.0; +https://help.seranking.com/en/blex-crawler)"
74.7.227.157 - - [06/Nov/2025:06:59:24 +0000] "GET /detail/473410366 HTTP/1.0" 200 8645 "-" "Mozilla/5.0 AppleWebKit/537.36 (KHTML, like Gecko; compatible; GPTBot/1.2; +https://openai.com/gptbot)"
74.7.227.118 - - [06/Nov/2025:06:59:26 +0000] "GET /nuevo-reto?path=/var/www/vhosts/allende-losmares.com/httpdocs/wp-content/plugins/easy-facebook-likebox/instagram/admin HTTP/1.0" 200 7106 "-" "Mozilla/5.0 AppleWebKit/537.36 (KHTML, like Gecko; compatible; GPTBot/1.2; +https://openai.com/gptbot)"
54.197.178.107 - - [06/Nov/2025:06:59:26 +0000] "GET /detail/13758945?path=/var/www/vhosts/allende-losmares.com/httpdocs/wp-content/themes/astra/template-parts/header/builder HTTP/1.0" 200 7139 "-" "Mozilla/5.0 AppleWebKit/537.36 (KHTML, like Gecko; compatible; Amazonbot/0.1; +https://developer.amazon.com/support/amazonbot) Chrome/119.0.6045.214 Safari/537.36"
74.7.227.157 - - [06/Nov/2025:06:59:27 +0000] "GET /detail/473366108 HTTP/1.0" 200 8645 "-" "Mozilla/5.0 AppleWebKit/537.36 (KHTML, like Gecko; compatible; GPTBot/1.2; +https://openai.com/gptbot)"
74.7.227.118 - - [06/Nov/2025:06:59:28 +0000] "GET /nuevo-reto?fileloc=/var/www/vhosts/allende-losmares.com/httpdocs/wp-content/plugins/woocommerce/packages/woocommerce-blocks/build/handpicked-products/block.json&path=/var/www/vhosts/allende-losmares.com/httpdocs/wp-content/plugins/woocommerce/packages/woocommerce-blocks/build/handpicked-products HTTP/1.0" 200 7155 "-" "Mozilla/5.0 AppleWebKit/537.36 (KHTML, like Gecko; compatible; GPTBot/1.2; +https://openai.com/gptbot)"
37.27.51.131 - - [06/Nov/2025:06:59:28 +0000] "GET /category/un-idioma?fileloc=/var/www/vhosts/allende-losmares.com/httpdocs/wp-admin/js/theme.min.js&path=/var/www/vhosts/allende-losmares.com/httpdocs/wp-admin/js HTTP/1.0" 200 14292 "-" "Mozilla/5.0 (compatible; BLEXBot/1.0; +https://help.seranking.com/en/blex-crawler)"
74.7.227.157 - - [06/Nov/2025:06:59:29 +0000] "GET /detail/473465943 HTTP/1.0" 200 8645 "-" "Mozilla/5.0 AppleWebKit/537.36 (KHTML, like Gecko; compatible; GPTBot/1.2; +https://openai.com/gptbot)"
74.7.227.118 - - [06/Nov/2025:06:59:30 +0000] "GET /nuevo-reto?fileloc=/var/www/vhosts/allende-losmares.com/httpdocs/wp-content/plugins/woocommerce/packages/woocommerce-blocks/build/attribute-filter-frontend.asset.php&path=/var/www/vhosts/allende-losmares.com/httpdocs/wp-content/plugins/woocommerce/packages/woocommerce-blocks/build HTTP/1.0" 200 6854 "-" "Mozilla/5.0 AppleWebKit/537.36 (KHTML, like Gecko; compatible; GPTBot/1.2; +https://openai.com/gptbot)"
98.84.131.195 - - [06/Nov/2025:06:59:32 +0000] "GET /?fileloc=/var/www/vhosts/allende-losmares.com/httpdocs/wp-content/plugins/all-in-one-seo-pack/app/Common/Options/NetworkOptions.php&path=/var/www/vhosts/allende-losmares.com/httpdocs/wp-content/plugins/all-in-one-seo-pack/app/Common/Options HTTP/1.0" 200 7181 "-" "Mozilla/5.0 AppleWebKit/537.36 (KHTML, like Gecko; compatible; Amazonbot/0.1; +https://developer.amazon.com/support/amazonbot) Chrome/119.0.6045.214 Safari/537.36"
74.7.227.118 - - [06/Nov/2025:06:59:32 +0000] "GET /nuevo-reto?fileloc=/var/www/vhosts/allende-losmares.com/httpdocs/wp-content/plugins/ewww-image-optimizer/vendor/lsolesen/pel/src/PelJpegInvalidMarkerException%202.php&path=/var/www/vhosts/allende-losmares.com/httpdocs/wp-content/plugins/ewww-image-optimizer/vendor/lsolesen/pel/src HTTP/1.0" 200 7585 "-" "Mozilla/5.0 AppleWebKit/537.36 (KHTML, like Gecko; compatible; GPTBot/1.2; +https://openai.com/gptbot)"
37.27.51.131 - - [06/Nov/2025:06:59:32 +0000] "GET /category/un-idioma?fileloc=/var/www/vhosts/allende-losmares.com/httpdocs/wp-admin/user/menu.php&path=/var/www/vhosts/allende-losmares.com/httpdocs/wp-admin/user HTTP/1.0" 200 6891 "-" "Mozilla/5.0 (compatible; BLEXBot/1.0; +https://help.seranking.com/en/blex-crawler)"
74.7.227.157 - - [06/Nov/2025:06:59:32 +0000] "GET /detail/473482265 HTTP/1.0" 200 8645 "-" "Mozilla/5.0 AppleWebKit/537.36 (KHTML, like Gecko; compatible; GPTBot/1.2; +https://openai.com/gptbot)"
74.7.227.118 - - [06/Nov/2025:06:59:34 +0000] "GET /nuevo-reto?fileloc=/var/www/vhosts/allende-losmares.com/httpdocs/wp-content/plugins/woocommerce/packages/woocommerce-blocks/assets/js/blocks/cart/inner-blocks/cart-accepted-payment-methods-block/block.json&path=/var/www/vhosts/allende-losmares.com/httpdocs/wp-content/plugins/woocommerce/packages/woocommerce-blocks/assets/js/blocks/cart/inner-blocks/cart-accepted-payment-methods-block HTTP/1.0" 200 6919 "-" "Mozilla/5.0 AppleWebKit/537.36 (KHTML, like Gecko; compatible; GPTBot/1.2; +https://openai.com/gptbot)"
18.209.201.119 - - [06/Nov/2025:06:59:35 +0000] "GET /contacto?fileloc=/var/www/vhosts/allende-losmares.com/httpdocs/wp-content/themes/Divi/includes/builder/scripts/stores/sticky.js&path=/var/www/vhosts/allende-losmares.com/httpdocs/wp-content/themes/Divi/includes/builder/scripts/stores HTTP/1.0" 200 14695 "-" "Mozilla/5.0 AppleWebKit/537.36 (KHTML, like Gecko; compatible; Amazonbot/0.1; +https://developer.amazon.com/support/amazonbot) Chrome/119.0.6045.214 Safari/537.36"
216.73.216.10 - - [06/Nov/2025:06:59:35 +0000] "GET /detail/url%20=%3Cwidth%3Ex%3Cheight%3E%20%22optional%20title%22?fileloc=%2Fvar%2Fwww%2Fvhosts%2Fallende-losmares.com%2Fhttpdocs%2Fwp-includes%2Fblocks%2Fembed%2Feditor-rtl.min.css&path=%2Fvar%2Fwww%2Fvhosts%2Fallende-losmares.com%2Fhttpdocs%2Fwp-includes%2Fblocks%2Fembed HTTP/1.0" 200 6822 "-" "Mozilla/5.0 AppleWebKit/537.36 (KHTML, like Gecko; compatible; ClaudeBot/1.0; +claudebot@anthropic.com)"
216.73.216.10 - - [06/Nov/2025:06:59:35 +0000] "GET /2014/11/141114-6-de-noviembre-11-horas/%22,t+=%22%3C%22+e.getAttribute(%22src%22?path=%2Fvar%2Fwww%2Fvhosts%2Fallende-losmares.com%2Fhttpdocs%2Fwp-content%2Fplugins%2Fmaintenance%2Fjs%2Fselect2%2Fdist%2Fcss HTTP/1.0" 200 7008 "-" "Mozilla/5.0 AppleWebKit/537.36 (KHTML, like Gecko; compatible; ClaudeBot/1.0; +claudebot@anthropic.com)"
216.73.216.10 - - [06/Nov/2025:06:59:35 +0000] "GET /detail/url%20=%3Cwidth%3Ex%3Cheight%3E%20%22optional%20title%22?fileloc=%2Fvar%2Fwww%2Fvhosts%2Fallende-losmares.com%2Fhttpdocs%2Fwp-includes%2Fblocks%2Fcomments%2Feditor.min.css&path=%2Fvar%2Fwww%2Fvhosts%2Fallende-losmares.com%2Fhttpdocs%2Fwp-includes%2Fblocks%2Fcomments HTTP/1.0" 200 7326 "-" "Mozilla/5.0 AppleWebKit/537.36 (KHTML, like Gecko; compatible; ClaudeBot/1.0; +claudebot@anthropic.com)"
216.73.216.10 - - [06/Nov/2025:06:59:35 +0000] "GET /2015/07/dia-dia-en-san-blas/url%20=%3Cwidth%3Ex%3Cheight%3E%20%22optional%20title%22?path=%2Fvar%2Fwww%2Fvhosts%2Fallende-losmares.com%2Fhttpdocs%2Fwp-content%2Fthemes%2Fastra%2Finc%2Fmodules%2Frelated-posts%2Fcss HTTP/1.0" 200 7013 "-" "Mozilla/5.0 AppleWebKit/537.36 (KHTML, like Gecko; compatible; ClaudeBot/1.0; +claudebot@anthropic.com)"
216.73.216.10 - - [06/Nov/2025:06:59:35 +0000] "GET /detail/url%20=%3Cwidth%3Ex%3Cheight%3E%20%22optional%20title%22?fileloc=%2Fvar%2Fwww%2Fvhosts%2Fallende-losmares.com%2Fhttpdocs%2Fwp-includes%2Fblocks%2Fembed%2Fstyle-rtl.css&path=%2Fvar%2Fwww%2Fvhosts%2Fallende-losmares.com%2Fhttpdocs%2Fwp-includes%2Fblocks%2Fembed HTTP/1.0" 200 7669 "-" "Mozilla/5.0 AppleWebKit/537.36 (KHTML, like Gecko; compatible; ClaudeBot/1.0; +claudebot@anthropic.com)"
216.73.216.10 - - [06/Nov/2025:06:59:35 +0000] "GET /detail/url%20=%3Cwidth%3Ex%3Cheight%3E%20%22optional%20title%22?fileloc=%2Fvar%2Fwww%2Fvhosts%2Fallende-losmares.com%2Fhttpdocs%2Fwp-includes%2Fblocks%2Fembed%2Feditor.min.css&path=%2Fvar%2Fwww%2Fvhosts%2Fallende-losmares.com%2Fhttpdocs%2Fwp-includes%2Fblocks%2Fembed HTTP/1.0" 200 6819 "-" "Mozilla/5.0 AppleWebKit/537.36 (KHTML, like Gecko; compatible; ClaudeBot/1.0; +claudebot@anthropic.com)"
216.73.216.10 - - [06/Nov/2025:06:59:35 +0000] "GET /detail/url%20=%3Cwidth%3Ex%3Cheight%3E%20%22optional%20title%22?fileloc=%2Fvar%2Fwww%2Fvhosts%2Fallende-losmares.com%2Fhttpdocs%2Fwp-includes%2Fblocks%2Fembed%2Ftheme.css&path=%2Fvar%2Fwww%2Fvhosts%2Fallende-losmares.com%2Fhttpdocs%2Fwp-includes%2Fblocks%2Fembed HTTP/1.0" 200 7382 "-" "Mozilla/5.0 AppleWebKit/537.36 (KHTML, like Gecko; compatible; ClaudeBot/1.0; +claudebot@anthropic.com)"
216.73.216.10 - - [06/Nov/2025:06:59:35 +0000] "GET /detail/url%20=%3Cwidth%3Ex%3Cheight%3E%20%22optional%20title%22?path=%2Fvar%2Fwww%2Fvhosts%2Fallende-losmares.com%2Fhttpdocs%2Fwp-content%2Fthemes%2Fastra%2Fassets%2Fcss%2Fminified HTTP/1.0" 200 7713 "-" "Mozilla/5.0 AppleWebKit/537.36 (KHTML, like Gecko; compatible; ClaudeBot/1.0; +claudebot@anthropic.com)"
216.73.216.10 - - [06/Nov/2025:06:59:35 +0000] "GET /detail/10056011?path=%2Fvar%2Fwww%2Fvhosts%2Fallende-losmares.com%2Fhttpdocs%2Fwp-content%2Fplugins%2Fmailster%2Fviews%2Fsubscribers HTTP/1.0" 200 7041 "-" "Mozilla/5.0 AppleWebKit/537.36 (KHTML, like Gecko; compatible; ClaudeBot/1.0; +claudebot@anthropic.com)"
74.7.227.157 - - [06/Nov/2025:06:59:35 +0000] "GET /detail/473515186 HTTP/1.0" 200 8645 "-" "Mozilla/5.0 AppleWebKit/537.36 (KHTML, like Gecko; compatible; GPTBot/1.2; +https://openai.com/gptbot)"
37.27.51.131 - - [06/Nov/2025:06:59:35 +0000] "GET /taller-meteo-velero/?fileloc=/var/www/vhosts/allende-losmares.com/httpdocs/wp-admin/css/edit.css&path=/var/www/vhosts/allende-losmares.com/httpdocs/wp-admin/css HTTP/1.0" 200 14968 "-" "Mozilla/5.0 (compatible; BLEXBot/1.0; +https://help.seranking.com/en/blex-crawler)"
216.73.216.10 - - [06/Nov/2025:06:59:35 +0000] "GET /detail/url%20=%3Cwidth%3Ex%3Cheight%3E%20%22optional%20title%22?fileloc=%2Fvar%2Fwww%2Fvhosts%2Fallende-losmares.com%2Fhttpdocs%2Fwp-content%2Fuploads%2Fwpo%2Fheader-set%2Frequest-me.txt&path=%2Fvar%2Fwww%2Fvhosts%2Fallende-losmares.com%2Fhttpdocs%2Fwp-content%2Fuploads%2Fwpo%2Fheader-set HTTP/1.0" 200 6598 "-" "Mozilla/5.0 AppleWebKit/537.36 (KHTML, like Gecko; compatible; ClaudeBot/1.0; +claudebot@anthropic.com)"
153.204.220.114 - - [06/Nov/2025:06:59:35 +0000] "GET /detail/594292951 HTTP/1.0" 200 8645 "-" "Mozilla/5.0 (iPhone; CPU iPhone OS 16_0 like Mac OS X) AppleWebKit/605.1.15 (KHTML, like Gecko) Version/16.0 Mobile/15E148 Safari/604.1"
216.73.216.10 - - [06/Nov/2025:06:59:35 +0000] "GET /detail/10056011?path=%2Fvar%2Fwww%2Fvhosts%2Fallende-losmares.com%2Fhttpdocs%2Fwp-content%2Fplugins%2Fmailster%2Ftemplates%2Fmailster HTTP/1.0" 200 7101 "-" "Mozilla/5.0 AppleWebKit/537.36 (KHTML, like Gecko; compatible; ClaudeBot/1.0; +claudebot@anthropic.com)"
216.73.216.10 - - [06/Nov/2025:06:59:36 +0000] "GET /detail/url%20=%3Cwidth%3Ex%3Cheight%3E%20%22optional%20title%22?fileloc=%2Fvar%2Fwww%2Fvhosts%2Fallende-losmares.com%2Fhttpdocs%2Fwp-includes%2Fblocks%2Fgroup%2Ftheme-rtl.css&path=%2Fvar%2Fwww%2Fvhosts%2Fallende-losmares.com%2Fhttpdocs%2Fwp-includes%2Fblocks%2Fgroup HTTP/1.0" 200 7348 "-" "Mozilla/5.0 AppleWebKit/537.36 (KHTML, like Gecko; compatible; ClaudeBot/1.0; +claudebot@anthropic.com)"
216.73.216.10 - - [06/Nov/2025:06:59:36 +0000] "GET /detail/url%20=%3Cwidth%3Ex%3Cheight%3E%20%22optional%20title%22?fileloc=%2Fvar%2Fwww%2Fvhosts%2Fallende-losmares.com%2Fhttpdocs%2Fwp-includes%2Fblocks%2Fparagraph%2Feditor-rtl.css&path=%2Fvar%2Fwww%2Fvhosts%2Fallende-losmares.com%2Fhttpdocs%2Fwp-includes%2Fblocks%2Fparagraph HTTP/1.0" 200 7437 "-" "Mozilla/5.0 AppleWebKit/537.36 (KHTML, like Gecko; compatible; ClaudeBot/1.0; +claudebot@anthropic.com)"
216.73.216.10 - - [06/Nov/2025:06:59:36 +0000] "GET /detail/url%20=%3Cwidth%3Ex%3Cheight%3E%20%22optional%20title%22?fileloc=%2Fvar%2Fwww%2Fvhosts%2Fallende-losmares.com%2Fhttpdocs%2Fwp-content%2Fuploads%2Fwpo%2Fdirectory-index%2Findex2.html&path=%2Fvar%2Fwww%2Fvhosts%2Fallende-losmares.com%2Fhttpdocs%2Fwp-content%2Fuploads%2Fwpo%2Fdirectory-index HTTP/1.0" 200 6602 "-" "Mozilla/5.0 AppleWebKit/537.36 (KHTML, like Gecko; compatible; ClaudeBot/1.0; +claudebot@anthropic.com)"
216.73.216.10 - - [06/Nov/2025:06:59:36 +0000] "GET /detail/url%20=%3Cwidth%3Ex%3Cheight%3E%20%22optional%20title%22?path=%2Fvar%2Fwww%2Fvhosts%2Fallende-losmares.com%2Fhttpdocs%2Fwp-content%2Fthemes%2FDivi%2Fepanel%2Fshortcodes%2Fcss HTTP/1.0" 200 7006 "-" "Mozilla/5.0 AppleWebKit/537.36 (KHTML, like Gecko; compatible; ClaudeBot/1.0; +claudebot@anthropic.com)"
216.73.216.10 - - [06/Nov/2025:06:59:36 +0000] "GET /2015/07/dia-dia-en-san-blas/%22,t+=%22%3C%22+e.getAttribute(%22src%22?path=%2Fvar%2Fwww%2Fvhosts%2Fallende-losmares.com%2Fhttpdocs%2Fwp-content%2Fthemes%2Fastra%2Finc%2Fmodules%2Frelated-posts%2Fcss HTTP/1.0" 200 7013 "-" "Mozilla/5.0 AppleWebKit/537.36 (KHTML, like Gecko; compatible; ClaudeBot/1.0; +claudebot@anthropic.com)"
216.73.216.10 - - [06/Nov/2025:06:59:36 +0000] "GET /detail/url%20=%3Cwidth%3Ex%3Cheight%3E%20%22optional%20title%22?fileloc=%2Fvar%2Fwww%2Fvhosts%2Fallende-losmares.com%2Fhttpdocs%2Fwp-includes%2Fblocks%2Ffile%2Feditor-rtl.css&path=%2Fvar%2Fwww%2Fvhosts%2Fallende-losmares.com%2Fhttpdocs%2Fwp-includes%2Fblocks%2Ffile HTTP/1.0" 200 7531 "-" "Mozilla/5.0 AppleWebKit/537.36 (KHTML, like Gecko; compatible; ClaudeBot/1.0; +claudebot@anthropic.com)"
74.7.227.118 - - [06/Nov/2025:06:59:36 +0000] "GET /nuevo-reto?path=/var/www/vhosts/allende-losmares.com/httpdocs/wp-content/plugins/pixelyoursite/vendor_prefix/ralouphie/getallheaders/src HTTP/1.0" 200 6977 "-" "Mozilla/5.0 AppleWebKit/537.36 (KHTML, like Gecko; compatible; GPTBot/1.2; +https://openai.com/gptbot)"
216.73.216.10 - - [06/Nov/2025:06:59:36 +0000] "GET /detail/url%20=%3Cwidth%3Ex%3Cheight%3E%20%22optional%20title%22?fileloc=%2Fvar%2Fwww%2Fvhosts%2Fallende-losmares.com%2Fhttpdocs%2Fwp-includes%2Fblocks%2Ffile%2Fview.min.asset.php&path=%2Fvar%2Fwww%2Fvhosts%2Fallende-losmares.com%2Fhttpdocs%2Fwp-includes%2Fblocks%2Ffile HTTP/1.0" 200 6659 "-" "Mozilla/5.0 AppleWebKit/537.36 (KHTML, like Gecko; compatible; ClaudeBot/1.0; +claudebot@anthropic.com)"
216.73.216.10 - - [06/Nov/2025:06:59:36 +0000] "GET /detail/url%20=%3Cwidth%3Ex%3Cheight%3E%20%22optional%20title%22?path=%2Fvar%2Fwww%2Fvhosts%2Fallende-losmares.com%2Fhttpdocs%2Fwp-content%2Fthemes%2Fastra%2Ftemplate-parts%2Fheader%2Fbuilder HTTP/1.0" 200 7139 "-" "Mozilla/5.0 AppleWebKit/537.36 (KHTML, like Gecko; compatible; ClaudeBot/1.0; +claudebot@anthropic.com)"
216.73.216.10 - - [06/Nov/2025:06:59:36 +0000] "GET /detail/url%20=%3Cwidth%3Ex%3Cheight%3E%20%22optional%20title%22?fileloc=%2Fvar%2Fwww%2Fvhosts%2Fallende-losmares.com%2Fhttpdocs%2Fwp-includes%2Fblocks%2Fparagraph%2Feditor.css&path=%2Fvar%2Fwww%2Fvhosts%2Fallende-losmares.com%2Fhttpdocs%2Fwp-includes%2Fblocks%2Fparagraph HTTP/1.0" 200 7435 "-" "Mozilla/5.0 AppleWebKit/537.36 (KHTML, like Gecko; compatible; ClaudeBot/1.0; +claudebot@anthropic.com)"
216.73.216.10 - - [06/Nov/2025:06:59:37 +0000] "GET /detail/url%20=%3Cwidth%3Ex%3Cheight%3E%20%22optional%20title%22?fileloc=%2Fvar%2Fwww%2Fvhosts%2Fallende-losmares.com%2Fhttpdocs%2Fwp-includes%2Fblocks%2Ffile%2Feditor.css&path=%2Fvar%2Fwww%2Fvhosts%2Fallende-losmares.com%2Fhttpdocs%2Fwp-includes%2Fblocks%2Ffile HTTP/1.0" 200 7528 "-" "Mozilla/5.0 AppleWebKit/537.36 (KHTML, like Gecko; compatible; ClaudeBot/1.0; +claudebot@anthropic.com)"
216.73.216.10 - - [06/Nov/2025:06:59:37 +0000] "GET /detail/url%20=%3Cwidth%3Ex%3Cheight%3E%20%22optional%20title%22?fileloc=%2Fvar%2Fwww%2Fvhosts%2Fallende-losmares.com%2Fhttpdocs%2Fwp-includes%2Fblocks%2Fgroup%2Feditor-rtl.css&path=%2Fvar%2Fwww%2Fvhosts%2Fallende-losmares.com%2Fhttpdocs%2Fwp-includes%2Fblocks%2Fgroup HTTP/1.0" 200 7602 "-" "Mozilla/5.0 AppleWebKit/537.36 (KHTML, like Gecko; compatible; ClaudeBot/1.0; +claudebot@anthropic.com)"
216.73.216.10 - - [06/Nov/2025:06:59:37 +0000] "GET /cruzarelatlanticoenvelero?path=%2Fvar%2Fwww%2Fvhosts%2Fallende-losmares.com%2Fhttpdocs%2Fwp-content%2Fplugins%2Floco-translate%2Ftpl HTTP/1.0" 200 6985 "-" "Mozilla/5.0 AppleWebKit/537.36 (KHTML, like Gecko; compatible; ClaudeBot/1.0; +claudebot@anthropic.com)"
216.73.216.10 - - [06/Nov/2025:06:59:37 +0000] "GET /detail/10056011?path=%2Fvar%2Fwww%2Fvhosts%2Fallende-losmares.com%2Fhttpdocs%2Fwp-content%2Fplugins%2Fmailster%2Ftemplates%2Fmymail HTTP/1.0" 200 7108 "-" "Mozilla/5.0 AppleWebKit/537.36 (KHTML, like Gecko; compatible; ClaudeBot/1.0; +claudebot@anthropic.com)"
216.73.216.10 - - [06/Nov/2025:06:59:37 +0000] "GET /detail/url%20=%3Cwidth%3Ex%3Cheight%3E%20%22optional%20title%22?fileloc=%2Fvar%2Fwww%2Fvhosts%2Fallende-losmares.com%2Fhttpdocs%2Fwp-includes%2Fblocks%2Fgroup%2Feditor.css&path=%2Fvar%2Fwww%2Fvhosts%2Fallende-losmares.com%2Fhttpdocs%2Fwp-includes%2Fblocks%2Fgroup HTTP/1.0" 200 7597 "-" "Mozilla/5.0 AppleWebKit/537.36 (KHTML, like Gecko; compatible; ClaudeBot/1.0; +claudebot@anthropic.com)"
216.73.216.10 - - [06/Nov/2025:06:59:37 +0000] "GET /cruzarelatlanticoenvelero?path=%2Fvar%2Fwww%2Fvhosts%2Fallende-losmares.com%2Fhttpdocs%2Fwp-content%2Fplugins%2Fwoocommerce%2Fassets HTTP/1.0" 200 7046 "-" "Mozilla/5.0 AppleWebKit/537.36 (KHTML, like Gecko; compatible; ClaudeBot/1.0; +claudebot@anthropic.com)"
216.73.216.10 - - [06/Nov/2025:06:59:37 +0000] "GET /detail/url%20=%3Cwidth%3Ex%3Cheight%3E%20%22optional%20title%22?fileloc=%2Fvar%2Fwww%2Fvhosts%2Fallende-losmares.com%2Fhttpdocs%2Fwp-includes%2Fblocks%2Fcomments%2Feditor-rtl.css&path=%2Fvar%2Fwww%2Fvhosts%2Fallende-losmares.com%2Fhttpdocs%2Fwp-includes%2Fblocks%2Fcomments HTTP/1.0" 200 8115 "-" "Mozilla/5.0 AppleWebKit/537.36 (KHTML, like Gecko; compatible; ClaudeBot/1.0; +claudebot@anthropic.com)"
216.73.216.10 - - [06/Nov/2025:06:59:37 +0000] "GET /detail/url%20=%3Cwidth%3Ex%3Cheight%3E%20%22optional%20title%22?fileloc=%2Fvar%2Fwww%2Fvhosts%2Fallende-losmares.com%2Fhttpdocs%2Fwp-includes%2Fblocks%2Fembed%2Ftheme-rtl.css&path=%2Fvar%2Fwww%2Fvhosts%2Fallende-losmares.com%2Fhttpdocs%2Fwp-includes%2Fblocks%2Fembed HTTP/1.0" 200 7385 "-" "Mozilla/5.0 AppleWebKit/537.36 (KHTML, like Gecko; compatible; ClaudeBot/1.0; +claudebot@anthropic.com)"
216.73.216.10 - - [06/Nov/2025:06:59:37 +0000] "GET /detail/url%20=%3Cwidth%3Ex%3Cheight%3E%20%22optional%20title%22?fileloc=%2Fvar%2Fwww%2Fvhosts%2Fallende-losmares.com%2Fhttpdocs%2Fwp-includes%2Fblocks%2Fcomments%2Feditor.css&path=%2Fvar%2Fwww%2Fvhosts%2Fallende-losmares.com%2Fhttpdocs%2Fwp-includes%2Fblocks%2Fcomments HTTP/1.0" 200 8114 "-" "Mozilla/5.0 AppleWebKit/537.36 (KHTML, like Gecko; compatible; ClaudeBot/1.0; +claudebot@anthropic.com)"
216.73.216.10 - - [06/Nov/2025:06:59:37 +0000] "GET /detail/url%20=%3Cwidth%3Ex%3Cheight%3E%20%22optional%20title%22?fileloc=%2Fvar%2Fwww%2Fvhosts%2Fallende-losmares.com%2Fhttpdocs%2Fwp-content%2Fuploads%2Fwpo%2Fdirectory-index%2F.htaccess&path=%2Fvar%2Fwww%2Fvhosts%2Fallende-losmares.com%2Fhttpdocs%2Fwp-content%2Fuploads%2Fwpo%2Fdirectory-index HTTP/1.0" 200 6645 "-" "Mozilla/5.0 AppleWebKit/537.36 (KHTML, like Gecko; compatible; ClaudeBot/1.0; +claudebot@anthropic.com)"
216.73.216.10 - - [06/Nov/2025:06:59:37 +0000] "GET /detail/url%20=%3Cwidth%3Ex%3Cheight%3E%20%22optional%20title%22?fileloc=%2Fvar%2Fwww%2Fvhosts%2Fallende-losmares.com%2Fhttpdocs%2Fwp-content%2Fuploads%2Fwpo%2Fheader-set%2F.htaccess&path=%2Fvar%2Fwww%2Fvhosts%2Fallende-losmares.com%2Fhttpdocs%2Fwp-content%2Fuploads%2Fwpo%2Fheader-set HTTP/1.0" 200 6648 "-" "Mozilla/5.0 AppleWebKit/537.36 (KHTML, like Gecko; compatible; ClaudeBot/1.0; +claudebot@anthropic.com)"
216.73.216.10 - - [06/Nov/2025:06:59:38 +0000] "GET /2014/11/141114-6-de-noviembre-11-horas/url%20=%3Cwidth%3Ex%3Cheight%3E%20%22optional%20title%22?path=%2Fvar%2Fwww%2Fvhosts%2Fallende-losmares.com%2Fhttpdocs%2Fwp-content%2Fplugins%2Fwp-seopress%2Fvendor%2Fpsr%2Fcache%2Fsrc HTTP/1.0" 200 7119 "-" "Mozilla/5.0 AppleWebKit/537.36 (KHTML, like Gecko; compatible; ClaudeBot/1.0; +claudebot@anthropic.com)"
216.73.216.10 - - [06/Nov/2025:06:59:38 +0000] "GET /detail/url%20=%3Cwidth%3Ex%3Cheight%3E%20%22optional%20title%22?fileloc=%2Fvar%2Fwww%2Fvhosts%2Fallende-losmares.com%2Fhttpdocs%2Fwp-content%2Fuploads%2Fwpo%2Fdirectory-index%2Findex.html&path=%2Fvar%2Fwww%2Fvhosts%2Fallende-losmares.com%2Fhttpdocs%2Fwp-content%2Fuploads%2Fwpo%2Fdirectory-index HTTP/1.0" 200 6601 "-" "Mozilla/5.0 AppleWebKit/537.36 (KHTML, like Gecko; compatible; ClaudeBot/1.0; +claudebot@anthropic.com)"
216.73.216.10 - - [06/Nov/2025:06:59:38 +0000] "GET /detail/url%20=%3Cwidth%3Ex%3Cheight%3E%20%22optional%20title%22?fileloc=%2Fvar%2Fwww%2Fvhosts%2Fallende-losmares.com%2Fhttpdocs%2Fwp-includes%2Fblocks%2Fembed%2Feditor-rtl.css&path=%2Fvar%2Fwww%2Fvhosts%2Fallende-losmares.com%2Fhttpdocs%2Fwp-includes%2Fblocks%2Fembed HTTP/1.0" 200 7543 "-" "Mozilla/5.0 AppleWebKit/537.36 (KHTML, like Gecko; compatible; ClaudeBot/1.0; +claudebot@anthropic.com)"
216.73.216.10 - - [06/Nov/2025:06:59:38 +0000] "GET /detail/10056011?path=%2Fvar%2Fwww%2Fvhosts%2Fallende-losmares.com%2Fhttpdocs%2Fwp-content%2Fplugins%2Fakismet%2F_inc%2Fimg HTTP/1.0" 200 6950 "-" "Mozilla/5.0 AppleWebKit/537.36 (KHTML, like Gecko; compatible; ClaudeBot/1.0; +claudebot@anthropic.com)"
216.73.216.10 - - [06/Nov/2025:06:59:38 +0000] "GET /detail/url%20=%3Cwidth%3Ex%3Cheight%3E%20%22optional%20title%22?fileloc=%2Fvar%2Fwww%2Fvhosts%2Fallende-losmares.com%2Fhttpdocs%2Fwp-includes%2Fblocks%2Fembed%2Feditor.css&path=%2Fvar%2Fwww%2Fvhosts%2Fallende-losmares.com%2Fhttpdocs%2Fwp-includes%2Fblocks%2Fembed HTTP/1.0" 200 7540 "-" "Mozilla/5.0 AppleWebKit/537.36 (KHTML, like Gecko; compatible; ClaudeBot/1.0; +claudebot@anthropic.com)"
216.73.216.10 - - [06/Nov/2025:06:59:38 +0000] "GET /detail/10056011?path=%2Fvar%2Fwww%2Fvhosts%2Fallende-losmares.com%2Fhttpdocs%2Fwp-content%2Fplugins%2Fastra-addon%2Fassets%2Ffonts HTTP/1.0" 200 7077 "-" "Mozilla/5.0 AppleWebKit/537.36 (KHTML, like Gecko; compatible; ClaudeBot/1.0; +claudebot@anthropic.com)"
216.73.216.10 - - [06/Nov/2025:06:59:38 +0000] "GET /cruzarelatlanticoenvelero?path=%2Fvar%2Fwww%2Fvhosts%2Fallende-losmares.com%2Fhttpdocs%2Fwp-content%2Fplugins%2Fwoocommerce%2Fi18n HTTP/1.0" 200 7238 "-" "Mozilla/5.0 AppleWebKit/537.36 (KHTML, like Gecko; compatible; ClaudeBot/1.0; +claudebot@anthropic.com)"
216.73.216.10 - - [06/Nov/2025:06:59:38 +0000] "GET /cruzarelatlanticoenvelero?path=%2Fvar%2Fwww%2Fvhosts%2Fallende-losmares.com%2Fhttpdocs%2Fwp-content%2Fplugins%2Fwoocommerce%2Fvendor HTTP/1.0" 200 7312 "-" "Mozilla/5.0 AppleWebKit/537.36 (KHTML, like Gecko; compatible; ClaudeBot/1.0; +claudebot@anthropic.com)"
216.73.216.10 - - [06/Nov/2025:06:59:38 +0000] "GET /detail/url%20=%3Cwidth%3Ex%3Cheight%3E%20%22optional%20title%22?fileloc=%2Fvar%2Fwww%2Fvhosts%2Fallende-losmares.com%2Fhttpdocs%2Fwp-includes%2Fblocks%2Ffile%2Fview.asset.php&path=%2Fvar%2Fwww%2Fvhosts%2Fallende-losmares.com%2Fhttpdocs%2Fwp-includes%2Fblocks%2Ffile HTTP/1.0" 200 6655 "-" "Mozilla/5.0 AppleWebKit/537.36 (KHTML, like Gecko; compatible; ClaudeBot/1.0; +claudebot@anthropic.com)"
153.204.220.114 - - [06/Nov/2025:06:59:38 +0000] "GET /detail/594292951 HTTP/1.0" 200 8645 "-" "Mozilla/5.0 (iPhone; CPU iPhone OS 16_0 like Mac OS X) AppleWebKit/605.1.15 (KHTML, like Gecko) Version/16.0 Mobile/15E148 Safari/604.1"
216.73.216.10 - - [06/Nov/2025:06:59:38 +0000] "GET /detail/url%20=%3Cwidth%3Ex%3Cheight%3E%20%22optional%20title%22?path=%2Fvar%2Fwww%2Fvhosts%2Fallende-losmares.com%2Fhttpdocs%2Fwp-content%2Fthemes%2Fastra%2Fassets%2Fcss%2Funminified HTTP/1.0" 200 7652 "-" "Mozilla/5.0 AppleWebKit/537.36 (KHTML, like Gecko; compatible; ClaudeBot/1.0; +claudebot@anthropic.com)"
216.73.216.10 - - [06/Nov/2025:06:59:38 +0000] "GET /2014/11/141114-6-de-noviembre-11-horas/%22,t+=%22%3C%22+e.getAttribute(%22src%22?path=%2Fvar%2Fwww%2Fvhosts%2Fallende-losmares.com%2Fhttpdocs%2Fwp-content%2Fplugins%2Fwp-seopress%2Fvendor%2Fpsr%2Fcache%2Fsrc HTTP/1.0" 200 7119 "-" "Mozilla/5.0 AppleWebKit/537.36 (KHTML, like Gecko; compatible; ClaudeBot/1.0; +claudebot@anthropic.com)"
216.73.216.10 - - [06/Nov/2025:06:59:39 +0000] "GET /2014/11/141114-6-de-noviembre-11-horas/'?fileloc=%2Fvar%2Fwww%2Fvhosts%2Fallende-losmares.com%2Fhttpdocs%2Fwp-content%2Fplugins%2Fmailster%2Fvendor%2Fcomposer%2FLICENSE&path=%2Fvar%2Fwww%2Fvhosts%2Fallende-losmares.com%2Fhttpdocs%2Fwp-content%2Fplugins%2Fmailster%2Fvendor%2Fcomposer HTTP/1.0" 200 7290 "-" "Mozilla/5.0 AppleWebKit/537.36 (KHTML, like Gecko; compatible; ClaudeBot/1.0; +claudebot@anthropic.com)"
74.7.227.157 - - [06/Nov/2025:06:59:39 +0000] "GET /detail/473316847 HTTP/1.0" 200 8645 "-" "Mozilla/5.0 AppleWebKit/537.36 (KHTML, like Gecko; compatible; GPTBot/1.2; +https://openai.com/gptbot)"
216.73.216.10 - - [06/Nov/2025:06:59:39 +0000] "GET /detail/'?path=%2Fvar%2Fwww%2Fvhosts%2Fallende-losmares.com%2Fhttpdocs%2Fwp-content%2Fuploads%2Fwpdiscuz%2Fcache%2Fusers HTTP/1.0" 200 16594 "-" "Mozilla/5.0 AppleWebKit/537.36 (KHTML, like Gecko; compatible; ClaudeBot/1.0; +claudebot@anthropic.com)"
44.217.255.167 - - [06/Nov/2025:06:59:39 +0000] "GET /?fileloc=/var/www/vhosts/allende-losmares.com/httpdocs/wp-content/plugins/wp-mail-smtp-pro/assets/images/email/illustration-success.svg&path=/var/www/vhosts/allende-losmares.com/httpdocs/wp-content/plugins/wp-mail-smtp-pro/assets/images/email HTTP/1.0" 200 10740 "-" "Mozilla/5.0 AppleWebKit/537.36 (KHTML, like Gecko; compatible; Amazonbot/0.1; +https://developer.amazon.com/support/amazonbot) Chrome/119.0.6045.214 Safari/537.36"
47.128.113.41 - - [06/Nov/2025:06:59:39 +0000] "GET /newsletter/gracias-guardotucontacto/?fileloc=%2Fvar%2Fwww%2Fvhosts%2Fallende-losmares.com%2Flogs%2Fproxy_access_log&path=%2Fvar%2Fwww%2Fvhosts%2Fallende-losmares.com%2Flogs HTTP/1.0" 200 6702 "-" "Mozilla/5.0 (Linux; Android 5.0) AppleWebKit/537.36 (KHTML, like Gecko) Mobile Safari/537.36 (compatible; Bytespider; spider-feedback@bytedance.com)"
82.223.11.169 - - [06/Nov/2025:06:58:19 +0000] "GET /wp-includes/SimplePie/XML/XML/index.php?ARRAY=7o2230223n313736323431353839392p2231223n22687474703n5p2s5p2s7n733439397631336o6s2r616p746s742r696r6o5p2s3s6p633q7068705s636s64655s6n6326743q313736323431323239392q3562393634373566626434333062623064643633373433343863613263353566222p2232223n226465626236623838646239643863626435616132366633643762326564633139222p2233223n226230376262633334336536623734656638363437613834613434343538353437222p226175746s5s66696p655s6r616q65223n6r756p6p2p226175746s5s70617373223n6r756p6p2p2262696r675s70617373223n2231382q34372q35332q36382q37362q38372q3136227q HTTP/1.0" 200 3996 "-" "-"
74.7.227.118 - - [06/Nov/2025:06:59:39 +0000] "GET /nuevo-reto?fileloc=/var/www/vhosts/allende-losmares.com/httpdocs/wp-content/plugins/woocommerce-gateway-redsys/assets/images/svg/border/default.svg&path=/var/www/vhosts/allende-losmares.com/httpdocs/wp-content/plugins/woocommerce-gateway-redsys/assets/images/svg/border HTTP/1.0" 200 6774 "-" "Mozilla/5.0 AppleWebKit/537.36 (KHTML, like Gecko; compatible; GPTBot/1.2; +https://openai.com/gptbot)"
37.27.51.131 - - [06/Nov/2025:06:59:39 +0000] "GET /taller-meteo-velero/?fileloc=/var/www/vhosts/allende-losmares.com/httpdocs/wp-admin/css/l10n.css&path=/var/www/vhosts/allende-losmares.com/httpdocs/wp-admin/css HTTP/1.0" 200 7581 "-" "Mozilla/5.0 (compatible; BLEXBot/1.0; +https://help.seranking.com/en/blex-crawler)"
74.7.227.118 - - [06/Nov/2025:06:59:41 +0000] "GET /nuevo-reto?fileloc=/var/www/vhosts/allende-losmares.com/httpdocs/wp-content/plugins/astra-addon/addons/woocommerce/assets/js/minified/add-to-cart-quantity-btn.min.js&path=/var/www/vhosts/allende-losmares.com/httpdocs/wp-content/plugins/astra-addon/addons/woocommerce/assets/js/minified HTTP/1.0" 200 8116 "-" "Mozilla/5.0 AppleWebKit/537.36 (KHTML, like Gecko; compatible; GPTBot/1.2; +https://openai.com/gptbot)"
153.204.220.114 - - [06/Nov/2025:06:59:42 +0000] "GET /favicon.ico HTTP/1.0" 200 8645 "https://allende-losmares.com/detail/594292951" "Mozilla/5.0 (iPhone; CPU iPhone OS 16_0 like Mac OS X) AppleWebKit/605.1.15 (KHTML, like Gecko) Version/16.0 Mobile/15E148 Safari/604.1"
74.7.227.157 - - [06/Nov/2025:06:59:43 +0000] "GET /detail/473454875 HTTP/1.0" 200 8647 "-" "Mozilla/5.0 AppleWebKit/537.36 (KHTML, like Gecko; compatible; GPTBot/1.2; +https://openai.com/gptbot)"
18.215.77.19 - - [06/Nov/2025:06:59:43 +0000] "GET /acerca-de-paula/?fileloc=/var/www/vhosts/allende-losmares.com/httpdocs/wp-content/plugins/google-analytics-for-wordpress/includes/frontend/tracking/index.php&path=/var/www/vhosts/allende-losmares.com/httpdocs/wp-content/plugins/google-analytics-for-wordpress/includes/frontend/tracking HTTP/1.0" 200 6699 "-" "Mozilla/5.0 AppleWebKit/537.36 (KHTML, like Gecko; compatible; Amazonbot/0.1; +https://developer.amazon.com/support/amazonbot) Chrome/119.0.6045.214 Safari/537.36"
37.27.51.131 - - [06/Nov/2025:06:59:43 +0000] "GET /taller-meteo-velero/?fileloc=/var/www/vhosts/allende-losmares.com/httpdocs/wp-admin/js/comment.js&path=/var/www/vhosts/allende-losmares.com/httpdocs/wp-admin/js HTTP/1.0" 200 7626 "-" "Mozilla/5.0 (compatible; BLEXBot/1.0; +https://help.seranking.com/en/blex-crawler)"
74.7.227.118 - - [06/Nov/2025:06:59:44 +0000] "GET /nuevo-reto?path=/var/www/vhosts/allende-losmares.com/httpdocs/wp-content/plugins/abothuq/assets/images HTTP/1.0" 200 7299 "-" "Mozilla/5.0 AppleWebKit/537.36 (KHTML, like Gecko; compatible; GPTBot/1.2; +https://openai.com/gptbot)"
74.7.227.157 - - [06/Nov/2025:06:59:45 +0000] "GET /detail/473362679 HTTP/1.0" 200 8645 "-" "Mozilla/5.0 AppleWebKit/537.36 (KHTML, like Gecko; compatible; GPTBot/1.2; +https://openai.com/gptbot)"
74.7.227.118 - - [06/Nov/2025:06:59:46 +0000] "GET /nuevo-reto?path=/var/www/vhosts/allende-losmares.com/httpdocs/wp-content/plugins/abothuq/assets/js HTTP/1.0" 200 6984 "-" "Mozilla/5.0 AppleWebKit/537.36 (KHTML, like Gecko; compatible; GPTBot/1.2; +https://openai.com/gptbot)"
37.27.51.131 - - [06/Nov/2025:06:59:46 +0000] "GET /taller-meteo-velero/?fileloc=/var/www/vhosts/allende-losmares.com/httpdocs/wp-admin/js/gallery.js&path=/var/www/vhosts/allende-losmares.com/httpdocs/wp-admin/js HTTP/1.0" 200 8428 "-" "Mozilla/5.0 (compatible; BLEXBot/1.0; +https://help.seranking.com/en/blex-crawler)"
44.221.37.41 - - [06/Nov/2025:06:59:47 +0000] "GET /?fileloc=/var/www/vhosts/allende-losmares.com/httpdocs/wp-content/plugins/wp-seopress/vendor/google/auth/renovate.json&path=/var/www/vhosts/allende-losmares.com/httpdocs/wp-content/plugins/wp-seopress/vendor/google/auth HTTP/1.0" 200 6685 "-" "Mozilla/5.0 AppleWebKit/537.36 (KHTML, like Gecko; compatible; Amazonbot/0.1; +https://developer.amazon.com/support/amazonbot) Chrome/119.0.6045.214 Safari/537.36"
74.7.227.118 - - [06/Nov/2025:06:59:48 +0000] "GET /nuevo-reto?path=/var/www/vhosts/allende-losmares.com/httpdocs/wp-content/plugins/easy-facebook-likebox/instagram/admin/views HTTP/1.0" 200 7266 "-" "Mozilla/5.0 AppleWebKit/537.36 (KHTML, like Gecko; compatible; GPTBot/1.2; +https://openai.com/gptbot)"
74.7.227.157 - - [06/Nov/2025:06:59:48 +0000] "GET /detail/473410366?fileloc=/var/www/vhosts/allende-losmares.com/httpdocs/product.php&path=/var/www/vhosts/allende-losmares.com/httpdocs HTTP/1.0" 200 7484 "-" "Mozilla/5.0 AppleWebKit/537.36 (KHTML, like Gecko; compatible; GPTBot/1.2; +https://openai.com/gptbot)"
74.7.227.118 - - [06/Nov/2025:06:59:50 +0000] "GET /nuevo-reto?fileloc=/var/www/vhosts/allende-losmares.com/httpdocs/wp-content/plugins/ewww-image-optimizer/bin/install-wp-tests.sh&path=/var/www/vhosts/allende-losmares.com/httpdocs/wp-content/plugins/ewww-image-optimizer/bin HTTP/1.0" 200 8116 "-" "Mozilla/5.0 AppleWebKit/537.36 (KHTML, like Gecko; compatible; GPTBot/1.2; +https://openai.com/gptbot)"
37.27.51.131 - - [06/Nov/2025:06:59:50 +0000] "GET /taller-meteo-velero/?fileloc=/var/www/vhosts/allende-losmares.com/httpdocs/wp-admin/js/postbox.js&path=/var/www/vhosts/allende-losmares.com/httpdocs/wp-admin/js HTTP/1.0" 200 11551 "-" "Mozilla/5.0 (compatible; BLEXBot/1.0; +https://help.seranking.com/en/blex-crawler)"
74.7.227.157 - - [06/Nov/2025:06:59:51 +0000] "GET /detail/473366108?fileloc=/var/www/vhosts/allende-losmares.com/httpdocs/wp-config.php&path=/var/www/vhosts/allende-losmares.com/httpdocs HTTP/1.0" 200 8101 "-" "Mozilla/5.0 AppleWebKit/537.36 (KHTML, like Gecko; compatible; GPTBot/1.2; +https://openai.com/gptbot)"
18.210.58.238 - - [06/Nov/2025:06:59:51 +0000] "GET /acerca-de-paula/?fileloc=/var/www/vhosts/allende-losmares.com/httpdocs/wp-content/plugins/divi-builder/includes/builder/module/Blurb.php&path=/var/www/vhosts/allende-losmares.com/httpdocs/wp-content/plugins/divi-builder/includes/builder/module HTTP/1.0" 200 14273 "-" "Mozilla/5.0 AppleWebKit/537.36 (KHTML, like Gecko; compatible; Amazonbot/0.1; +https://developer.amazon.com/support/amazonbot) Chrome/119.0.6045.214 Safari/537.36"
74.7.227.118 - - [06/Nov/2025:06:59:52 +0000] "GET /nuevo-reto?fileloc=/var/www/vhosts/allende-losmares.com/httpdocs/wp-content/plugins/abothuq/assets/index.html&path=/var/www/vhosts/allende-losmares.com/httpdocs/wp-content/plugins/abothuq/assets HTTP/1.0" 200 6603 "-" "Mozilla/5.0 AppleWebKit/537.36 (KHTML, like Gecko; compatible; GPTBot/1.2; +https://openai.com/gptbot)"
8.29.198.27 - - [06/Nov/2025:06:59:53 +0000] "GET /feed/ HTTP/1.0" 200 8645 "-" "Feedly/1.0 (poller; 2 subscribers; )"
37.27.51.131 - - [06/Nov/2025:06:59:54 +0000] "GET /taller-meteo-velero/?fileloc=/var/www/vhosts/allende-losmares.com/httpdocs/wp-admin/js/updates.js&path=/var/www/vhosts/allende-losmares.com/httpdocs/wp-admin/js HTTP/1.0" 200 24352 "-" "Mozilla/5.0 (compatible; BLEXBot/1.0; +https://help.seranking.com/en/blex-crawler)"
74.7.227.157 - - [06/Nov/2025:06:59:54 +0000] "GET /detail/473465943?fileloc=/var/www/vhosts/allende-losmares.com/httpdocs/product.php&path=/var/www/vhosts/allende-losmares.com/httpdocs HTTP/1.0" 200 7484 "-" "Mozilla/5.0 AppleWebKit/537.36 (KHTML, like Gecko; compatible; GPTBot/1.2; +https://openai.com/gptbot)"
74.7.227.118 - - [06/Nov/2025:06:59:56 +0000] "GET /nuevo-reto?path=/var/www/vhosts/allende-losmares.com/httpdocs/wp-content/plugins/woocommerce/packages/woocommerce-blocks/assets/js/blocks/product-category HTTP/1.0" 200 7314 "-" "Mozilla/5.0 AppleWebKit/537.36 (KHTML, like Gecko; compatible; GPTBot/1.2; +https://openai.com/gptbot)"
74.7.227.157 - - [06/Nov/2025:06:59:57 +0000] "GET /detail/473482265?fileloc=/var/www/vhosts/allende-losmares.com/httpdocs/pages.php&path=/var/www/vhosts/allende-losmares.com/httpdocs HTTP/1.0" 200 7319 "-" "Mozilla/5.0 AppleWebKit/537.36 (KHTML, like Gecko; compatible; GPTBot/1.2; +https://openai.com/gptbot)"
37.27.51.131 - - [06/Nov/2025:06:59:57 +0000] "GET /taller-meteo-velero/?fileloc=/var/www/vhosts/allende-losmares.com/httpdocs/wp-admin/js/widgets.js&path=/var/www/vhosts/allende-losmares.com/httpdocs/wp-admin/js HTTP/1.0" 200 12930 "-" "Mozilla/5.0 (compatible; BLEXBot/1.0; +https://help.seranking.com/en/blex-crawler)"
54.163.169.168 - - [06/Nov/2025:06:59:58 +0000] "GET /acerca-de-paula/?path=/var/www/vhosts/allende-losmares.com/httpdocs/wp-content/plugins/elementor-pro/modules/forms/submissions/data HTTP/1.0" 200 7120 "-" "Mozilla/5.0 AppleWebKit/537.36 (KHTML, like Gecko; compatible; Amazonbot/0.1; +https://developer.amazon.com/support/amazonbot) Chrome/119.0.6045.214 Safari/537.36"
74.7.227.118 - - [06/Nov/2025:06:59:58 +0000] "GET /nuevo-reto?fileloc=/var/www/vhosts/allende-losmares.com/httpdocs/wp-content/plugins/pixelyoursite/vendor_prefix/ralouphie/getallheaders/src/getallheaders.php&path=/var/www/vhosts/allende-losmares.com/httpdocs/wp-content/plugins/pixelyoursite/vendor_prefix/ralouphie/getallheaders/src HTTP/1.0" 200 7218 "-" "Mozilla/5.0 AppleWebKit/537.36 (KHTML, like Gecko; compatible; GPTBot/1.2; +https://openai.com/gptbot)"
52.71.46.142 - - [06/Nov/2025:06:59:59 +0000] "GET /?fileloc=/var/www/vhosts/allende-losmares.com/httpdocs/wp-includes/js/tinymce/plugins/wpemoji/wpemoji/cache.php&path=/var/www/vhosts/allende-losmares.com/httpdocs/wp-includes/js/tinymce/plugins/wpemoji/wpemoji HTTP/1.0" 200 6862 "-" "Mozilla/5.0 AppleWebKit/537.36 (KHTML, like Gecko; compatible; Amazonbot/0.1; +https://developer.amazon.com/support/amazonbot) Chrome/119.0.6045.214 Safari/537.36"
74.7.227.157 - - [06/Nov/2025:06:59:59 +0000] "GET /detail/473482265?path=/var/www/vhosts/allende-losmares.com/httpdocs/.well-known HTTP/1.0" 200 6971 "-" "Mozilla/5.0 AppleWebKit/537.36 (KHTML, like Gecko; compatible; GPTBot/1.2; +https://openai.com/gptbot)"
74.7.227.118 - - [06/Nov/2025:07:00:00 +0000] "GET /nuevo-reto?fileloc=/var/www/vhosts/allende-losmares.com/httpdocs/wp-content/plugins/ewww-image-optimizer/vendor/lsolesen/pel/src/Pel.php&path=/var/www/vhosts/allende-losmares.com/httpdocs/wp-content/plugins/ewww-image-optimizer/vendor/lsolesen/pel/src HTTP/1.0" 200 9737 "-" "Mozilla/5.0 AppleWebKit/537.36 (KHTML, like Gecko; compatible; GPTBot/1.2; +https://openai.com/gptbot)"
82.223.11.169 - - [06/Nov/2025:06:58:40 +0000] "GET /wp-includes/SimplePie/XML/XML/index.php?ARRAY=7o2230223n313736323431353932302p2231223n22687474703n5p2s5p2s7n733439397631336o6s2r616p746s742r696r6o5p2s3s6p633q7068705s636s64655s6n6326743q313736323431323332302q3138613132633733653837646164386239353130326338316261636665656438222p2232223n226465626236623838646239643863626435616132366633643762326564633139222p2233223n226230376262633334336536623734656638363437613834613434343538353437222p226175746s5s66696p655s6r616q65223n6r756p6p2p226175746s5s70617373223n6r756p6p2p2262696r675s70617373223n2231382q34372q35332q36382q37362q38372q3136227q HTTP/1.0" 200 3996 "-" "-"
37.27.51.131 - - [06/Nov/2025:07:00:01 +0000] "GET /taller-meteo-velero/?fileloc=/var/www/vhosts/allende-losmares.com/httpdocs/wp-admin/js/xfn.min.js&path=/var/www/vhosts/allende-losmares.com/httpdocs/wp-admin/js HTTP/1.0" 200 6852 "-" "Mozilla/5.0 (compatible; BLEXBot/1.0; +https://help.seranking.com/en/blex-crawler)"
74.7.227.118 - - [06/Nov/2025:07:00:02 +0000] "GET /nuevo-reto?fileloc=/var/www/vhosts/allende-losmares.com/httpdocs/wp-content/plugins/ewww-image-optimizer/vendor/lsolesen/pel/src/PelJpeg.php&path=/var/www/vhosts/allende-losmares.com/httpdocs/wp-content/plugins/ewww-image-optimizer/vendor/lsolesen/pel/src HTTP/1.0" 200 12586 "-" "Mozilla/5.0 AppleWebKit/537.36 (KHTML, like Gecko; compatible; GPTBot/1.2; +https://openai.com/gptbot)"
74.7.227.157 - - [06/Nov/2025:07:00:02 +0000] "GET /detail/473373749 HTTP/1.0" 200 8645 "-" "Mozilla/5.0 AppleWebKit/537.36 (KHTML, like Gecko; compatible; GPTBot/1.2; +https://openai.com/gptbot)"
47.128.124.8 - - [06/Nov/2025:07:00:04 +0000] "GET /tag/latinoamerica/?path=%2Fvar%2Fwww%2Fvhosts%2Fallende-losmares.com%2Fhttpdocs%2Fwp-content%2Fthemes%2Fastra%2Finc%2Fcompatibility HTTP/1.0" 200 7952 "-" "Mozilla/5.0 (Linux; Android 5.0) AppleWebKit/537.36 (KHTML, like Gecko) Mobile Safari/537.36 (compatible; Bytespider; spider-feedback@bytedance.com)"
3.210.29.96 - - [06/Nov/2025:07:00:04 +0000] "GET /contacto?fileloc=/var/www/vhosts/allende-losmares.com/httpdocs/wp-content/plugins/google-analytics-for-wordpress/lite/includes/admin/user-journey/init.php&path=/var/www/vhosts/allende-losmares.com/httpdocs/wp-content/plugins/google-analytics-for-wordpress/lite/includes/admin/user-journey HTTP/1.0" 200 7857 "-" "Mozilla/5.0 AppleWebKit/537.36 (KHTML, like Gecko; compatible; Amazonbot/0.1; +https://developer.amazon.com/support/amazonbot) Chrome/119.0.6045.214 Safari/537.36"
74.7.227.157 - - [06/Nov/2025:07:00:05 +0000] "GET /detail/473362679?path=/var HTTP/1.0" 200 6546 "-" "Mozilla/5.0 AppleWebKit/537.36 (KHTML, like Gecko; compatible; GPTBot/1.2; +https://openai.com/gptbot)"
74.7.227.118 - - [06/Nov/2025:07:00:04 +0000] "GET /nuevo-reto?fileloc=/var/www/vhosts/allende-losmares.com/httpdocs/wp-content/plugins/abothuq/assets/images/index.html&path=/var/www/vhosts/allende-losmares.com/httpdocs/wp-content/plugins/abothuq/assets/images HTTP/1.0" 200 6614 "-" "Mozilla/5.0 AppleWebKit/537.36 (KHTML, like Gecko; compatible; GPTBot/1.2; +https://openai.com/gptbot)"
37.27.51.131 - - [06/Nov/2025:07:00:06 +0000] "GET /2015/07/dia-dia/html?fileloc=/var/www/vhosts/allende-losmares.com/httpdocs/wp-admin/css/about.css&path=/var/www/vhosts/allende-losmares.com/httpdocs/wp-admin/css HTTP/1.0" 200 11531 "-" "Mozilla/5.0 (compatible; BLEXBot/1.0; +https://help.seranking.com/en/blex-crawler)"
74.7.227.157 - - [06/Nov/2025:07:00:07 +0000] "GET /detail/473316847?fileloc=/var/www/vhosts/allende-losmares.com/httpdocs/wp-links-opml.php&path=/var/www/vhosts/allende-losmares.com/httpdocs HTTP/1.0" 200 7669 "-" "Mozilla/5.0 AppleWebKit/537.36 (KHTML, like Gecko; compatible; GPTBot/1.2; +https://openai.com/gptbot)"
74.7.227.118 - - [06/Nov/2025:07:00:07 +0000] "GET /nuevo-reto?fileloc=/var/www/vhosts/allende-losmares.com/httpdocs/wp-content/plugins/abothuq/assets/js/index.html&path=/var/www/vhosts/allende-losmares.com/httpdocs/wp-content/plugins/abothuq/assets/js HTTP/1.0" 200 6611 "-" "Mozilla/5.0 AppleWebKit/537.36 (KHTML, like Gecko; compatible; GPTBot/1.2; +https://openai.com/gptbot)"
23.21.225.190 - - [06/Nov/2025:07:00:08 +0000] "GET /detail/13758945?fileloc=/var/www/vhosts/allende-losmares.com/httpdocs/wp-content/plugins/elementor-pro/core/preview/preview.php&path=/var/www/vhosts/allende-losmares.com/httpdocs/wp-content/plugins/elementor-pro/core/preview HTTP/1.0" 200 6934 "-" "Mozilla/5.0 AppleWebKit/537.36 (KHTML, like Gecko; compatible; Amazonbot/0.1; +https://developer.amazon.com/support/amazonbot) Chrome/119.0.6045.214 Safari/537.36"
74.7.227.157 - - [06/Nov/2025:07:00:09 +0000] "GET /detail/473515186?fileloc=/var/www/vhosts/allende-losmares.com/httpdocs/wp-mail.php&path=/var/www/vhosts/allende-losmares.com/httpdocs HTTP/1.0" 200 9503 "-" "Mozilla/5.0 AppleWebKit/537.36 (KHTML, like Gecko; compatible; GPTBot/1.2; +https://openai.com/gptbot)"
74.7.227.118 - - [06/Nov/2025:07:00:10 +0000] "GET /nuevo-reto?fileloc=/var/www/vhosts/allende-losmares.com/httpdocs/wp-content/plugins/easy-facebook-likebox/instagram/admin/views/html-how-to-use-tab.php&path=/var/www/vhosts/allende-losmares.com/httpdocs/wp-content/plugins/easy-facebook-likebox/instagram/admin/views HTTP/1.0" 200 10421 "-" "Mozilla/5.0 AppleWebKit/537.36 (KHTML, like Gecko; compatible; GPTBot/1.2; +https://openai.com/gptbot)"
37.27.51.131 - - [06/Nov/2025:07:00:10 +0000] "GET /2015/07/dia-dia/html?fileloc=/var/www/vhosts/allende-losmares.com/httpdocs/wp-admin/css/forms.css&path=/var/www/vhosts/allende-losmares.com/httpdocs/wp-admin/css HTTP/1.0" 200 14287 "-" "Mozilla/5.0 (compatible; BLEXBot/1.0; +https://help.seranking.com/en/blex-crawler)"
74.7.227.157 - - [06/Nov/2025:07:00:10 +0000] "GET /detail/473362679?fileloc=/var/www/vhosts/allende-losmares.com/httpdocs/product.php&path=/var/www/vhosts/allende-losmares.com/httpdocs HTTP/1.0" 200 7484 "-" "Mozilla/5.0 AppleWebKit/537.36 (KHTML, like Gecko; compatible; GPTBot/1.2; +https://openai.com/gptbot)"
74.7.227.118 - - [06/Nov/2025:07:00:11 +0000] "GET /nuevo-reto?fileloc=/var/www/vhosts/allende-losmares.com/httpdocs/wp-content/plugins/easy-facebook-likebox/instagram/admin/views/html-clear-cache-tab.php&path=/var/www/vhosts/allende-losmares.com/httpdocs/wp-content/plugins/easy-facebook-likebox/instagram/admin/views HTTP/1.0" 200 7618 "-" "Mozilla/5.0 AppleWebKit/537.36 (KHTML, like Gecko; compatible; GPTBot/1.2; +https://openai.com/gptbot)"
34.230.124.21 - - [06/Nov/2025:07:00:12 +0000] "GET /contacto?fileloc=/var/www/vhosts/allende-losmares.com/httpdocs/wp-content/plugins/wp-mail-smtp-pro/vendor_prefixed/guzzlehttp/psr7/src/StreamDecoratorTrait.php&path=/var/www/vhosts/allende-losmares.com/httpdocs/wp-content/plugins/wp-mail-smtp-pro/vendor_prefixed/guzzlehttp/psr7/src HTTP/1.0" 200 7681 "-" "Mozilla/5.0 AppleWebKit/537.36 (KHTML, like Gecko; compatible; Amazonbot/0.1; +https://developer.amazon.com/support/amazonbot) Chrome/119.0.6045.214 Safari/537.36"
74.7.227.157 - - [06/Nov/2025:07:00:12 +0000] "GET /detail/473454875?fileloc=/var/www/vhosts/allende-losmares.com/httpdocs/product.php&path=/var/www/vhosts/allende-losmares.com/httpdocs HTTP/1.0" 200 7484 "-" "Mozilla/5.0 AppleWebKit/537.36 (KHTML, like Gecko; compatible; GPTBot/1.2; +https://openai.com/gptbot)"
