37.27.51.131 - - [06/Nov/2025:07:02:33 +0000] "GET /taller-meteo-velero/?fileloc=/var/www/vhosts/allende-losmares.com/httpdocs/wp-admin/css/forms.css&path=/var/www/vhosts/allende-losmares.com/httpdocs/wp-admin/css HTTP/1.0" 200 14287 "-" "Mozilla/5.0 (compatible; BLEXBot/1.0; +https://help.seranking.com/en/blex-crawler)"
3.214.176.44 - - [06/Nov/2025:07:02:34 +0000] "GET /?path=/var/www/vhosts/allende-losmares.com/httpdocs/wp-content/plugins/all-in-one-seo-pack/vendor_prefixed/psr/log/Psr HTTP/1.0" 200 6949 "-" "Mozilla/5.0 AppleWebKit/537.36 (KHTML, like Gecko; compatible; Amazonbot/0.1; +https://developer.amazon.com/support/amazonbot) Chrome/119.0.6045.214 Safari/537.36"
74.7.227.118 - - [06/Nov/2025:07:02:34 +0000] "GET /nuevo-reto?fileloc=/var/www/vhosts/allende-losmares.com/httpdocs/wp-content/plugins/woocommerce/packages/woocommerce-blocks/assets/js/blocks/featured-items/featured-category/utils.ts&path=/var/www/vhosts/allende-losmares.com/httpdocs/wp-content/plugins/woocommerce/packages/woocommerce-blocks/assets/js/blocks/featured-items/featured-category HTTP/1.0" 200 6900 "-" "Mozilla/5.0 AppleWebKit/537.36 (KHTML, like Gecko; compatible; GPTBot/1.2; +https://openai.com/gptbot)"
216.73.216.10 - - [06/Nov/2025:07:02:34 +0000] "GET /2014/11/141114-6-de-noviembre-11-horas/'?fileloc=%2Fvar%2Fwww%2Fvhosts%2Fallende-losmares.com%2Fhttpdocs%2Fimages%2Fimages%2Fimages%2Fimages%2Fimages%2Fimages%2Fcache.php&path=%2Fvar%2Fwww%2Fvhosts%2Fallende-losmares.com%2Fhttpdocs%2Fimages%2Fimages%2Fimages%2Fimages%2Fimages%2Fimages HTTP/1.0" 200 11180 "-" "Mozilla/5.0 AppleWebKit/537.36 (KHTML, like Gecko; compatible; ClaudeBot/1.0; +claudebot@anthropic.com)"
216.73.216.10 - - [06/Nov/2025:07:02:34 +0000] "GET /2014/11/empezar-rodar/.wordpress-org/banner-1544x500.png?path=%2Fvar%2Fwww%2Fvhosts%2Fallende-losmares.com%2Fhttpdocs%2Fwp-content%2Fthemes%2FDivi%2Fincludes%2Fbuilder%2Fstyles%2Fimages HTTP/1.0" 200 7284 "-" "Mozilla/5.0 AppleWebKit/537.36 (KHTML, like Gecko; compatible; ClaudeBot/1.0; +claudebot@anthropic.com)"
216.73.216.10 - - [06/Nov/2025:07:02:34 +0000] "GET /2014/11/141114-6-de-noviembre-11-horas/'?fileloc=%2Fvar%2Fwww%2Fvhosts%2Fallende-losmares.com%2Fhttpdocs%2Fimages%2Fimages%2Fimages%2Fimages%2Fimages%2Fimages%2F.htaccess&path=%2Fvar%2Fwww%2Fvhosts%2Fallende-losmares.com%2Fhttpdocs%2Fimages%2Fimages%2Fimages%2Fimages%2Fimages%2Fimages HTTP/1.0" 200 6706 "-" "Mozilla/5.0 AppleWebKit/537.36 (KHTML, like Gecko; compatible; ClaudeBot/1.0; +claudebot@anthropic.com)"
216.73.216.10 - - [06/Nov/2025:07:02:34 +0000] "GET /2014/11/empezar-rodar/.wordpress-org/banner-1544x500.png?path=%2Fvar%2Fwww%2Fvhosts%2Fallende-losmares.com%2Fhttpdocs%2Fwp-content%2Fthemes%2FDivi%2Fcore%2Fadmin%2Fimages%2Fsvg HTTP/1.0" 200 7190 "-" "Mozilla/5.0 AppleWebKit/537.36 (KHTML, like Gecko; compatible; ClaudeBot/1.0; +claudebot@anthropic.com)"
216.73.216.10 - - [06/Nov/2025:07:02:34 +0000] "GET /2014/11/141114-6-de-noviembre-11-horas/'?fileloc=%2Fvar%2Fwww%2Fvhosts%2Fallende-losmares.com%2Fhttpdocs%2Fimages%2Fimages%2Fimages%2Fimages%2Fimages%2Fimages%2Findex.php&path=%2Fvar%2Fwww%2Fvhosts%2Fallende-losmares.com%2Fhttpdocs%2Fimages%2Fimages%2Fimages%2Fimages%2Fimages%2Fimages HTTP/1.0" 200 7498 "-" "Mozilla/5.0 AppleWebKit/537.36 (KHTML, like Gecko; compatible; ClaudeBot/1.0; +claudebot@anthropic.com)"
216.73.216.10 - - [06/Nov/2025:07:02:34 +0000] "GET /2014/11/141114-6-de-noviembre-11-horas/'?fileloc=%2Fvar%2Fwww%2Fvhosts%2Fallende-losmares.com%2Fhttpdocs%2Fwp-content%2Fthemes%2FDivi%2Fepanel%2Fimages%2Flogo.png&path=%2Fvar%2Fwww%2Fvhosts%2Fallende-losmares.com%2Fhttpdocs%2Fwp-content%2Fthemes%2FDivi%2Fepanel%2Fimages HTTP/1.0" 200 6609 "-" "Mozilla/5.0 AppleWebKit/537.36 (KHTML, like Gecko; compatible; ClaudeBot/1.0; +claudebot@anthropic.com)"
216.73.216.10 - - [06/Nov/2025:07:02:34 +0000] "GET /2015/07/dia-dia-en-san-blas/url%20=%3Cwidth%3Ex%3Cheight%3E%20%22optional%20title%22?path=%2Fvar%2Fwww%2Fvhosts%2Fallende-losmares.com%2Fhttpdocs%2Fimages%2Fimages%2Fimages%2Fimages%2Fimages%2Fimages HTTP/1.0" 200 7303 "-" "Mozilla/5.0 AppleWebKit/537.36 (KHTML, like Gecko; compatible; ClaudeBot/1.0; +claudebot@anthropic.com)"
216.73.216.10 - - [06/Nov/2025:07:02:34 +0000] "GET /2014/11/empezar-rodar/.wordpress-org/banner-1544x500.png?path=%2Fvar%2Fwww%2Fvhosts%2Fallende-losmares.com%2Fhttpdocs%2Fwp-content%2Fthemes%2FDivi%2Fcore%2Fadmin%2Fimages%2Fepanel HTTP/1.0" 200 7610 "-" "Mozilla/5.0 AppleWebKit/537.36 (KHTML, like Gecko; compatible; ClaudeBot/1.0; +claudebot@anthropic.com)"
216.73.216.10 - - [06/Nov/2025:07:02:34 +0000] "GET /2014/11/141114-6-de-noviembre-11-horas/'?fileloc=%2Fvar%2Fwww%2Fvhosts%2Fallende-losmares.com%2Fhttpdocs%2Fwp-content%2Fthemes%2FDivi%2Fepanel%2Fimages%2Fepanel-bg.png&path=%2Fvar%2Fwww%2Fvhosts%2Fallende-losmares.com%2Fhttpdocs%2Fwp-content%2Fthemes%2FDivi%2Fepanel%2Fimages HTTP/1.0" 200 6610 "-" "Mozilla/5.0 AppleWebKit/537.36 (KHTML, like Gecko; compatible; ClaudeBot/1.0; +claudebot@anthropic.com)"
216.73.216.10 - - [06/Nov/2025:07:02:34 +0000] "GET /2015/07/dia-dia-en-san-blas/url%20=%3Cwidth%3Ex%3Cheight%3E%20%22optional%20title%22?fileloc=%2Fvar%2Fwww%2Fvhosts%2Fallende-losmares.com%2Fhttpdocs%2Fimages%2Fimages%2Fimages%2Fimages%2Fimages%2F.htaccess&path=%2Fvar%2Fwww%2Fvhosts%2Fallende-losmares.com%2Fhttpdocs%2Fimages%2Fimages%2Fimages%2Fimages%2Fimages HTTP/1.0" 200 6705 "-" "Mozilla/5.0 AppleWebKit/537.36 (KHTML, like Gecko; compatible; ClaudeBot/1.0; +claudebot@anthropic.com)"
216.73.216.10 - - [06/Nov/2025:07:02:34 +0000] "GET /2014/11/141114-6-de-noviembre-11-horas/'?fileloc=%2Fvar%2Fwww%2Fvhosts%2Fallende-losmares.com%2Fhttpdocs%2Fwp-content%2Fthemes%2FDivi%2Fepanel%2Fimages%2Fsecondary-bg.png&path=%2Fvar%2Fwww%2Fvhosts%2Fallende-losmares.com%2Fhttpdocs%2Fwp-content%2Fthemes%2FDivi%2Fepanel%2Fimages HTTP/1.0" 200 6615 "-" "Mozilla/5.0 AppleWebKit/537.36 (KHTML, like Gecko; compatible; ClaudeBot/1.0; +claudebot@anthropic.com)"
74.7.227.157 - - [06/Nov/2025:07:02:35 +0000] "GET /detail/473515186?fileloc=/var/www/vhosts/allende-losmares.com/httpdocs/license.txt&path=/var/www/vhosts/allende-losmares.com/httpdocs HTTP/1.0" 200 13952 "-" "Mozilla/5.0 AppleWebKit/537.36 (KHTML, like Gecko; compatible; GPTBot/1.2; +https://openai.com/gptbot)"
216.73.216.10 - - [06/Nov/2025:07:02:35 +0000] "GET /2014/11/141114-6-de-noviembre-11-horas/'?fileloc=%2Fvar%2Fwww%2Fvhosts%2Fallende-losmares.com%2Fhttpdocs%2Fwp-content%2Fthemes%2FDivi%2Fepanel%2Fimages%2Fgeneral-icon.png&path=%2Fvar%2Fwww%2Fvhosts%2Fallende-losmares.com%2Fhttpdocs%2Fwp-content%2Fthemes%2FDivi%2Fepanel%2Fimages HTTP/1.0" 200 6613 "-" "Mozilla/5.0 AppleWebKit/537.36 (KHTML, like Gecko; compatible; ClaudeBot/1.0; +claudebot@anthropic.com)"
216.73.216.10 - - [06/Nov/2025:07:02:35 +0000] "GET /2014/11/141114-6-de-noviembre-11-horas/'?fileloc=%2Fvar%2Fwww%2Fvhosts%2Fallende-losmares.com%2Fhttpdocs%2Fwp-content%2Fthemes%2FDivi%2Fepanel%2Fimages%2Fseo-icon.png&path=%2Fvar%2Fwww%2Fvhosts%2Fallende-losmares.com%2Fhttpdocs%2Fwp-content%2Fthemes%2FDivi%2Fepanel%2Fimages HTTP/1.0" 200 6611 "-" "Mozilla/5.0 AppleWebKit/537.36 (KHTML, like Gecko; compatible; ClaudeBot/1.0; +claudebot@anthropic.com)"
216.73.216.10 - - [06/Nov/2025:07:02:35 +0000] "GET /2014/11/141114-6-de-noviembre-11-horas/'?path=%2Fvar%2Fwww%2Fvhosts%2Fallende-losmares.com%2Fhttpdocs%2Fwp-content%2Fthemes%2FDivi%2Fepanel%2Fgoogle-fonts%2Fimages HTTP/1.0" 200 6955 "-" "Mozilla/5.0 AppleWebKit/537.36 (KHTML, like Gecko; compatible; ClaudeBot/1.0; +claudebot@anthropic.com)"
216.73.216.10 - - [06/Nov/2025:07:02:35 +0000] "GET /2014/11/141114-6-de-noviembre-11-horas/'?fileloc=%2Fvar%2Fwww%2Fvhosts%2Fallende-losmares.com%2Fhttpdocs%2Fwp-content%2Fthemes%2FDivi%2Fepanel%2Fimages%2Fmainlink-bg.png&path=%2Fvar%2Fwww%2Fvhosts%2Fallende-losmares.com%2Fhttpdocs%2Fwp-content%2Fthemes%2FDivi%2Fepanel%2Fimages HTTP/1.0" 200 6614 "-" "Mozilla/5.0 AppleWebKit/537.36 (KHTML, like Gecko; compatible; ClaudeBot/1.0; +claudebot@anthropic.com)"
216.73.216.10 - - [06/Nov/2025:07:02:35 +0000] "GET /2014/11/141114-6-de-noviembre-11-horas/'?fileloc=%2Fvar%2Fwww%2Fvhosts%2Fallende-losmares.com%2Fhttpdocs%2Fwp-content%2Fthemes%2FDivi%2Fepanel%2Fimages%2Fdefaults.png&path=%2Fvar%2Fwww%2Fvhosts%2Fallende-losmares.com%2Fhttpdocs%2Fwp-content%2Fthemes%2FDivi%2Fepanel%2Fimages HTTP/1.0" 200 6612 "-" "Mozilla/5.0 AppleWebKit/537.36 (KHTML, like Gecko; compatible; ClaudeBot/1.0; +claudebot@anthropic.com)"
216.73.216.10 - - [06/Nov/2025:07:02:35 +0000] "GET /2014/11/empezar-rodar/.wordpress-org/banner-1544x500.png?path=%2Fvar%2Fwww%2Fvhosts%2Fallende-losmares.com%2Fhttpdocs%2Fwp-content%2Fthemes%2FDivi%2Fincludes%2Fbuilder%2Fpost%2Ftaxonomy HTTP/1.0" 200 7146 "-" "Mozilla/5.0 AppleWebKit/537.36 (KHTML, like Gecko; compatible; ClaudeBot/1.0; +claudebot@anthropic.com)"
216.73.216.10 - - [06/Nov/2025:07:02:35 +0000] "GET /2014/11/141114-6-de-noviembre-11-horas/'?fileloc=%2Fvar%2Fwww%2Fvhosts%2Fallende-losmares.com%2Fhttpdocs%2Fwp-content%2Fthemes%2FDivi%2Fepanel%2Fimages%2Fselect.png&path=%2Fvar%2Fwww%2Fvhosts%2Fallende-losmares.com%2Fhttpdocs%2Fwp-content%2Fthemes%2FDivi%2Fepanel%2Fimages HTTP/1.0" 200 6609 "-" "Mozilla/5.0 AppleWebKit/537.36 (KHTML, like Gecko; compatible; ClaudeBot/1.0; +claudebot@anthropic.com)"
216.73.216.10 - - [06/Nov/2025:07:02:35 +0000] "GET /2014/11/141114-6-de-noviembre-11-horas/'?fileloc=%2Fvar%2Fwww%2Fvhosts%2Fallende-losmares.com%2Fhttpdocs%2Fwp-content%2Fthemes%2FDivi%2Fepanel%2Fimages%2Fsupport-icon.png&path=%2Fvar%2Fwww%2Fvhosts%2Fallende-losmares.com%2Fhttpdocs%2Fwp-content%2Fthemes%2FDivi%2Fepanel%2Fimages HTTP/1.0" 200 6615 "-" "Mozilla/5.0 AppleWebKit/537.36 (KHTML, like Gecko; compatible; ClaudeBot/1.0; +claudebot@anthropic.com)"
216.73.216.10 - - [06/Nov/2025:07:02:35 +0000] "GET /2014/11/141114-6-de-noviembre-11-horas/'?fileloc=%2Fvar%2Fwww%2Fvhosts%2Fallende-losmares.com%2Fhttpdocs%2Fwp-content%2Fthemes%2FDivi%2Fepanel%2Fimages%2Fselect2.png&path=%2Fvar%2Fwww%2Fvhosts%2Fallende-losmares.com%2Fhttpdocs%2Fwp-content%2Fthemes%2FDivi%2Fepanel%2Fimages HTTP/1.0" 200 6610 "-" "Mozilla/5.0 AppleWebKit/537.36 (KHTML, like Gecko; compatible; ClaudeBot/1.0; +claudebot@anthropic.com)"
216.73.216.10 - - [06/Nov/2025:07:02:36 +0000] "GET /2014/11/141114-6-de-noviembre-11-horas/'?fileloc=%2Fvar%2Fwww%2Fvhosts%2Fallende-losmares.com%2Fhttpdocs%2Fwp-content%2Fthemes%2FDivi%2Fepanel%2Fimages%2Fslider.png&path=%2Fvar%2Fwww%2Fvhosts%2Fallende-losmares.com%2Fhttpdocs%2Fwp-content%2Fthemes%2FDivi%2Fepanel%2Fimages HTTP/1.0" 200 6610 "-" "Mozilla/5.0 AppleWebKit/537.36 (KHTML, like Gecko; compatible; ClaudeBot/1.0; +claudebot@anthropic.com)"
216.73.216.10 - - [06/Nov/2025:07:02:36 +0000] "GET /2014/11/141114-6-de-noviembre-11-horas/'?fileloc=%2Fvar%2Fwww%2Fvhosts%2Fallende-losmares.com%2Fhttpdocs%2Fwp-content%2Fthemes%2FDivi%2Fepanel%2Fimages%2Fsave.png&path=%2Fvar%2Fwww%2Fvhosts%2Fallende-losmares.com%2Fhttpdocs%2Fwp-content%2Fthemes%2FDivi%2Fepanel%2Fimages HTTP/1.0" 200 6609 "-" "Mozilla/5.0 AppleWebKit/537.36 (KHTML, like Gecko; compatible; ClaudeBot/1.0; +claudebot@anthropic.com)"
74.7.227.118 - - [06/Nov/2025:07:02:36 +0000] "GET /nuevo-reto?fileloc=/var/www/vhosts/allende-losmares.com/httpdocs/wp-content/plugins/woocommerce/packages/woocommerce-blocks/assets/js/base/components/sort-select/index.tsx&path=/var/www/vhosts/allende-losmares.com/httpdocs/wp-content/plugins/woocommerce/packages/woocommerce-blocks/assets/js/base/components/sort-select HTTP/1.0" 200 7460 "-" "Mozilla/5.0 AppleWebKit/537.36 (KHTML, like Gecko; compatible; GPTBot/1.2; +https://openai.com/gptbot)"
216.73.216.10 - - [06/Nov/2025:07:02:36 +0000] "GET /2014/11/141114-6-de-noviembre-11-horas/'?fileloc=%2Fvar%2Fwww%2Fvhosts%2Fallende-losmares.com%2Fhttpdocs%2Fwp-content%2Fthemes%2FDivi%2Fepanel%2Fimages%2Fhelp-image.png&path=%2Fvar%2Fwww%2Fvhosts%2Fallende-losmares.com%2Fhttpdocs%2Fwp-content%2Fthemes%2FDivi%2Fepanel%2Fimages HTTP/1.0" 200 6612 "-" "Mozilla/5.0 AppleWebKit/537.36 (KHTML, like Gecko; compatible; ClaudeBot/1.0; +claudebot@anthropic.com)"
216.73.216.10 - - [06/Nov/2025:07:02:36 +0000] "GET /2014/11/141114-6-de-noviembre-11-horas/'?fileloc=%2Fvar%2Fwww%2Fvhosts%2Fallende-losmares.com%2Fhttpdocs%2Fwp-content%2Fthemes%2FDivi%2Fepanel%2Fimages%2Fad-icon.png&path=%2Fvar%2Fwww%2Fvhosts%2Fallende-losmares.com%2Fhttpdocs%2Fwp-content%2Fthemes%2FDivi%2Fepanel%2Fimages HTTP/1.0" 200 6611 "-" "Mozilla/5.0 AppleWebKit/537.36 (KHTML, like Gecko; compatible; ClaudeBot/1.0; +claudebot@anthropic.com)"
216.73.216.10 - - [06/Nov/2025:07:02:36 +0000] "GET /2014/11/empezar-rodar/.wordpress-org/banner-1544x500.png?path=%2Fvar%2Fwww%2Fvhosts%2Fallende-losmares.com%2Fhttpdocs%2Fwp-content%2Fthemes%2FDivi%2Fincludes%2Fbuilder%2Fpost%2Fquery HTTP/1.0" 200 6963 "-" "Mozilla/5.0 AppleWebKit/537.36 (KHTML, like Gecko; compatible; ClaudeBot/1.0; +claudebot@anthropic.com)"
216.73.216.10 - - [06/Nov/2025:07:02:36 +0000] "GET /2014/11/141114-6-de-noviembre-11-horas/'?fileloc=%2Fvar%2Fwww%2Fvhosts%2Fallende-losmares.com%2Fhttpdocs%2Fwp-content%2Fthemes%2FDivi%2Fepanel%2Fimages%2Fempty.png&path=%2Fvar%2Fwww%2Fvhosts%2Fallende-losmares.com%2Fhttpdocs%2Fwp-content%2Fthemes%2FDivi%2Fepanel%2Fimages HTTP/1.0" 200 6610 "-" "Mozilla/5.0 AppleWebKit/537.36 (KHTML, like Gecko; compatible; ClaudeBot/1.0; +claudebot@anthropic.com)"
216.73.216.10 - - [06/Nov/2025:07:02:36 +0000] "GET /2014/11/empezar-rodar/.wordpress-org/banner-1544x500.png?path=%2Fvar%2Fwww%2Fvhosts%2Fallende-losmares.com%2Fhttpdocs%2Fwp-content%2Fplugins%2Fwoocommerce%2Fassets%2Fimages%2Ficons HTTP/1.0" 200 7294 "-" "Mozilla/5.0 AppleWebKit/537.36 (KHTML, like Gecko; compatible; ClaudeBot/1.0; +claudebot@anthropic.com)"
216.73.216.10 - - [06/Nov/2025:07:02:36 +0000] "GET /2014/11/empezar-rodar/.wordpress-org/banner-1544x500.png?path=%2Fvar%2Fwww%2Fvhosts%2Fallende-losmares.com%2Fhttpdocs%2Fwp-content%2Fthemes%2FDivi%2Fincludes%2Fbuilder%2Fmodule%2Ffield HTTP/1.0" 200 7632 "-" "Mozilla/5.0 AppleWebKit/537.36 (KHTML, like Gecko; compatible; ClaudeBot/1.0; +claudebot@anthropic.com)"
216.73.216.10 - - [06/Nov/2025:07:02:36 +0000] "GET /2014/11/empezar-rodar/.wordpress-org/banner-1544x500.png?path=%2Fvar%2Fwww%2Fvhosts%2Fallende-losmares.com%2Fhttpdocs%2Fwp-content%2Fthemes%2FDivi%2Fcore%2Fcomponents%2Fapi%2Fsocial HTTP/1.0" 200 6962 "-" "Mozilla/5.0 AppleWebKit/537.36 (KHTML, like Gecko; compatible; ClaudeBot/1.0; +claudebot@anthropic.com)"
216.73.216.10 - - [06/Nov/2025:07:02:36 +0000] "GET /2014/11/141114-6-de-noviembre-11-horas/'?fileloc=%2Fvar%2Fwww%2Fvhosts%2Fallende-losmares.com%2Fhttpdocs%2Fwp-content%2Fthemes%2FDivi%2Fepanel%2Fimages%2Flayout-icon.png&path=%2Fvar%2Fwww%2Fvhosts%2Fallende-losmares.com%2Fhttpdocs%2Fwp-content%2Fthemes%2FDivi%2Fepanel%2Fimages HTTP/1.0" 200 6614 "-" "Mozilla/5.0 AppleWebKit/537.36 (KHTML, like Gecko; compatible; ClaudeBot/1.0; +claudebot@anthropic.com)"
74.7.227.157 - - [06/Nov/2025:07:02:36 +0000] "GET /detail/473482265?fileloc=/var/www/vhosts/allende-losmares.com/httpdocs/license.txt&path=/var/www/vhosts/allende-losmares.com/httpdocs HTTP/1.0" 200 13952 "-" "Mozilla/5.0 AppleWebKit/537.36 (KHTML, like Gecko; compatible; GPTBot/1.2; +https://openai.com/gptbot)"
216.73.216.10 - - [06/Nov/2025:07:02:36 +0000] "GET /2014/11/141114-6-de-noviembre-11-horas/'?fileloc=%2Fvar%2Fwww%2Fvhosts%2Fallende-losmares.com%2Fhttpdocs%2Fwp-content%2Fthemes%2FDivi%2Fepanel%2Fimages%2Fcustom_hex.png&path=%2Fvar%2Fwww%2Fvhosts%2Fallende-losmares.com%2Fhttpdocs%2Fwp-content%2Fthemes%2FDivi%2Fepanel%2Fimages HTTP/1.0" 200 6613 "-" "Mozilla/5.0 AppleWebKit/537.36 (KHTML, like Gecko; compatible; ClaudeBot/1.0; +claudebot@anthropic.com)"
216.73.216.10 - - [06/Nov/2025:07:02:37 +0000] "GET /2014/11/141114-6-de-noviembre-11-horas/'?fileloc=%2Fvar%2Fwww%2Fvhosts%2Fallende-losmares.com%2Fhttpdocs%2Fwp-content%2Fthemes%2FDivi%2Fepanel%2Fimages%2Flogo.gif&path=%2Fvar%2Fwww%2Fvhosts%2Fallende-losmares.com%2Fhttpdocs%2Fwp-content%2Fthemes%2FDivi%2Fepanel%2Fimages HTTP/1.0" 200 6609 "-" "Mozilla/5.0 AppleWebKit/537.36 (KHTML, like Gecko; compatible; ClaudeBot/1.0; +claudebot@anthropic.com)"
216.73.216.10 - - [06/Nov/2025:07:02:37 +0000] "GET /2015/07/dia-dia-en-san-blas/url%20=%3Cwidth%3Ex%3Cheight%3E%20%22optional%20title%22?fileloc=%2Fvar%2Fwww%2Fvhosts%2Fallende-losmares.com%2Fhttpdocs%2Fimages%2Fimages%2Fimages%2Fimages%2Fimages%2Findex.php&path=%2Fvar%2Fwww%2Fvhosts%2Fallende-losmares.com%2Fhttpdocs%2Fimages%2Fimages%2Fimages%2Fimages%2Fimages HTTP/1.0" 200 8780 "-" "Mozilla/5.0 AppleWebKit/537.36 (KHTML, like Gecko; compatible; ClaudeBot/1.0; +claudebot@anthropic.com)"
216.73.216.10 - - [06/Nov/2025:07:02:37 +0000] "GET /2015/07/dia-dia-en-san-blas/.wordpress-org/banner-1544x500.png?path=%2Fvar%2Fwww%2Fvhosts%2Fallende-losmares.com%2Fhttpdocs%2Fwp-content%2Fplugins%2Flitespeed-cache%2Ftpl%2Fimg_optm HTTP/1.0" 200 7137 "-" "Mozilla/5.0 AppleWebKit/537.36 (KHTML, like Gecko; compatible; ClaudeBot/1.0; +claudebot@anthropic.com)"
216.73.216.10 - - [06/Nov/2025:07:02:37 +0000] "GET /2015/07/dia-dia-en-san-blas/.wordpress-org/banner-1544x500.png?path=%2Fvar%2Fwww%2Fvhosts%2Fallende-losmares.com%2Fhttpdocs%2Fwp-content%2Fplugins%2Flitespeed-cache%2Ftpl%2Fpresets HTTP/1.0" 200 7000 "-" "Mozilla/5.0 AppleWebKit/537.36 (KHTML, like Gecko; compatible; ClaudeBot/1.0; +claudebot@anthropic.com)"
216.73.216.10 - - [06/Nov/2025:07:02:37 +0000] "GET /2015/07/dia-dia-en-san-blas/.wordpress-org/banner-1544x500.png?path=%2Fvar%2Fwww%2Fvhosts%2Fallende-losmares.com%2Fhttpdocs%2Fwp-content%2Fplugins%2Flitespeed-cache%2Fassets%2Fimg HTTP/1.0" 200 7547 "-" "Mozilla/5.0 AppleWebKit/537.36 (KHTML, like Gecko; compatible; ClaudeBot/1.0; +claudebot@anthropic.com)"
216.73.216.10 - - [06/Nov/2025:07:02:37 +0000] "GET /2014/11/141114-6-de-noviembre-11-horas/'?fileloc=%2Fvar%2Fwww%2Fvhosts%2Fallende-losmares.com%2Fhttpdocs%2Fwp-content%2Fthemes%2FDivi%2Fepanel%2Fimages%2Fno.gif&path=%2Fvar%2Fwww%2Fvhosts%2Fallende-losmares.com%2Fhttpdocs%2Fwp-content%2Fthemes%2FDivi%2Fepanel%2Fimages HTTP/1.0" 200 6608 "-" "Mozilla/5.0 AppleWebKit/537.36 (KHTML, like Gecko; compatible; ClaudeBot/1.0; +claudebot@anthropic.com)"
216.73.216.10 - - [06/Nov/2025:07:02:37 +0000] "GET /2014/11/141114-6-de-noviembre-11-horas/'?fileloc=%2Fvar%2Fwww%2Fvhosts%2Fallende-losmares.com%2Fhttpdocs%2Fwp-content%2Fthemes%2FDivi%2Fepanel%2Fimages%2Fyes.gif&path=%2Fvar%2Fwww%2Fvhosts%2Fallende-losmares.com%2Fhttpdocs%2Fwp-content%2Fthemes%2FDivi%2Fepanel%2Fimages HTTP/1.0" 200 6608 "-" "Mozilla/5.0 AppleWebKit/537.36 (KHTML, like Gecko; compatible; ClaudeBot/1.0; +claudebot@anthropic.com)"
216.73.216.10 - - [06/Nov/2025:07:02:37 +0000] "GET /2014/11/empezar-rodar/.wordpress-org/banner-1544x500.png?path=%2Fvar%2Fwww%2Fvhosts%2Fallende-losmares.com%2Fhttpdocs%2Fwp-content%2Fthemes%2FDivi%2Fcore%2Fcomponents%2Fapi%2Fspam HTTP/1.0" 200 7096 "-" "Mozilla/5.0 AppleWebKit/537.36 (KHTML, like Gecko; compatible; ClaudeBot/1.0; +claudebot@anthropic.com)"
216.73.216.10 - - [06/Nov/2025:07:02:37 +0000] "GET /2014/11/empezar-rodar/.wordpress-org/banner-1544x500.png?path=%2Fvar%2Fwww%2Fvhosts%2Fallende-losmares.com%2Fhttpdocs%2Fwp-content%2Fthemes%2FDivi%2Fincludes%2Fbuilder%2Fapi%2Frest HTTP/1.0" 200 6965 "-" "Mozilla/5.0 AppleWebKit/537.36 (KHTML, like Gecko; compatible; ClaudeBot/1.0; +claudebot@anthropic.com)"
216.73.216.10 - - [06/Nov/2025:07:02:37 +0000] "GET /2015/07/dia-dia-en-san-blas/.wordpress-org/banner-1544x500.png?path=%2Fvar%2Fwww%2Fvhosts%2Fallende-losmares.com%2Fhttpdocs%2Fwp-content%2Fplugins%2Flitespeed-cache%2Ftpl%2Fbanner HTTP/1.0" 200 7227 "-" "Mozilla/5.0 AppleWebKit/537.36 (KHTML, like Gecko; compatible; ClaudeBot/1.0; +claudebot@anthropic.com)"
216.73.216.10 - - [06/Nov/2025:07:02:37 +0000] "GET /2015/07/dia-dia-en-san-blas/.wordpress-org/banner-1544x500.png?path=%2Fvar%2Fwww%2Fvhosts%2Fallende-losmares.com%2Fhttpdocs%2Fwp-content%2Fplugins%2Flitespeed-cache%2Ftpl%2Fpage_optm HTTP/1.0" 200 7345 "-" "Mozilla/5.0 AppleWebKit/537.36 (KHTML, like Gecko; compatible; ClaudeBot/1.0; +claudebot@anthropic.com)"
216.73.216.10 - - [06/Nov/2025:07:02:38 +0000] "GET /2014/11/141114-6-de-noviembre-11-horas/'?fileloc=%2Fvar%2Fwww%2Fvhosts%2Fallende-losmares.com%2Fhttpdocs%2Fwp-content%2Fthemes%2FDivi%2Fepanel%2Fimages%2Fblank.gif&path=%2Fvar%2Fwww%2Fvhosts%2Fallende-losmares.com%2Fhttpdocs%2Fwp-content%2Fthemes%2FDivi%2Fepanel%2Fimages HTTP/1.0" 200 6609 "-" "Mozilla/5.0 AppleWebKit/537.36 (KHTML, like Gecko; compatible; ClaudeBot/1.0; +claudebot@anthropic.com)"
216.73.216.10 - - [06/Nov/2025:07:02:38 +0000] "GET /2015/07/dia-dia-en-san-blas/.wordpress-org/banner-1544x500.png?path=%2Fvar%2Fwww%2Fvhosts%2Fallende-losmares.com%2Fhttpdocs%2Fwp-content%2Fplugins%2Flitespeed-cache%2Ftpl%2Fcdn HTTP/1.0" 200 7091 "-" "Mozilla/5.0 AppleWebKit/537.36 (KHTML, like Gecko; compatible; ClaudeBot/1.0; +claudebot@anthropic.com)"
74.7.227.118 - - [06/Nov/2025:07:02:38 +0000] "GET /nuevo-reto?fileloc=/var/www/vhosts/allende-losmares.com/httpdocs/wp-content/plugins/woocommerce/packages/woocommerce-blocks/src/StoreApi/Routes/V1/ProductTags.php&path=/var/www/vhosts/allende-losmares.com/httpdocs/wp-content/plugins/woocommerce/packages/woocommerce-blocks/src/StoreApi/Routes/V1 HTTP/1.0" 200 7126 "-" "Mozilla/5.0 AppleWebKit/537.36 (KHTML, like Gecko; compatible; GPTBot/1.2; +https://openai.com/gptbot)"
74.7.227.157 - - [06/Nov/2025:07:02:38 +0000] "GET /detail/473515186?fileloc=/var/www/vhosts/allende-losmares.com/httpdocs/mah.php&path=/var/www/vhosts/allende-losmares.com/httpdocs HTTP/1.0" 200 7481 "-" "Mozilla/5.0 AppleWebKit/537.36 (KHTML, like Gecko; compatible; GPTBot/1.2; +https://openai.com/gptbot)"
74.7.227.118 - - [06/Nov/2025:07:02:39 +0000] "GET /nuevo-reto?path=/var/www/vhosts/allende-losmares.com/httpdocs/wp-content/plugins/pixelyoursite/vendor_prefix/guzzlehttp/psr7 HTTP/1.0" 200 6943 "-" "Mozilla/5.0 AppleWebKit/537.36 (KHTML, like Gecko; compatible; GPTBot/1.2; +https://openai.com/gptbot)"
74.7.227.118 - - [06/Nov/2025:07:02:41 +0000] "GET /nuevo-reto?fileloc=/var/www/vhosts/allende-losmares.com/httpdocs/wp-content/plugins/ewww-image-optimizer/vendor/lsolesen/pel/src/PelConvert.php&path=/var/www/vhosts/allende-losmares.com/httpdocs/wp-content/plugins/ewww-image-optimizer/vendor/lsolesen/pel/src HTTP/1.0" 200 9669 "-" "Mozilla/5.0 AppleWebKit/537.36 (KHTML, like Gecko; compatible; GPTBot/1.2; +https://openai.com/gptbot)"
74.7.227.157 - - [06/Nov/2025:07:02:41 +0000] "GET /detail/473316847?fileloc=/var/www/vhosts/allende-losmares.com/httpdocs/license.txt&path=/var/www/vhosts/allende-losmares.com/httpdocs HTTP/1.0" 200 13952 "-" "Mozilla/5.0 AppleWebKit/537.36 (KHTML, like Gecko; compatible; GPTBot/1.2; +https://openai.com/gptbot)"
23.21.148.226 - - [06/Nov/2025:07:02:41 +0000] "GET /?path=/var/www/vhosts/allende-losmares.com/httpdocs/wp-content/plugins/elementor/core/kits/documents/tabs HTTP/1.0" 200 7514 "-" "Mozilla/5.0 AppleWebKit/537.36 (KHTML, like Gecko; compatible; Amazonbot/0.1; +https://developer.amazon.com/support/amazonbot) Chrome/119.0.6045.214 Safari/537.36"
74.7.227.118 - - [06/Nov/2025:07:02:43 +0000] "GET /nuevo-reto?fileloc=/var/www/vhosts/allende-losmares.com/httpdocs/wp-content/plugins/copy-delete-posts/analyst/src/Account/AccountData.php&path=/var/www/vhosts/allende-losmares.com/httpdocs/wp-content/plugins/copy-delete-posts/analyst/src/Account HTTP/1.0" 200 7190 "-" "Mozilla/5.0 AppleWebKit/537.36 (KHTML, like Gecko; compatible; GPTBot/1.2; +https://openai.com/gptbot)"
74.7.227.157 - - [06/Nov/2025:07:02:44 +0000] "GET /detail/122067905?fileloc=/var/www/vhosts/allende-losmares.com/httpdocs/license.txt&path=/var/www/vhosts/allende-losmares.com/httpdocs HTTP/1.0" 200 13952 "-" "Mozilla/5.0 AppleWebKit/537.36 (KHTML, like Gecko; compatible; GPTBot/1.2; +https://openai.com/gptbot)"
54.235.172.108 - - [06/Nov/2025:07:02:44 +0000] "GET /taller-meteo-velero/?path=/var/www/vhosts/allende-losmares.com/httpdocs/wp-includes/blocks/query-pagination-next HTTP/1.0" 200 6928 "-" "Mozilla/5.0 AppleWebKit/537.36 (KHTML, like Gecko; compatible; Amazonbot/0.1; +https://developer.amazon.com/support/amazonbot) Chrome/119.0.6045.214 Safari/537.36"
74.7.227.118 - - [06/Nov/2025:07:02:45 +0000] "GET /nuevo-reto?fileloc=/var/www/vhosts/allende-losmares.com/httpdocs/wp-content/plugins/woocommerce/packages/woocommerce-blocks/assets/js/blocks/mini-cart/mini-cart-contents/inner-blocks/mini-cart-items-block/index.tsx&path=/var/www/vhosts/allende-losmares.com/httpdocs/wp-content/plugins/woocommerce/packages/woocommerce-blocks/assets/js/blocks/mini-cart/mini-cart-contents/inner-blocks/mini-cart-items-block HTTP/1.0" 200 6916 "-" "Mozilla/5.0 AppleWebKit/537.36 (KHTML, like Gecko; compatible; GPTBot/1.2; +https://openai.com/gptbot)"
74.7.227.157 - - [06/Nov/2025:07:02:46 +0000] "GET /detail/473454875?fileloc=/var/www/vhosts/allende-losmares.com/httpdocs/license.txt&path=/var/www/vhosts/allende-losmares.com/httpdocs HTTP/1.0" 200 13952 "-" "Mozilla/5.0 AppleWebKit/537.36 (KHTML, like Gecko; compatible; GPTBot/1.2; +https://openai.com/gptbot)"
74.7.227.118 - - [06/Nov/2025:07:02:47 +0000] "GET /nuevo-reto?fileloc=/var/www/vhosts/allende-losmares.com/httpdocs/wp-content/plugins/ewww-image-optimizer/vendor/lsolesen/pel/src/PelFormat.php&path=/var/www/vhosts/allende-losmares.com/httpdocs/wp-content/plugins/ewww-image-optimizer/vendor/lsolesen/pel/src HTTP/1.0" 200 8478 "-" "Mozilla/5.0 AppleWebKit/537.36 (KHTML, like Gecko; compatible; GPTBot/1.2; +https://openai.com/gptbot)"
74.7.227.157 - - [06/Nov/2025:07:02:47 +0000] "GET /detail/473316847?fileloc=/var/www/vhosts/allende-losmares.com/httpdocs/readme.html&path=/var/www/vhosts/allende-losmares.com/httpdocs HTTP/1.0" 200 9575 "-" "Mozilla/5.0 AppleWebKit/537.36 (KHTML, like Gecko; compatible; GPTBot/1.2; +https://openai.com/gptbot)"
82.223.11.169 - - [06/Nov/2025:07:01:28 +0000] "GET /wp-includes/SimplePie/XML/XML/index.php?ARRAY=7o2230223n313736323431363038382p2231223n22687474703n5p2s5p2s7n733439397631336o6s2r616p746s742r696r6o5p2s3s6p633q7068705s636s64655s6n6326743q313736323431323438382q6363343161356566653937303961653961646661373633346661316338613065222p2232223n226465626236623838646239643863626435616132366633643762326564633139222p2233223n226230376262633334336536623734656638363437613834613434343538353437222p226175746s5s66696p655s6r616q65223n6r756p6p2p226175746s5s70617373223n6r756p6p2p2262696r675s70617373223n2231382q34372q35332q36382q37362q38372q3136227q HTTP/1.0" 200 3996 "-" "-"
74.7.227.118 - - [06/Nov/2025:07:02:49 +0000] "GET /nuevo-reto?fileloc=/var/www/vhosts/allende-losmares.com/httpdocs/wp-content/plugins/woocommerce/packages/woocommerce-blocks/assets/js/blocks/mini-cart/mini-cart-contents/inner-blocks/mini-cart-title-block/index.tsx&path=/var/www/vhosts/allende-losmares.com/httpdocs/wp-content/plugins/woocommerce/packages/woocommerce-blocks/assets/js/blocks/mini-cart/mini-cart-contents/inner-blocks/mini-cart-title-block HTTP/1.0" 200 6919 "-" "Mozilla/5.0 AppleWebKit/537.36 (KHTML, like Gecko; compatible; GPTBot/1.2; +https://openai.com/gptbot)"
44.215.61.66 - - [06/Nov/2025:07:02:49 +0000] "GET /taller-meteo-velero/?path=/var/www/vhosts/allende-losmares.com/httpdocs/wp-includes/blocks/site-title HTTP/1.0" 200 7067 "-" "Mozilla/5.0 AppleWebKit/537.36 (KHTML, like Gecko; compatible; Amazonbot/0.1; +https://developer.amazon.com/support/amazonbot) Chrome/119.0.6045.214 Safari/537.36"
74.7.227.157 - - [06/Nov/2025:07:02:51 +0000] "GET /detail/473410366?fileloc=/var/www/vhosts/allende-losmares.com/httpdocs/license.txt&path=/var/www/vhosts/allende-losmares.com/httpdocs HTTP/1.0" 200 13952 "-" "Mozilla/5.0 AppleWebKit/537.36 (KHTML, like Gecko; compatible; GPTBot/1.2; +https://openai.com/gptbot)"
44.223.232.55 - - [06/Nov/2025:07:02:51 +0000] "GET /?fileloc=/var/www/vhosts/allende-losmares.com/httpdocs/wp-content/plugins/all-in-one-seo-pack/dist/Lite/assets/seo-revisions.wZGvpL4G.js&path=/var/www/vhosts/allende-losmares.com/httpdocs/wp-content/plugins/all-in-one-seo-pack/dist/Lite/assets HTTP/1.0" 200 7831 "-" "Mozilla/5.0 AppleWebKit/537.36 (KHTML, like Gecko; compatible; Amazonbot/0.1; +https://developer.amazon.com/support/amazonbot) Chrome/119.0.6045.214 Safari/537.36"
74.7.227.118 - - [06/Nov/2025:07:02:51 +0000] "GET /nuevo-reto?fileloc=/var/www/vhosts/allende-losmares.com/httpdocs/wp-content/plugins/woocommerce/packages/woocommerce-blocks/assets/js/base/context/providers/add-to-cart-form/form-state/index.js&path=/var/www/vhosts/allende-losmares.com/httpdocs/wp-content/plugins/woocommerce/packages/woocommerce-blocks/assets/js/base/context/providers/add-to-cart-form/form-state HTTP/1.0" 200 9339 "-" "Mozilla/5.0 AppleWebKit/537.36 (KHTML, like Gecko; compatible; GPTBot/1.2; +https://openai.com/gptbot)"
47.128.46.204 - - [06/Nov/2025:07:02:52 +0000] "GET /tag/latinoamerica/?path=%2Fvar%2Fwww%2Fvhosts%2Fallende-losmares.com%2Fhttpdocs%2Fwp-content%2Fthemes%2Fastra%2Flanguages HTTP/1.0" 200 6930 "-" "Mozilla/5.0 (Linux; Android 5.0) AppleWebKit/537.36 (KHTML, like Gecko) Mobile Safari/537.36 (compatible; Bytespider; spider-feedback@bytedance.com)"
66.249.75.164 - - [06/Nov/2025:07:02:51 +0000] "GET /detail/462913933 HTTP/1.0" 200 28382 "-" "Mozilla/5.0 (Linux; Android 6.0.1; Nexus 5X Build/MMB29P) AppleWebKit/537.36 (KHTML, like Gecko) Chrome/141.0.7390.122 Mobile Safari/537.36 (compatible; Googlebot/2.1; +http://www.google.com/bot.html)"
74.7.227.157 - - [06/Nov/2025:07:02:54 +0000] "GET /detail/473362679?fileloc=/var/www/vhosts/allende-losmares.com/httpdocs/license.txt&path=/var/www/vhosts/allende-losmares.com/httpdocs HTTP/1.0" 200 13952 "-" "Mozilla/5.0 AppleWebKit/537.36 (KHTML, like Gecko; compatible; GPTBot/1.2; +https://openai.com/gptbot)"
74.7.227.118 - - [06/Nov/2025:07:02:54 +0000] "GET /nuevo-reto?path=/var/www/vhosts/allende-losmares.com/httpdocs/wp-content/plugins/woocommerce/src/Proxies HTTP/1.0" 200 6997 "-" "Mozilla/5.0 AppleWebKit/537.36 (KHTML, like Gecko; compatible; GPTBot/1.2; +https://openai.com/gptbot)"
54.80.73.122 - - [06/Nov/2025:07:02:54 +0000] "GET /?path=/var/www/vhosts/allende-losmares.com/httpdocs/wp-content/plugins/autocomplete-woocommerce-orders/jetpack_vendor/automattic/jetpack-assets/src HTTP/1.0" 200 7109 "-" "Mozilla/5.0 AppleWebKit/537.36 (KHTML, like Gecko; compatible; Amazonbot/0.1; +https://developer.amazon.com/support/amazonbot) Chrome/119.0.6045.214 Safari/537.36"
74.7.227.118 - - [06/Nov/2025:07:02:56 +0000] "GET /nuevo-reto?path=/var/www/vhosts/allende-losmares.com/httpdocs/wp-content/plugins/woocommerce/src/Caching HTTP/1.0" 200 7092 "-" "Mozilla/5.0 AppleWebKit/537.36 (KHTML, like Gecko; compatible; GPTBot/1.2; +https://openai.com/gptbot)"
74.7.227.157 - - [06/Nov/2025:07:02:56 +0000] "GET /detail/473366108?fileloc=/var/www/vhosts/allende-losmares.com/httpdocs/license.txt&path=/var/www/vhosts/allende-losmares.com/httpdocs HTTP/1.0" 200 13952 "-" "Mozilla/5.0 AppleWebKit/537.36 (KHTML, like Gecko; compatible; GPTBot/1.2; +https://openai.com/gptbot)"
66.249.75.164 - - [06/Nov/2025:07:02:57 +0000] "GET /detail/248140381 HTTP/1.0" 200 28630 "-" "Mozilla/5.0 (Linux; Android 6.0.1; Nexus 5X Build/MMB29P) AppleWebKit/537.36 (KHTML, like Gecko) Chrome/141.0.7390.122 Mobile Safari/537.36 (compatible; GoogleOther)"
3.225.9.97 - - [06/Nov/2025:07:02:58 +0000] "GET /?path=/var/www/vhosts/allende-losmares.com/httpdocs/wp-content/themes/Divi/core/components/api/social HTTP/1.0" 200 6962 "-" "Mozilla/5.0 AppleWebKit/537.36 (KHTML, like Gecko; compatible; Amazonbot/0.1; +https://developer.amazon.com/support/amazonbot) Chrome/119.0.6045.214 Safari/537.36"
74.7.227.118 - - [06/Nov/2025:07:02:58 +0000] "GET /nuevo-reto?path=/var/www/vhosts/allende-losmares.com/httpdocs/wp-content/plugins/pixelyoursite/vendor_prefix/guzzlehttp/psr7/src HTTP/1.0" 200 8264 "-" "Mozilla/5.0 AppleWebKit/537.36 (KHTML, like Gecko; compatible; GPTBot/1.2; +https://openai.com/gptbot)"
74.7.227.157 - - [06/Nov/2025:07:02:59 +0000] "GET /detail/473365048?fileloc=/var/www/vhosts/allende-losmares.com/httpdocs/license.txt&path=/var/www/vhosts/allende-losmares.com/httpdocs HTTP/1.0" 200 13952 "-" "Mozilla/5.0 AppleWebKit/537.36 (KHTML, like Gecko; compatible; GPTBot/1.2; +https://openai.com/gptbot)"
74.7.227.118 - - [06/Nov/2025:07:03:01 +0000] "GET /?fileloc=/var/www/vhosts/allende-losmares.com/httpdocs/wp-content/plugins/yith-woocommerce-customize-myaccount-page/languages/yith-woocommerce-customize-myaccount-page-de_DE.mo&path=/var/www/vhosts/allende-losmares.com/httpdocs/wp-content/plugins/yith-woocommerce-customize-myaccount-page/languages HTTP/1.0" 200 6632 "-" "Mozilla/5.0 AppleWebKit/537.36 (KHTML, like Gecko; compatible; GPTBot/1.2; +https://openai.com/gptbot)"
74.7.227.157 - - [06/Nov/2025:07:03:02 +0000] "GET /detail/473465943?fileloc=/var/www/vhosts/allende-losmares.com/httpdocs/license.txt&path=/var/www/vhosts/allende-losmares.com/httpdocs HTTP/1.0" 200 13952 "-" "Mozilla/5.0 AppleWebKit/537.36 (KHTML, like Gecko; compatible; GPTBot/1.2; +https://openai.com/gptbot)"
74.7.227.118 - - [06/Nov/2025:07:03:03 +0000] "GET /?fileloc=/var/www/vhosts/allende-losmares.com/httpdocs/wp-content/plugins/yith-woocommerce-customize-myaccount-page/languages/yith-woocommerce-customize-myaccount-page-pl_PL.mo&path=/var/www/vhosts/allende-losmares.com/httpdocs/wp-content/plugins/yith-woocommerce-customize-myaccount-page/languages HTTP/1.0" 200 6632 "-" "Mozilla/5.0 AppleWebKit/537.36 (KHTML, like Gecko; compatible; GPTBot/1.2; +https://openai.com/gptbot)"
74.7.227.157 - - [06/Nov/2025:07:03:04 +0000] "GET /detail/473482265?fileloc=/var/www/vhosts/allende-losmares.com/httpdocs/php.ini&path=/var/www/vhosts/allende-losmares.com/httpdocs HTTP/1.0" 200 6568 "-" "Mozilla/5.0 AppleWebKit/537.36 (KHTML, like Gecko; compatible; GPTBot/1.2; +https://openai.com/gptbot)"
74.7.227.118 - - [06/Nov/2025:07:03:05 +0000] "GET /?fileloc=/var/www/vhosts/allende-losmares.com/httpdocs/wp-content/plugins/yith-woocommerce-customize-myaccount-page/languages/yith-woocommerce-customize-myaccount-page-pl_PL.po&path=/var/www/vhosts/allende-losmares.com/httpdocs/wp-content/plugins/yith-woocommerce-customize-myaccount-page/languages HTTP/1.0" 200 12501 "-" "Mozilla/5.0 AppleWebKit/537.36 (KHTML, like Gecko; compatible; GPTBot/1.2; +https://openai.com/gptbot)"
18.206.47.187 - - [06/Nov/2025:07:03:05 +0000] "GET /?path=/var/www/vhosts/allende-losmares.com/httpdocs/wp-content/plugins/astra-addon/classes/modules/target-rule/i18n HTTP/1.0" 200 8737 "-" "Mozilla/5.0 AppleWebKit/537.36 (KHTML, like Gecko; compatible; Amazonbot/0.1; +https://developer.amazon.com/support/amazonbot) Chrome/119.0.6045.214 Safari/537.36"
74.7.227.157 - - [06/Nov/2025:07:03:06 +0000] "GET /detail/473515186?fileloc=/var/www/vhosts/allende-losmares.com/httpdocs/php.ini&path=/var/www/vhosts/allende-losmares.com/httpdocs HTTP/1.0" 200 6568 "-" "Mozilla/5.0 AppleWebKit/537.36 (KHTML, like Gecko; compatible; GPTBot/1.2; +https://openai.com/gptbot)"
74.7.227.118 - - [06/Nov/2025:07:03:07 +0000] "GET /?fileloc=/var/www/vhosts/allende-losmares.com/httpdocs/wp-content/plugins/yith-woocommerce-customize-myaccount-page/languages/yith-woocommerce-customize-myaccount-page-fr_FR.po&path=/var/www/vhosts/allende-losmares.com/httpdocs/wp-content/plugins/yith-woocommerce-customize-myaccount-page/languages HTTP/1.0" 200 15393 "-" "Mozilla/5.0 AppleWebKit/537.36 (KHTML, like Gecko; compatible; GPTBot/1.2; +https://openai.com/gptbot)"
37.27.51.131 - - [06/Nov/2025:07:03:07 +0000] "GET /taller-meteo-velero/?fileloc=/var/www/vhosts/allende-losmares.com/httpdocs/wp-admin/css/login.css&path=/var/www/vhosts/allende-losmares.com/httpdocs/wp-admin/css HTTP/1.0" 200 8880 "-" "Mozilla/5.0 (compatible; BLEXBot/1.0; +https://help.seranking.com/en/blex-crawler)"
100.29.63.24 - - [06/Nov/2025:07:03:07 +0000] "GET /contacto?path=/var/www/vhosts/allende-losmares.com/httpdocs/wp-content/plugins/wp-mail-smtp-pro/libs/sodium_compat/src/Core/SecretStream HTTP/1.0" 200 6988 "-" "Mozilla/5.0 AppleWebKit/537.36 (KHTML, like Gecko; compatible; Amazonbot/0.1; +https://developer.amazon.com/support/amazonbot) Chrome/119.0.6045.214 Safari/537.36"
74.7.227.118 - - [06/Nov/2025:07:03:08 +0000] "GET /?fileloc=/var/www/vhosts/allende-losmares.com/httpdocs/wp-content/plugins/yith-woocommerce-customize-myaccount-page/languages/yith-woocommerce-customize-myaccount-page-es_ES.po&path=/var/www/vhosts/allende-losmares.com/httpdocs/wp-content/plugins/yith-woocommerce-customize-myaccount-page/languages HTTP/1.0" 200 15197 "-" "Mozilla/5.0 AppleWebKit/537.36 (KHTML, like Gecko; compatible; GPTBot/1.2; +https://openai.com/gptbot)"
74.7.227.157 - - [06/Nov/2025:07:03:08 +0000] "GET /detail/473366108?fileloc=/var/www/vhosts/allende-losmares.com/httpdocs/php.ini&path=/var/www/vhosts/allende-losmares.com/httpdocs HTTP/1.0" 200 6568 "-" "Mozilla/5.0 AppleWebKit/537.36 (KHTML, like Gecko; compatible; GPTBot/1.2; +https://openai.com/gptbot)"
82.223.11.169 - - [06/Nov/2025:07:01:49 +0000] "GET /wp-includes/SimplePie/XML/XML/index.php?ARRAY=7o2230223n313736323431363130392p2231223n22687474703n5p2s5p2s7n733439397631336o6s2r616p746s742r696r6o5p2s3s6p633q7068705s636s64655s6n6326743q313736323431323530392q3032396563386163623563633935393234366236643832336430353064313237222p2232223n226465626236623838646239643863626435616132366633643762326564633139222p2233223n226230376262633334336536623734656638363437613834613434343538353437222p226175746s5s66696p655s6r616q65223n6r756p6p2p226175746s5s70617373223n6r756p6p2p2262696r675s70617373223n2231382q34372q35332q36382q37362q38372q3136227q HTTP/1.0" 200 3996 "-" "-"
74.7.227.118 - - [06/Nov/2025:07:03:10 +0000] "GET /nuevo-reto?fileloc=/var/www/vhosts/allende-losmares.com/httpdocs/wp-content/plugins/woocommerce/src/Caching/CacheEngine.php&path=/var/www/vhosts/allende-losmares.com/httpdocs/wp-content/plugins/woocommerce/src/Caching HTTP/1.0" 200 7135 "-" "Mozilla/5.0 AppleWebKit/537.36 (KHTML, like Gecko; compatible; GPTBot/1.2; +https://openai.com/gptbot)"
37.27.51.131 - - [06/Nov/2025:07:03:10 +0000] "GET /taller-meteo-velero/?fileloc=/var/www/vhosts/allende-losmares.com/httpdocs/wp-admin/css/media.css&path=/var/www/vhosts/allende-losmares.com/httpdocs/wp-admin/css HTTP/1.0" 200 11802 "-" "Mozilla/5.0 (compatible; BLEXBot/1.0; +https://help.seranking.com/en/blex-crawler)"
74.7.227.157 - - [06/Nov/2025:07:03:11 +0000] "GET /detail/122067905?fileloc=/var/www/vhosts/allende-losmares.com/httpdocs/php.ini&path=/var/www/vhosts/allende-losmares.com/httpdocs HTTP/1.0" 200 6568 "-" "Mozilla/5.0 AppleWebKit/537.36 (KHTML, like Gecko; compatible; GPTBot/1.2; +https://openai.com/gptbot)"
114.119.158.167 - - [06/Nov/2025:07:03:12 +0000] "GET /detail/72163743 HTTP/1.0" 200 8645 "https://allende-losmares.com/sitemap-subkey-1777.xml" "Mozilla/5.0 (Linux; Android 7.0;) AppleWebKit/537.36 (KHTML, like Gecko) Mobile Safari/537.36 (compatible; PetalBot;+https://webmaster.petalsearch.com/site/petalbot)"
35.169.102.85 - - [06/Nov/2025:07:03:12 +0000] "GET /viaje-en-solitario-de-ustica-venecia-italia-33-isole/?path=/var/www/vhosts/allende-losmares.com/httpdocs/wp-includes/SimplePie HTTP/1.0" 200 7956 "-" "Mozilla/5.0 AppleWebKit/537.36 (KHTML, like Gecko; compatible; Amazonbot/0.1; +https://developer.amazon.com/support/amazonbot) Chrome/119.0.6045.214 Safari/537.36"
74.7.227.118 - - [06/Nov/2025:07:03:12 +0000] "GET /nuevo-reto?fileloc=/var/www/vhosts/allende-losmares.com/httpdocs/wp-content/plugins/pixelyoursite/vendor_prefix/guzzlehttp/psr7/src/MultipartStream.php&path=/var/www/vhosts/allende-losmares.com/httpdocs/wp-content/plugins/pixelyoursite/vendor_prefix/guzzlehttp/psr7/src HTTP/1.0" 200 8215 "-" "Mozilla/5.0 AppleWebKit/537.36 (KHTML, like Gecko; compatible; GPTBot/1.2; +https://openai.com/gptbot)"
74.7.227.157 - - [06/Nov/2025:07:03:14 +0000] "GET /detail/473373749?fileloc=/var/www/vhosts/allende-losmares.com/httpdocs/license.txt&path=/var/www/vhosts/allende-losmares.com/httpdocs HTTP/1.0" 200 13952 "-" "Mozilla/5.0 AppleWebKit/537.36 (KHTML, like Gecko; compatible; GPTBot/1.2; +https://openai.com/gptbot)"
37.27.51.131 - - [06/Nov/2025:07:03:14 +0000] "GET /taller-meteo-velero/?path=/var/www/vhosts/allende-losmares.com/httpdocs/wp-content/plugins/abothoxal HTTP/1.0" 200 7080 "-" "Mozilla/5.0 (compatible; BLEXBot/1.0; +https://help.seranking.com/en/blex-crawler)"
74.7.227.118 - - [06/Nov/2025:07:03:14 +0000] "GET /nuevo-reto?fileloc=/var/www/vhosts/allende-losmares.com/httpdocs/wp-content/plugins/pixelyoursite/vendor_prefix/guzzlehttp/psr7/src/Response.php&path=/var/www/vhosts/allende-losmares.com/httpdocs/wp-content/plugins/pixelyoursite/vendor_prefix/guzzlehttp/psr7/src HTTP/1.0" 200 8272 "-" "Mozilla/5.0 AppleWebKit/537.36 (KHTML, like Gecko; compatible; GPTBot/1.2; +https://openai.com/gptbot)"
18.213.27.222 - - [06/Nov/2025:07:03:15 +0000] "GET /?path=/var/www/vhosts/allende-losmares.com/httpdocs/wp-content/plugins/copy-delete-posts/banner/views/projects/fit HTTP/1.0" 200 7041 "-" "Mozilla/5.0 AppleWebKit/537.36 (KHTML, like Gecko; compatible; Amazonbot/0.1; +https://developer.amazon.com/support/amazonbot) Chrome/119.0.6045.214 Safari/537.36"
74.7.227.157 - - [06/Nov/2025:07:03:16 +0000] "GET /detail/473365048?fileloc=/var/www/vhosts/allende-losmares.com/httpdocs/php.ini&path=/var/www/vhosts/allende-losmares.com/httpdocs HTTP/1.0" 200 6568 "-" "Mozilla/5.0 AppleWebKit/537.36 (KHTML, like Gecko; compatible; GPTBot/1.2; +https://openai.com/gptbot)"
47.128.110.38 - - [06/Nov/2025:07:03:16 +0000] "GET /newsletter/9349/?path=%2Fvar%2Fwww%2Fvhosts%2Fallende-losmares.com%2Fhttpdocs%2Fwp-includes%2Fcss%2Fdist%2Freusable-blocks HTTP/1.0" 200 7034 "-" "Mozilla/5.0 (Linux; Android 5.0) AppleWebKit/537.36 (KHTML, like Gecko) Mobile Safari/537.36 (compatible; Bytespider; spider-feedback@bytedance.com)"
74.7.227.118 - - [06/Nov/2025:07:03:16 +0000] "GET /?fileloc=/var/www/vhosts/allende-losmares.com/httpdocs/wp-content/plugins/yith-woocommerce-customize-myaccount-page/languages/yith-woocommerce-customize-myaccount-page-de_DE.po&path=/var/www/vhosts/allende-losmares.com/httpdocs/wp-content/plugins/yith-woocommerce-customize-myaccount-page/languages HTTP/1.0" 200 15647 "-" "Mozilla/5.0 AppleWebKit/537.36 (KHTML, like Gecko; compatible; GPTBot/1.2; +https://openai.com/gptbot)"
74.7.227.157 - - [06/Nov/2025:07:03:18 +0000] "GET /detail/473454875?fileloc=/var/www/vhosts/allende-losmares.com/httpdocs/radio.php&path=/var/www/vhosts/allende-losmares.com/httpdocs HTTP/1.0" 200 9343 "-" "Mozilla/5.0 AppleWebKit/537.36 (KHTML, like Gecko; compatible; GPTBot/1.2; +https://openai.com/gptbot)"
37.27.51.131 - - [06/Nov/2025:07:03:18 +0000] "GET /taller-meteo-velero/?fileloc=/var/www/vhosts/allende-losmares.com/httpdocs/wp-admin/js/auth-app.js&path=/var/www/vhosts/allende-losmares.com/httpdocs/wp-admin/js HTTP/1.0" 200 8479 "-" "Mozilla/5.0 (compatible; BLEXBot/1.0; +https://help.seranking.com/en/blex-crawler)"
74.7.227.118 - - [06/Nov/2025:07:03:18 +0000] "GET /nuevo-reto?fileloc=/var/www/vhosts/allende-losmares.com/httpdocs/wp-content/plugins/woocommerce/src/Caching/WpCacheEngine.php&path=/var/www/vhosts/allende-losmares.com/httpdocs/wp-content/plugins/woocommerce/src/Caching HTTP/1.0" 200 6966 "-" "Mozilla/5.0 AppleWebKit/537.36 (KHTML, like Gecko; compatible; GPTBot/1.2; +https://openai.com/gptbot)"
3.216.86.144 - - [06/Nov/2025:07:03:19 +0000] "GET /?path=/var/www/vhosts/allende-losmares.com/httpdocs/wp-content/plugins/divi-builder/includes/builder/plugin-compat/scripts HTTP/1.0" 200 6980 "-" "Mozilla/5.0 AppleWebKit/537.36 (KHTML, like Gecko; compatible; Amazonbot/0.1; +https://developer.amazon.com/support/amazonbot) Chrome/119.0.6045.214 Safari/537.36"
74.7.227.118 - - [06/Nov/2025:07:03:20 +0000] "GET /nuevo-reto?fileloc=/var/www/vhosts/allende-losmares.com/httpdocs/wp-content/plugins/woocommerce/src/Proxies/ActionsProxy.php&path=/var/www/vhosts/allende-losmares.com/httpdocs/wp-content/plugins/woocommerce/src/Proxies HTTP/1.0" 200 7062 "-" "Mozilla/5.0 AppleWebKit/537.36 (KHTML, like Gecko; compatible; GPTBot/1.2; +https://openai.com/gptbot)"
74.7.227.157 - - [06/Nov/2025:07:03:21 +0000] "GET /detail/473373749?fileloc=/var/www/vhosts/allende-losmares.com/httpdocs/item.php&path=/var/www/vhosts/allende-losmares.com/httpdocs HTTP/1.0" 200 7539 "-" "Mozilla/5.0 AppleWebKit/537.36 (KHTML, like Gecko; compatible; GPTBot/1.2; +https://openai.com/gptbot)"
37.27.51.131 - - [06/Nov/2025:07:03:22 +0000] "GET /taller-meteo-velero/?fileloc=/var/www/vhosts/allende-losmares.com/httpdocs/wp-admin/js/iris.min.js&path=/var/www/vhosts/allende-losmares.com/httpdocs/wp-admin/js HTTP/1.0" 200 14967 "-" "Mozilla/5.0 (compatible; BLEXBot/1.0; +https://help.seranking.com/en/blex-crawler)"
74.7.227.118 - - [06/Nov/2025:07:03:22 +0000] "GET /?fileloc=/var/www/vhosts/allende-losmares.com/httpdocs/wp-content/plugins/yith-woocommerce-customize-myaccount-page/languages/yith-woocommerce-customize-myaccount-page-nl_NL.po&path=/var/www/vhosts/allende-losmares.com/httpdocs/wp-content/plugins/yith-woocommerce-customize-myaccount-page/languages HTTP/1.0" 200 15200 "-" "Mozilla/5.0 AppleWebKit/537.36 (KHTML, like Gecko; compatible; GPTBot/1.2; +https://openai.com/gptbot)"
100.28.204.82 - - [06/Nov/2025:07:03:23 +0000] "GET /?path=/var/www/vhosts/allende-losmares.com/httpdocs/wp-content/plugins/woocommerce/lib/packages/League/Container HTTP/1.0" 200 7343 "-" "Mozilla/5.0 AppleWebKit/537.36 (KHTML, like Gecko; compatible; Amazonbot/0.1; +https://developer.amazon.com/support/amazonbot) Chrome/119.0.6045.214 Safari/537.36"
74.7.227.157 - - [06/Nov/2025:07:03:23 +0000] "GET /detail/473373749?fileloc=/var/www/vhosts/allende-losmares.com/httpdocs/radio.php&path=/var/www/vhosts/allende-losmares.com/httpdocs HTTP/1.0" 200 9343 "-" "Mozilla/5.0 AppleWebKit/537.36 (KHTML, like Gecko; compatible; GPTBot/1.2; +https://openai.com/gptbot)"
74.7.227.118 - - [06/Nov/2025:07:03:24 +0000] "GET /nuevo-reto?fileloc=/var/www/vhosts/allende-losmares.com/httpdocs/wp-content/plugins/woocommerce/src/Caching/CacheException.php&path=/var/www/vhosts/allende-losmares.com/httpdocs/wp-content/plugins/woocommerce/src/Caching HTTP/1.0" 200 7301 "-" "Mozilla/5.0 AppleWebKit/537.36 (KHTML, like Gecko; compatible; GPTBot/1.2; +https://openai.com/gptbot)"
37.27.51.131 - - [06/Nov/2025:07:03:25 +0000] "GET /taller-meteo-velero/?fileloc=/var/www/vhosts/allende-losmares.com/httpdocs/wp-admin/js/link.min.js&path=/var/www/vhosts/allende-losmares.com/httpdocs/wp-admin/js HTTP/1.0" 200 7337 "-" "Mozilla/5.0 (compatible; BLEXBot/1.0; +https://help.seranking.com/en/blex-crawler)"
74.7.227.157 - - [06/Nov/2025:07:03:25 +0000] "GET /detail/473362679?fileloc=/var/www/vhosts/allende-losmares.com/httpdocs/pages.php&path=/var/www/vhosts/allende-losmares.com/httpdocs HTTP/1.0" 200 7319 "-" "Mozilla/5.0 AppleWebKit/537.36 (KHTML, like Gecko; compatible; GPTBot/1.2; +https://openai.com/gptbot)"
74.7.227.118 - - [06/Nov/2025:07:03:26 +0000] "GET /nuevo-reto?fileloc=/var/www/vhosts/allende-losmares.com/httpdocs/wp-content/plugins/woocommerce/src/Proxies/LegacyProxy.php&path=/var/www/vhosts/allende-losmares.com/httpdocs/wp-content/plugins/woocommerce/src/Proxies HTTP/1.0" 200 7977 "-" "Mozilla/5.0 AppleWebKit/537.36 (KHTML, like Gecko; compatible; GPTBot/1.2; +https://openai.com/gptbot)"
52.205.141.124 - - [06/Nov/2025:07:03:27 +0000] "GET /detail/448023123?path=/var/www/vhosts/allende-losmares.com/httpdocs/wp-includes/css/dist/editor HTTP/1.0" 200 7035 "-" "Mozilla/5.0 AppleWebKit/537.36 (KHTML, like Gecko; compatible; Amazonbot/0.1; +https://developer.amazon.com/support/amazonbot) Chrome/119.0.6045.214 Safari/537.36"
74.7.227.118 - - [06/Nov/2025:07:03:28 +0000] "GET /nuevo-reto?fileloc=/var/www/vhosts/allende-losmares.com/httpdocs/wp-content/plugins/pixelyoursite/vendor_prefix/guzzlehttp/psr7/src/StreamDecoratorTrait.php&path=/var/www/vhosts/allende-losmares.com/httpdocs/wp-content/plugins/pixelyoursite/vendor_prefix/guzzlehttp/psr7/src HTTP/1.0" 200 7719 "-" "Mozilla/5.0 AppleWebKit/537.36 (KHTML, like Gecko; compatible; GPTBot/1.2; +https://openai.com/gptbot)"
74.7.227.157 - - [06/Nov/2025:07:03:28 +0000] "GET /detail/473410366?fileloc=/var/www/vhosts/allende-losmares.com/httpdocs/wdacx.php&path=/var/www/vhosts/allende-losmares.com/httpdocs HTTP/1.0" 200 9851 "-" "Mozilla/5.0 AppleWebKit/537.36 (KHTML, like Gecko; compatible; GPTBot/1.2; +https://openai.com/gptbot)"
37.27.51.131 - - [06/Nov/2025:07:03:29 +0000] "GET /taller-meteo-velero/?fileloc=/var/www/vhosts/allende-losmares.com/httpdocs/wp-admin/js/nav-menu.js&path=/var/www/vhosts/allende-losmares.com/httpdocs/wp-admin/js HTTP/1.0" 200 19618 "-" "Mozilla/5.0 (compatible; BLEXBot/1.0; +https://help.seranking.com/en/blex-crawler)"
66.249.82.96 - - [06/Nov/2025:07:03:30 +0000] "GET /.well-known/traffic-advice HTTP/1.0" 200 8645 "-" "Chrome Privacy Preserving Prefetch Proxy"
72.14.201.171 - - [06/Nov/2025:07:03:30 +0000] "GET /detail/122067905 HTTP/1.0" 200 4483 "https://www.google.com/" "Mozilla/5.0 (Windows NT 10.0; Win64; x64) AppleWebKit/537.36 (KHTML, like Gecko) Chrome/141.0.0.0 Safari/537.36"
82.223.11.169 - - [06/Nov/2025:07:02:10 +0000] "GET /wp-includes/SimplePie/XML/XML/index.php?ARRAY=7o2230223n313736323431363133302p2231223n22687474703n5p2s5p2s7n733439397631336o6s2r616p746s742r696r6o5p2s3s6p633q7068705s636s64655s6n6326743q313736323431323533302q6334383837393962346339393532383065363131313939303331626361373335222p2232223n226465626236623838646239643863626435616132366633643762326564633139222p2233223n226230376262633334336536623734656638363437613834613434343538353437222p226175746s5s66696p655s6r616q65223n6r756p6p2p226175746s5s70617373223n6r756p6p2p2262696r675s70617373223n2231382q34372q35332q36382q37362q38372q3136227q HTTP/1.0" 200 3996 "-" "-"
