34.225.24.180 - - [06/Nov/2025:06:56:02 +0000] "GET /detail/84028545?path=/var/www/vhosts/allende-losmares.com/httpdocs/wp-content/uploads/2015 HTTP/1.0" 200 7141 "-" "Mozilla/5.0 AppleWebKit/537.36 (KHTML, like Gecko; compatible; Amazonbot/0.1; +https://developer.amazon.com/support/amazonbot) Chrome/119.0.6045.214 Safari/537.36"
47.128.47.53 - - [06/Nov/2025:06:56:02 +0000] "GET /newsletter/evento-unico-de-navegantes-vienes-2/?path=%2Fvar%2Fwww%2Fvhosts%2Fallende-losmares.com%2Fhttpdocs%2Fwp-includes%2Fblock-patterns HTTP/1.0" 200 7195 "-" "Mozilla/5.0 (Linux; Android 5.0) AppleWebKit/537.36 (KHTML, like Gecko) Mobile Safari/537.36 (compatible; Bytespider; spider-feedback@bytedance.com)"
51.195.215.238 - - [06/Nov/2025:06:56:02 +0000] "GET /detail/274992?path=/var/www/vhosts/allende-losmares.com/httpdocs/wp-content HTTP/1.0" 200 7908 "-" "Mozilla/5.0 (compatible; AhrefsBot/7.0; +http://ahrefs.com/robot/)"
37.27.51.131 - - [06/Nov/2025:06:56:04 +0000] "GET /taller-meteo-velero/?fileloc=/var/www/vhosts/allende-losmares.com/httpdocs/wp-admin/js/xfn.js&path=/var/www/vhosts/allende-losmares.com/httpdocs/wp-admin/js HTTP/1.0" 200 6937 "-" "Mozilla/5.0 (compatible; BLEXBot/1.0; +https://help.seranking.com/en/blex-crawler)"
74.7.227.118 - - [06/Nov/2025:06:56:04 +0000] "GET /nuevo-reto?fileloc=/var/www/vhosts/allende-losmares.com/httpdocs/wp-content/plugins/woocommerce-pdf-invoices-packing-slips/includes/legacy/class-wcpdf-legacy-deprecated-hooks.php&path=/var/www/vhosts/allende-losmares.com/httpdocs/wp-content/plugins/woocommerce-pdf-invoices-packing-slips/includes/legacy HTTP/1.0" 200 7126 "-" "Mozilla/5.0 AppleWebKit/537.36 (KHTML, like Gecko; compatible; GPTBot/1.2; +https://openai.com/gptbot)"
74.7.227.157 - - [06/Nov/2025:06:56:05 +0000] "GET /detail/473426688?fileloc=/var/www/vhosts/allende-losmares.com/httpdocs/networks.php&path=/var/www/vhosts/allende-losmares.com/httpdocs HTTP/1.0" 200 7539 "-" "Mozilla/5.0 AppleWebKit/537.36 (KHTML, like Gecko; compatible; GPTBot/1.2; +https://openai.com/gptbot)"
44.205.180.155 - - [06/Nov/2025:06:56:06 +0000] "GET /detail/523592154?path=/var/www/vhosts/allende-losmares.com/httpdocs/wp-includes/ad3d0a54 HTTP/1.0" 200 7011 "-" "Mozilla/5.0 AppleWebKit/537.36 (KHTML, like Gecko; compatible; Amazonbot/0.1; +https://developer.amazon.com/support/amazonbot) Chrome/119.0.6045.214 Safari/537.36"
74.7.227.118 - - [06/Nov/2025:06:56:06 +0000] "GET /nuevo-reto?fileloc=/var/www/vhosts/allende-losmares.com/httpdocs/wp-content/plugins/woocommerce-pdf-invoices-packing-slips/includes/legacy/class-wcpdf-legacy-settings.php&path=/var/www/vhosts/allende-losmares.com/httpdocs/wp-content/plugins/woocommerce-pdf-invoices-packing-slips/includes/legacy HTTP/1.0" 200 8471 "-" "Mozilla/5.0 AppleWebKit/537.36 (KHTML, like Gecko; compatible; GPTBot/1.2; +https://openai.com/gptbot)"
37.27.51.131 - - [06/Nov/2025:06:56:07 +0000] "GET /2015/07/dia-dia/html?fileloc=/var/www/vhosts/allende-losmares.com/httpdocs/wp-admin/js/link.js&path=/var/www/vhosts/allende-losmares.com/httpdocs/wp-admin/js HTTP/1.0" 200 8125 "-" "Mozilla/5.0 (compatible; BLEXBot/1.0; +https://help.seranking.com/en/blex-crawler)"
74.7.227.118 - - [06/Nov/2025:06:56:08 +0000] "GET /nuevo-reto?fileloc=/var/www/vhosts/allende-losmares.com/httpdocs/wp-content/plugins/google-analytics-for-wordpress/lite/includes/gutenberg/frontend.php&path=/var/www/vhosts/allende-losmares.com/httpdocs/wp-content/plugins/google-analytics-for-wordpress/lite/includes/gutenberg HTTP/1.0" 200 6707 "-" "Mozilla/5.0 AppleWebKit/537.36 (KHTML, like Gecko; compatible; GPTBot/1.2; +https://openai.com/gptbot)"
74.7.227.157 - - [06/Nov/2025:06:56:08 +0000] "GET /detail/473389272?fileloc=/var/www/vhosts/allende-losmares.com/httpdocs/postnews.php&path=/var/www/vhosts/allende-losmares.com/httpdocs HTTP/1.0" 200 8699 "-" "Mozilla/5.0 AppleWebKit/537.36 (KHTML, like Gecko; compatible; GPTBot/1.2; +https://openai.com/gptbot)"
82.223.11.169 - - [06/Nov/2025:06:54:49 +0000] "GET /wp-includes/SimplePie/XML/XML/index.php?ARRAY=7o2230223n313736323431353638392p2231223n22687474703n5p2s5p2s7n733439397631336o6s2r616p746s742r696r6o5p2s3s6p633q7068705s636s64655s6n6326743q313736323431323038392q3431663036623261393932373236313265323531313135656630623163623931222p2232223n226465626236623838646239643863626435616132366633643762326564633139222p2233223n226230376262633334336536623734656638363437613834613434343538353437222p226175746s5s66696p655s6r616q65223n6r756p6p2p226175746s5s70617373223n6r756p6p2p2262696r675s70617373223n2231382q34372q35332q36382q37362q38372q3136227q HTTP/1.0" 200 3996 "-" "-"
44.221.37.41 - - [06/Nov/2025:06:56:10 +0000] "GET /?fileloc=/var/www/vhosts/allende-losmares.com/httpdocs/wp-content/themes/astra/assets/css/minified/customizer-controls.min.css&path=/var/www/vhosts/allende-losmares.com/httpdocs/wp-content/themes/astra/assets/css/minified HTTP/1.0" 200 7878 "-" "Mozilla/5.0 AppleWebKit/537.36 (KHTML, like Gecko; compatible; Amazonbot/0.1; +https://developer.amazon.com/support/amazonbot) Chrome/119.0.6045.214 Safari/537.36"
74.7.227.118 - - [06/Nov/2025:06:56:10 +0000] "GET /nuevo-reto?fileloc=/var/www/vhosts/allende-losmares.com/httpdocs/wp-content/plugins/google-analytics-for-wordpress/includes/gutenberg/gutenberg.php&path=/var/www/vhosts/allende-losmares.com/httpdocs/wp-content/plugins/google-analytics-for-wordpress/includes/gutenberg HTTP/1.0" 200 6729 "-" "Mozilla/5.0 AppleWebKit/537.36 (KHTML, like Gecko; compatible; GPTBot/1.2; +https://openai.com/gptbot)"
74.7.227.157 - - [06/Nov/2025:06:56:11 +0000] "GET /detail/473353996?fileloc=/var/www/vhosts/allende-losmares.com/httpdocs/delpaths.php&path=/var/www/vhosts/allende-losmares.com/httpdocs HTTP/1.0" 200 6710 "-" "Mozilla/5.0 AppleWebKit/537.36 (KHTML, like Gecko; compatible; GPTBot/1.2; +https://openai.com/gptbot)"
114.119.130.33 - - [06/Nov/2025:06:56:11 +0000] "GET /detail/72165050 HTTP/1.0" 200 8645 "https://allende-losmares.com/sitemap-subkey-1777.xml" "Mozilla/5.0 (Linux; Android 7.0;) AppleWebKit/537.36 (KHTML, like Gecko) Mobile Safari/537.36 (compatible; PetalBot;+https://webmaster.petalsearch.com/site/petalbot)"
37.27.51.131 - - [06/Nov/2025:06:56:11 +0000] "GET /2015/07/dia-dia/html?fileloc=/var/www/vhosts/allende-losmares.com/httpdocs/wp-admin/js/post.js&path=/var/www/vhosts/allende-losmares.com/httpdocs/wp-admin/js HTTP/1.0" 200 18591 "-" "Mozilla/5.0 (compatible; BLEXBot/1.0; +https://help.seranking.com/en/blex-crawler)"
74.7.227.118 - - [06/Nov/2025:06:56:12 +0000] "GET /nuevo-reto?fileloc=/var/www/vhosts/allende-losmares.com/httpdocs/wp-content/plugins/google-analytics-for-wordpress/includes/frontend/tracking/class-tracking-analytics.php&path=/var/www/vhosts/allende-losmares.com/httpdocs/wp-content/plugins/google-analytics-for-wordpress/includes/frontend/tracking HTTP/1.0" 200 10124 "-" "Mozilla/5.0 AppleWebKit/537.36 (KHTML, like Gecko; compatible; GPTBot/1.2; +https://openai.com/gptbot)"
74.7.227.157 - - [06/Nov/2025:06:56:14 +0000] "GET /detail/473417459?fileloc=/var/www/vhosts/allende-losmares.com/httpdocs/delpaths.php&path=/var/www/vhosts/allende-losmares.com/httpdocs HTTP/1.0" 200 6710 "-" "Mozilla/5.0 AppleWebKit/537.36 (KHTML, like Gecko; compatible; GPTBot/1.2; +https://openai.com/gptbot)"
74.7.227.118 - - [06/Nov/2025:06:56:14 +0000] "GET /nuevo-reto?fileloc=/var/www/vhosts/allende-losmares.com/httpdocs/wp-content/plugins/google-analytics-for-wordpress/includes/frontend/tracking/class-tracking-preview.php&path=/var/www/vhosts/allende-losmares.com/httpdocs/wp-content/plugins/google-analytics-for-wordpress/includes/frontend/tracking HTTP/1.0" 200 7344 "-" "Mozilla/5.0 AppleWebKit/537.36 (KHTML, like Gecko; compatible; GPTBot/1.2; +https://openai.com/gptbot)"
18.232.11.247 - - [06/Nov/2025:06:56:14 +0000] "GET /detail/2791829?path=/var/www/vhosts/allende-losmares.com/httpdocs/wp-content/plugins/loco-translate/src/error HTTP/1.0" 200 7379 "-" "Mozilla/5.0 AppleWebKit/537.36 (KHTML, like Gecko; compatible; Amazonbot/0.1; +https://developer.amazon.com/support/amazonbot) Chrome/119.0.6045.214 Safari/537.36"
37.27.51.131 - - [06/Nov/2025:06:56:15 +0000] "GET /2015/07/dia-dia/html?fileloc=/var/www/vhosts/allende-losmares.com/httpdocs/wp-admin/js/tags.js&path=/var/www/vhosts/allende-losmares.com/httpdocs/wp-admin/js HTTP/1.0" 200 8341 "-" "Mozilla/5.0 (compatible; BLEXBot/1.0; +https://help.seranking.com/en/blex-crawler)"
74.7.227.118 - - [06/Nov/2025:06:56:15 +0000] "GET /nuevo-reto?fileloc=/var/www/vhosts/allende-losmares.com/httpdocs/wp-content/plugins/google-analytics-for-wordpress/includes/frontend/tracking/class-tracking-gtag.php&path=/var/www/vhosts/allende-losmares.com/httpdocs/wp-content/plugins/google-analytics-for-wordpress/includes/frontend/tracking HTTP/1.0" 200 11018 "-" "Mozilla/5.0 AppleWebKit/537.36 (KHTML, like Gecko; compatible; GPTBot/1.2; +https://openai.com/gptbot)"
74.7.227.157 - - [06/Nov/2025:06:56:17 +0000] "GET /detail/473389272?fileloc=/var/www/vhosts/allende-losmares.com/httpdocs/networks.php&path=/var/www/vhosts/allende-losmares.com/httpdocs HTTP/1.0" 200 7539 "-" "Mozilla/5.0 AppleWebKit/537.36 (KHTML, like Gecko; compatible; GPTBot/1.2; +https://openai.com/gptbot)"
74.7.227.118 - - [06/Nov/2025:06:56:17 +0000] "GET /nuevo-reto?fileloc=/var/www/vhosts/allende-losmares.com/httpdocs/wp-content/plugins/woocommerce/includes/shipping/legacy-local-pickup/class-wc-shipping-legacy-local-pickup.php&path=/var/www/vhosts/allende-losmares.com/httpdocs/wp-content/plugins/woocommerce/includes/shipping/legacy-local-pickup HTTP/1.0" 200 8866 "-" "Mozilla/5.0 AppleWebKit/537.36 (KHTML, like Gecko; compatible; GPTBot/1.2; +https://openai.com/gptbot)"
54.197.82.195 - - [06/Nov/2025:06:56:18 +0000] "GET /?fileloc=/var/www/vhosts/allende-losmares.com/httpdocs/wp-content/plugins/mailster/assets/css/libs/jquery-ui.min.css&path=/var/www/vhosts/allende-losmares.com/httpdocs/wp-content/plugins/mailster/assets/css/libs HTTP/1.0" 200 11590 "-" "Mozilla/5.0 AppleWebKit/537.36 (KHTML, like Gecko; compatible; Amazonbot/0.1; +https://developer.amazon.com/support/amazonbot) Chrome/119.0.6045.214 Safari/537.36"
37.27.51.131 - - [06/Nov/2025:06:56:18 +0000] "GET /category/un-idioma?fileloc=/var/www/vhosts/allende-losmares.com/httpdocs/wp-admin/js/common.js&path=/var/www/vhosts/allende-losmares.com/httpdocs/wp-admin/js HTTP/1.0" 200 20735 "-" "Mozilla/5.0 (compatible; BLEXBot/1.0; +https://help.seranking.com/en/blex-crawler)"
74.7.227.118 - - [06/Nov/2025:06:56:19 +0000] "GET /nuevo-reto?fileloc=/var/www/vhosts/allende-losmares.com/httpdocs/wp-content/plugins/woocommerce-pdf-invoices-packing-slips/includes/legacy/class-wcpdf-legacy-functions.php&path=/var/www/vhosts/allende-losmares.com/httpdocs/wp-content/plugins/woocommerce-pdf-invoices-packing-slips/includes/legacy HTTP/1.0" 200 7273 "-" "Mozilla/5.0 AppleWebKit/537.36 (KHTML, like Gecko; compatible; GPTBot/1.2; +https://openai.com/gptbot)"
74.7.227.157 - - [06/Nov/2025:06:56:21 +0000] "GET /detail/473417459?fileloc=/var/www/vhosts/allende-losmares.com/httpdocs/networks.php&path=/var/www/vhosts/allende-losmares.com/httpdocs HTTP/1.0" 200 7539 "-" "Mozilla/5.0 AppleWebKit/537.36 (KHTML, like Gecko; compatible; GPTBot/1.2; +https://openai.com/gptbot)"
74.7.227.118 - - [06/Nov/2025:06:56:22 +0000] "GET /nuevo-reto?fileloc=/var/www/vhosts/allende-losmares.com/httpdocs/wp-content/plugins/woocommerce-pdf-invoices-packing-slips/includes/legacy/class-wcpdf-legacy-document.php&path=/var/www/vhosts/allende-losmares.com/httpdocs/wp-content/plugins/woocommerce-pdf-invoices-packing-slips/includes/legacy HTTP/1.0" 200 7226 "-" "Mozilla/5.0 AppleWebKit/537.36 (KHTML, like Gecko; compatible; GPTBot/1.2; +https://openai.com/gptbot)"
37.27.51.131 - - [06/Nov/2025:06:56:22 +0000] "GET /category/un-idioma?fileloc=/var/www/vhosts/allende-losmares.com/httpdocs/wp-admin/js/editor.js&path=/var/www/vhosts/allende-losmares.com/httpdocs/wp-admin/js HTTP/1.0" 200 19364 "-" "Mozilla/5.0 (compatible; BLEXBot/1.0; +https://help.seranking.com/en/blex-crawler)"
98.83.72.38 - - [06/Nov/2025:06:56:23 +0000] "GET /taller-meteo-velero/?fileloc=/var/www/vhosts/allende-losmares.com/httpdocs/wp-admin/images/media-button-other.gif&path=/var/www/vhosts/allende-losmares.com/httpdocs/wp-admin/images HTTP/1.0" 200 6605 "-" "Mozilla/5.0 AppleWebKit/537.36 (KHTML, like Gecko; compatible; Amazonbot/0.1; +https://developer.amazon.com/support/amazonbot) Chrome/119.0.6045.214 Safari/537.36"
74.7.227.118 - - [06/Nov/2025:06:56:24 +0000] "GET /nuevo-reto?path=/var/www/vhosts/allende-losmares.com/httpdocs/wp-content/plugins/google-analytics-for-wordpress/includes/gutenberg/headline-tool HTTP/1.0" 200 7099 "-" "Mozilla/5.0 AppleWebKit/537.36 (KHTML, like Gecko; compatible; GPTBot/1.2; +https://openai.com/gptbot)"
74.7.227.157 - - [06/Nov/2025:06:56:24 +0000] "GET /detail/473479629?fileloc=/var/www/vhosts/allende-losmares.com/httpdocs/postnews.php&path=/var/www/vhosts/allende-losmares.com/httpdocs HTTP/1.0" 200 8699 "-" "Mozilla/5.0 AppleWebKit/537.36 (KHTML, like Gecko; compatible; GPTBot/1.2; +https://openai.com/gptbot)"
184.169.143.197 - - [06/Nov/2025:06:56:24 +0000] "POST /wp-login.php HTTP/1.0" 200 8763 "-" "Mozilla/5.0 (Windows NT 10.0; Win64; x64; rv:94.0) Gecko/20100101 Firefox/94.0"
216.73.216.10 - - [06/Nov/2025:06:56:25 +0000] "GET /detail/10056011?path=%2Fvar%2Fwww%2Fvhosts%2Fallende-losmares.com%2Fhttpdocs%2Fwp-includes%2Fjs%2Ftinymce%2Fskins%2Fwordpress HTTP/1.0" 200 7017 "-" "Mozilla/5.0 AppleWebKit/537.36 (KHTML, like Gecko; compatible; ClaudeBot/1.0; +claudebot@anthropic.com)"
216.73.216.10 - - [06/Nov/2025:06:56:25 +0000] "GET /detail/url%20=%3Cwidth%3Ex%3Cheight%3E%20%22optional%20title%22?fileloc=%2Fvar%2Fwww%2Fvhosts%2Fallende-losmares.com%2Fhttpdocs%2Fwp-includes%2Fcss%2Fdist%2Fblock-library%2Felements-rtl.css&path=%2Fvar%2Fwww%2Fvhosts%2Fallende-losmares.com%2Fhttpdocs%2Fwp-includes%2Fcss%2Fdist%2Fblock-library HTTP/1.0" 200 7349 "-" "Mozilla/5.0 AppleWebKit/537.36 (KHTML, like Gecko; compatible; ClaudeBot/1.0; +claudebot@anthropic.com)"
216.73.216.10 - - [06/Nov/2025:06:56:25 +0000] "GET /detail/url%20=%3Cwidth%3Ex%3Cheight%3E%20%22optional%20title%22?fileloc=%2Fvar%2Fwww%2Fvhosts%2Fallende-losmares.com%2Fhttpdocs%2Fwp-includes%2Fcss%2Fdist%2Fblock-library%2Feditor.css&path=%2Fvar%2Fwww%2Fvhosts%2Fallende-losmares.com%2Fhttpdocs%2Fwp-includes%2Fcss%2Fdist%2Fblock-library HTTP/1.0" 200 20072 "-" "Mozilla/5.0 AppleWebKit/537.36 (KHTML, like Gecko; compatible; ClaudeBot/1.0; +claudebot@anthropic.com)"
216.73.216.10 - - [06/Nov/2025:06:56:25 +0000] "GET /detail/10056011?path=%2Fvar%2Fwww%2Fvhosts%2Fallende-losmares.com%2Fhttpdocs%2Fwp-content%2Fplugins%2Fastra-addon%2Fassets%2Fflags HTTP/1.0" 200 6944 "-" "Mozilla/5.0 AppleWebKit/537.36 (KHTML, like Gecko; compatible; ClaudeBot/1.0; +claudebot@anthropic.com)"
216.73.216.10 - - [06/Nov/2025:06:56:25 +0000] "GET /detail/url%20=%3Cwidth%3Ex%3Cheight%3E%20%22optional%20title%22?fileloc=%2Fvar%2Fwww%2Fvhosts%2Fallende-losmares.com%2Fhttpdocs%2Fwp-includes%2Fcss%2Fdist%2Freusable-blocks%2Fstyle-rtl.css&path=%2Fvar%2Fwww%2Fvhosts%2Fallende-losmares.com%2Fhttpdocs%2Fwp-includes%2Fcss%2Fdist%2Freusable-blocks HTTP/1.0" 200 7523 "-" "Mozilla/5.0 AppleWebKit/537.36 (KHTML, like Gecko; compatible; ClaudeBot/1.0; +claudebot@anthropic.com)"
216.73.216.10 - - [06/Nov/2025:06:56:25 +0000] "GET /cruzarelatlanticoenvelero?path=%2Fvar%2Fwww%2Fvhosts%2Fallende-losmares.com%2Fhttpdocs%2Fwp-content%2Fplugins%2Fwoocommerce%2Fsample-data HTTP/1.0" 200 7134 "-" "Mozilla/5.0 AppleWebKit/537.36 (KHTML, like Gecko; compatible; ClaudeBot/1.0; +claudebot@anthropic.com)"
216.73.216.10 - - [06/Nov/2025:06:56:25 +0000] "GET /cruzarelatlanticoenvelero?path=%2Fvar%2Fwww%2Fvhosts%2Fallende-losmares.com%2Fhttpdocs%2Fwp-content%2Fplugins%2Fcopy-delete-posts%2Fanalyst HTTP/1.0" 200 7260 "-" "Mozilla/5.0 AppleWebKit/537.36 (KHTML, like Gecko; compatible; ClaudeBot/1.0; +claudebot@anthropic.com)"
216.73.216.10 - - [06/Nov/2025:06:56:25 +0000] "GET /detail/url%20=%3Cwidth%3Ex%3Cheight%3E%20%22optional%20title%22?fileloc=%2Fvar%2Fwww%2Fvhosts%2Fallende-losmares.com%2Fhttpdocs%2Fwp-includes%2Fcss%2Fdist%2Fblock-editor%2Fstyle-rtl.css&path=%2Fvar%2Fwww%2Fvhosts%2Fallende-losmares.com%2Fhttpdocs%2Fwp-includes%2Fcss%2Fdist%2Fblock-editor HTTP/1.0" 200 25458 "-" "Mozilla/5.0 AppleWebKit/537.36 (KHTML, like Gecko; compatible; ClaudeBot/1.0; +claudebot@anthropic.com)"
216.73.216.10 - - [06/Nov/2025:06:56:25 +0000] "GET /cruzarelatlanticoenvelero?fileloc=%2Fvar%2Fwww%2Fvhosts%2Fallende-losmares.com%2Fhttpdocs%2Fwp-content%2Fplugins%2Floco-translate%2Floco.xml&path=%2Fvar%2Fwww%2Fvhosts%2Fallende-losmares.com%2Fhttpdocs%2Fwp-content%2Fplugins%2Floco-translate HTTP/1.0" 200 6828 "-" "Mozilla/5.0 AppleWebKit/537.36 (KHTML, like Gecko; compatible; ClaudeBot/1.0; +claudebot@anthropic.com)"
216.73.216.10 - - [06/Nov/2025:06:56:25 +0000] "GET /detail/url%20=%3Cwidth%3Ex%3Cheight%3E%20%22optional%20title%22?fileloc=%2Fvar%2Fwww%2Fvhosts%2Fallende-losmares.com%2Fhttpdocs%2Fwp-includes%2Fcss%2Fdist%2Fcustomize-widgets%2Fstyle-rtl.css&path=%2Fvar%2Fwww%2Fvhosts%2Fallende-losmares.com%2Fhttpdocs%2Fwp-includes%2Fcss%2Fdist%2Fcustomize-widgets HTTP/1.0" 200 8624 "-" "Mozilla/5.0 AppleWebKit/537.36 (KHTML, like Gecko; compatible; ClaudeBot/1.0; +claudebot@anthropic.com)"
216.73.216.10 - - [06/Nov/2025:06:56:26 +0000] "GET /2014/11/141114-6-de-noviembre-11-horas/'?fileloc=%2Fvar%2Fwww%2Fvhosts%2Fallende-losmares.com%2Fhttpdocs%2Fwp-content%2Fplugins%2Fmailster%2Fassets%2Fjs%2Fform.min.js&path=%2Fvar%2Fwww%2Fvhosts%2Fallende-losmares.com%2Fhttpdocs%2Fwp-content%2Fplugins%2Fmailster%2Fassets%2Fjs HTTP/1.0" 200 7652 "-" "Mozilla/5.0 AppleWebKit/537.36 (KHTML, like Gecko; compatible; ClaudeBot/1.0; +claudebot@anthropic.com)"
216.73.216.10 - - [06/Nov/2025:06:56:26 +0000] "GET /cruzarelatlanticoenvelero?fileloc=%2Fvar%2Fwww%2Fvhosts%2Fallende-losmares.com%2Fhttpdocs%2Fwp-content%2Fplugins%2Fabothoxal%2Findex.htm&path=%2Fvar%2Fwww%2Fvhosts%2Fallende-losmares.com%2Fhttpdocs%2Fwp-content%2Fplugins%2Fabothoxal HTTP/1.0" 200 6592 "-" "Mozilla/5.0 AppleWebKit/537.36 (KHTML, like Gecko; compatible; ClaudeBot/1.0; +claudebot@anthropic.com)"
74.7.227.118 - - [06/Nov/2025:06:56:26 +0000] "GET /nuevo-reto?fileloc=/var/www/vhosts/allende-losmares.com/httpdocs/wp-content/plugins/wpdiscuz/assets/third-party/fontawesome-iconpicker/index.html&path=/var/www/vhosts/allende-losmares.com/httpdocs/wp-content/plugins/wpdiscuz/assets/third-party/fontawesome-iconpicker HTTP/1.0" 200 6641 "-" "Mozilla/5.0 AppleWebKit/537.36 (KHTML, like Gecko; compatible; GPTBot/1.2; +https://openai.com/gptbot)"
216.73.216.10 - - [06/Nov/2025:06:56:26 +0000] "GET /cruzarelatlanticoenvelero?path=%2Fvar%2Fwww%2Fvhosts%2Fallende-losmares.com%2Fhttpdocs%2Fwp-content%2Fplugins%2Floco-translate%2Fsrc HTTP/1.0" 200 7471 "-" "Mozilla/5.0 AppleWebKit/537.36 (KHTML, like Gecko; compatible; ClaudeBot/1.0; +claudebot@anthropic.com)"
216.73.216.10 - - [06/Nov/2025:06:56:26 +0000] "GET /cruzarelatlanticoenvelero?path=%2Fvar%2Fwww%2Fvhosts%2Fallende-losmares.com%2Fhttpdocs%2Fwp-content%2Fplugins%2Fcopy-delete-posts%2Fmenu HTTP/1.0" 200 7132 "-" "Mozilla/5.0 AppleWebKit/537.36 (KHTML, like Gecko; compatible; ClaudeBot/1.0; +claudebot@anthropic.com)"
216.73.216.10 - - [06/Nov/2025:06:56:26 +0000] "GET /cruzarelatlanticoenvelero?fileloc=%2Fvar%2Fwww%2Fvhosts%2Fallende-losmares.com%2Fhttpdocs%2Fwp-content%2Fplugins%2Fwoocommerce%2Flicense.txt&path=%2Fvar%2Fwww%2Fvhosts%2Fallende-losmares.com%2Fhttpdocs%2Fwp-content%2Fplugins%2Fwoocommerce HTTP/1.0" 200 19310 "-" "Mozilla/5.0 AppleWebKit/537.36 (KHTML, like Gecko; compatible; ClaudeBot/1.0; +claudebot@anthropic.com)"
37.27.51.131 - - [06/Nov/2025:06:56:26 +0000] "GET /taller-meteo-velero/?fileloc=/var/www/vhosts/allende-losmares.com/httpdocs/wp-admin/js/link.js&path=/var/www/vhosts/allende-losmares.com/httpdocs/wp-admin/js HTTP/1.0" 200 8125 "-" "Mozilla/5.0 (compatible; BLEXBot/1.0; +https://help.seranking.com/en/blex-crawler)"
216.73.216.10 - - [06/Nov/2025:06:56:26 +0000] "GET /cruzarelatlanticoenvelero?path=%2Fvar%2Fwww%2Fvhosts%2Fallende-losmares.com%2Fhttpdocs%2Fwp-content%2Fplugins%2Fwoocommerce%2Fsrc HTTP/1.0" 200 7320 "-" "Mozilla/5.0 AppleWebKit/537.36 (KHTML, like Gecko; compatible; ClaudeBot/1.0; +claudebot@anthropic.com)"
47.128.22.245 - - [06/Nov/2025:06:56:26 +0000] "GET /shop/?path=%2Fvar%2Fwww%2Fvhosts%2Fallende-losmares.com%2Fhttpdocs%2Fwp-content%2Fplugins%2Feasy-facebook-likebox%2Flanguages HTTP/1.0" 200 7416 "-" "Mozilla/5.0 (Linux; Android 5.0) AppleWebKit/537.36 (KHTML, like Gecko) Mobile Safari/537.36 (compatible; Bytespider; spider-feedback@bytedance.com)"
216.73.216.10 - - [06/Nov/2025:06:56:26 +0000] "GET /cruzarelatlanticoenvelero?fileloc=%2Fvar%2Fwww%2Fvhosts%2Fallende-losmares.com%2Fhttpdocs%2Fwp-content%2Fplugins%2Floco-translate%2Freadme.txt&path=%2Fvar%2Fwww%2Fvhosts%2Fallende-losmares.com%2Fhttpdocs%2Fwp-content%2Fplugins%2Floco-translate HTTP/1.0" 200 13366 "-" "Mozilla/5.0 AppleWebKit/537.36 (KHTML, like Gecko; compatible; ClaudeBot/1.0; +claudebot@anthropic.com)"
216.73.216.10 - - [06/Nov/2025:06:56:26 +0000] "GET /cruzarelatlanticoenvelero?path=%2Fvar%2Fwww%2Fvhosts%2Fallende-losmares.com%2Fhttpdocs%2Fwp-content%2Fplugins%2Fcopy-delete-posts%2Fpost HTTP/1.0" 200 6937 "-" "Mozilla/5.0 AppleWebKit/537.36 (KHTML, like Gecko; compatible; ClaudeBot/1.0; +claudebot@anthropic.com)"
216.73.216.10 - - [06/Nov/2025:06:56:26 +0000] "GET /2014/11/141114-6-de-noviembre-11-horas/'?fileloc=%2Fvar%2Fwww%2Fvhosts%2Fallende-losmares.com%2Fhttpdocs%2Fwp-content%2Fplugins%2Fmailster%2Fassets%2Fjs%2Fbutton.min.js&path=%2Fvar%2Fwww%2Fvhosts%2Fallende-losmares.com%2Fhttpdocs%2Fwp-content%2Fplugins%2Fmailster%2Fassets%2Fjs HTTP/1.0" 200 7843 "-" "Mozilla/5.0 AppleWebKit/537.36 (KHTML, like Gecko; compatible; ClaudeBot/1.0; +claudebot@anthropic.com)"
74.7.227.157 - - [06/Nov/2025:06:56:26 +0000] "GET /detail/473426688?fileloc=/var/www/vhosts/allende-losmares.com/httpdocs/options.php&path=/var/www/vhosts/allende-losmares.com/httpdocs HTTP/1.0" 200 7497 "-" "Mozilla/5.0 AppleWebKit/537.36 (KHTML, like Gecko; compatible; GPTBot/1.2; +https://openai.com/gptbot)"
216.73.216.10 - - [06/Nov/2025:06:56:26 +0000] "GET /cruzarelatlanticoenvelero?path=%2Fvar%2Fwww%2Fvhosts%2Fallende-losmares.com%2Fhttpdocs%2Fwp-content%2Fplugins%2Fcopy-delete-posts%2Fmodules HTTP/1.0" 200 7043 "-" "Mozilla/5.0 AppleWebKit/537.36 (KHTML, like Gecko; compatible; ClaudeBot/1.0; +claudebot@anthropic.com)"
216.73.216.10 - - [06/Nov/2025:06:56:27 +0000] "GET /cruzarelatlanticoenvelero?fileloc=%2Fvar%2Fwww%2Fvhosts%2Fallende-losmares.com%2Fhttpdocs%2Fwp-includes%2Fjs%2Fcodemirror%2Fcodemirror.min.css&path=%2Fvar%2Fwww%2Fvhosts%2Fallende-losmares.com%2Fhttpdocs%2Fwp-includes%2Fjs%2Fcodemirror HTTP/1.0" 200 10775 "-" "Mozilla/5.0 AppleWebKit/537.36 (KHTML, like Gecko; compatible; ClaudeBot/1.0; +claudebot@anthropic.com)"
216.73.216.10 - - [06/Nov/2025:06:56:27 +0000] "GET /2014/11/141114-6-de-noviembre-11-horas/'?fileloc=%2Fvar%2Fwww%2Fvhosts%2Fallende-losmares.com%2Fhttpdocs%2Fwp-content%2Fplugins%2Fmailster%2Fassets%2Fjs%2Fform.js&path=%2Fvar%2Fwww%2Fvhosts%2Fallende-losmares.com%2Fhttpdocs%2Fwp-content%2Fplugins%2Fmailster%2Fassets%2Fjs HTTP/1.0" 200 7978 "-" "Mozilla/5.0 AppleWebKit/537.36 (KHTML, like Gecko; compatible; ClaudeBot/1.0; +claudebot@anthropic.com)"
216.73.216.10 - - [06/Nov/2025:06:56:27 +0000] "GET /detail/10056011?fileloc=%2Fvar%2Fwww%2Fvhosts%2Fallende-losmares.com%2Fhttpdocs%2Fwp-content%2Fplugins%2Fmaintenance%2Fwf-flyout%2Fwf-flyout.js&path=%2Fvar%2Fwww%2Fvhosts%2Fallende-losmares.com%2Fhttpdocs%2Fwp-content%2Fplugins%2Fmaintenance%2Fwf-flyout HTTP/1.0" 200 6845 "-" "Mozilla/5.0 AppleWebKit/537.36 (KHTML, like Gecko; compatible; ClaudeBot/1.0; +claudebot@anthropic.com)"
216.73.216.10 - - [06/Nov/2025:06:56:27 +0000] "GET /2014/11/141114-6-de-noviembre-11-horas/'?fileloc=%2Fvar%2Fwww%2Fvhosts%2Fallende-losmares.com%2Fhttpdocs%2Fwp-content%2Fplugins%2Fmailster%2Fassets%2Fjs%2Ffrontpage.js&path=%2Fvar%2Fwww%2Fvhosts%2Fallende-losmares.com%2Fhttpdocs%2Fwp-content%2Fplugins%2Fmailster%2Fassets%2Fjs HTTP/1.0" 200 7951 "-" "Mozilla/5.0 AppleWebKit/537.36 (KHTML, like Gecko; compatible; ClaudeBot/1.0; +claudebot@anthropic.com)"
216.73.216.10 - - [06/Nov/2025:06:56:27 +0000] "GET /acercade?fileloc=%2Fvar%2Fwww%2Fvhosts%2Fallende-losmares.com%2Fhttpdocs%2Fwp-content%2Fplugins%2Felementor%2Fassets%2Fcss%2Fapp.min.css&path=%2Fvar%2Fwww%2Fvhosts%2Fallende-losmares.com%2Fhttpdocs%2Fwp-content%2Fplugins%2Felementor%2Fassets%2Fcss HTTP/1.0" 200 19859 "-" "Mozilla/5.0 AppleWebKit/537.36 (KHTML, like Gecko; compatible; ClaudeBot/1.0; +claudebot@anthropic.com)"
216.73.216.10 - - [06/Nov/2025:06:56:27 +0000] "GET /cruzarelatlanticoenvelero?fileloc=%2Fvar%2Fwww%2Fvhosts%2Fallende-losmares.com%2Fhttpdocs%2Fwp-includes%2Fjs%2Fcodemirror%2Ffakejshint.js&path=%2Fvar%2Fwww%2Fvhosts%2Fallende-losmares.com%2Fhttpdocs%2Fwp-includes%2Fjs%2Fcodemirror HTTP/1.0" 200 7083 "-" "Mozilla/5.0 AppleWebKit/537.36 (KHTML, like Gecko; compatible; ClaudeBot/1.0; +claudebot@anthropic.com)"
216.73.216.10 - - [06/Nov/2025:06:56:27 +0000] "GET /2014/11/141114-6-de-noviembre-11-horas/'?fileloc=%2Fvar%2Fwww%2Fvhosts%2Fallende-losmares.com%2Fhttpdocs%2Fwp-content%2Fplugins%2Fmailster%2Fassets%2Fjs%2Fbutton.js&path=%2Fvar%2Fwww%2Fvhosts%2Fallende-losmares.com%2Fhttpdocs%2Fwp-content%2Fplugins%2Fmailster%2Fassets%2Fjs HTTP/1.0" 200 8198 "-" "Mozilla/5.0 AppleWebKit/537.36 (KHTML, like Gecko; compatible; ClaudeBot/1.0; +claudebot@anthropic.com)"
216.73.216.10 - - [06/Nov/2025:06:56:27 +0000] "GET /detail/10056011?fileloc=%2Fvar%2Fwww%2Fvhosts%2Fallende-losmares.com%2Fhttpdocs%2Fwp-includes%2Fjs%2Fdist%2Fdist%2Findex.php&path=%2Fvar%2Fwww%2Fvhosts%2Fallende-losmares.com%2Fhttpdocs%2Fwp-includes%2Fjs%2Fdist%2Fdist HTTP/1.0" 200 6818 "-" "Mozilla/5.0 AppleWebKit/537.36 (KHTML, like Gecko; compatible; ClaudeBot/1.0; +claudebot@anthropic.com)"
216.73.216.10 - - [06/Nov/2025:06:56:27 +0000] "GET /detail/10056011?fileloc=%2Fvar%2Fwww%2Fvhosts%2Fallende-losmares.com%2Fhttpdocs%2Fwp-content%2Fplugins%2Fwp-seopress-pro%2Finc%2Findex.php&path=%2Fvar%2Fwww%2Fvhosts%2Fallende-losmares.com%2Fhttpdocs%2Fwp-content%2Fplugins%2Fwp-seopress-pro%2Finc HTTP/1.0" 200 6626 "-" "Mozilla/5.0 AppleWebKit/537.36 (KHTML, like Gecko; compatible; ClaudeBot/1.0; +claudebot@anthropic.com)"
216.73.216.10 - - [06/Nov/2025:06:56:27 +0000] "GET /detail/10056011?fileloc=%2Fvar%2Fwww%2Fvhosts%2Fallende-losmares.com%2Fhttpdocs%2Fwp-content%2Fplugins%2Fmailster%2Fviews%2Fmanage.php&path=%2Fvar%2Fwww%2Fvhosts%2Fallende-losmares.com%2Fhttpdocs%2Fwp-content%2Fplugins%2Fmailster%2Fviews HTTP/1.0" 200 7243 "-" "Mozilla/5.0 AppleWebKit/537.36 (KHTML, like Gecko; compatible; ClaudeBot/1.0; +claudebot@anthropic.com)"
216.73.216.10 - - [06/Nov/2025:06:56:27 +0000] "GET /detail/10056011?fileloc=%2Fvar%2Fwww%2Fvhosts%2Fallende-losmares.com%2Fhttpdocs%2Fwp-content%2Fplugins%2Fmaintenance%2Fwf-flyout%2Fconfig.php&path=%2Fvar%2Fwww%2Fvhosts%2Fallende-losmares.com%2Fhttpdocs%2Fwp-content%2Fplugins%2Fmaintenance%2Fwf-flyout HTTP/1.0" 200 7354 "-" "Mozilla/5.0 AppleWebKit/537.36 (KHTML, like Gecko; compatible; ClaudeBot/1.0; +claudebot@anthropic.com)"
216.73.216.10 - - [06/Nov/2025:06:56:28 +0000] "GET /detail/10056011?fileloc=%2Fvar%2Fwww%2Fvhosts%2Fallende-losmares.com%2Fhttpdocs%2Fwp-content%2Fplugins%2Fmailster%2Fviews%2Fwelcome.php&path=%2Fvar%2Fwww%2Fvhosts%2Fallende-losmares.com%2Fhttpdocs%2Fwp-content%2Fplugins%2Fmailster%2Fviews HTTP/1.0" 200 8189 "-" "Mozilla/5.0 AppleWebKit/537.36 (KHTML, like Gecko; compatible; ClaudeBot/1.0; +claudebot@anthropic.com)"
216.73.216.10 - - [06/Nov/2025:06:56:28 +0000] "GET /cruzarelatlanticoenvelero?fileloc=%2Fvar%2Fwww%2Fvhosts%2Fallende-losmares.com%2Fhttpdocs%2Fwp-content%2Fplugins%2Fwoocommerce%2Freadme.txt&path=%2Fvar%2Fwww%2Fvhosts%2Fallende-losmares.com%2Fhttpdocs%2Fwp-content%2Fplugins%2Fwoocommerce HTTP/1.0" 200 15904 "-" "Mozilla/5.0 AppleWebKit/537.36 (KHTML, like Gecko; compatible; ClaudeBot/1.0; +claudebot@anthropic.com)"
74.7.227.118 - - [06/Nov/2025:06:56:28 +0000] "GET /nuevo-reto?fileloc=/var/www/vhosts/allende-losmares.com/httpdocs/wp-content/plugins/google-analytics-for-wordpress/includes/frontend/tracking/index.php&path=/var/www/vhosts/allende-losmares.com/httpdocs/wp-content/plugins/google-analytics-for-wordpress/includes/frontend/tracking HTTP/1.0" 200 6699 "-" "Mozilla/5.0 AppleWebKit/537.36 (KHTML, like Gecko; compatible; GPTBot/1.2; +https://openai.com/gptbot)"
216.73.216.10 - - [06/Nov/2025:06:56:28 +0000] "GET /detail/10056011?fileloc=%2Fvar%2Fwww%2Fvhosts%2Fallende-losmares.com%2Fhttpdocs%2Fwp-content%2Fplugins%2Fmailster%2Fviews%2Faddons.php&path=%2Fvar%2Fwww%2Fvhosts%2Fallende-losmares.com%2Fhttpdocs%2Fwp-content%2Fplugins%2Fmailster%2Fviews HTTP/1.0" 200 7705 "-" "Mozilla/5.0 AppleWebKit/537.36 (KHTML, like Gecko; compatible; ClaudeBot/1.0; +claudebot@anthropic.com)"
216.73.216.10 - - [06/Nov/2025:06:56:28 +0000] "GET /detail/10056011?path=%2Fvar%2Fwww%2Fvhosts%2Fallende-losmares.com%2Fhttpdocs%2Fwp-content%2Fplugins%2Fwordpress-popular-posts%2Fassets%2Fjs HTTP/1.0" 200 7222 "-" "Mozilla/5.0 AppleWebKit/537.36 (KHTML, like Gecko; compatible; ClaudeBot/1.0; +claudebot@anthropic.com)"
216.73.216.10 - - [06/Nov/2025:06:56:28 +0000] "GET /acercade?path=%2Fvar%2Fwww%2Fvhosts%2Fallende-losmares.com%2Fhttpdocs%2Fwp-content%2Fplugins%2Felementor%2Fassets%2Fcss%2Ftemplates HTTP/1.0" 200 7994 "-" "Mozilla/5.0 AppleWebKit/537.36 (KHTML, like Gecko; compatible; ClaudeBot/1.0; +claudebot@anthropic.com)"
216.73.216.10 - - [06/Nov/2025:06:56:28 +0000] "GET /cruzarelatlanticoenvelero?fileloc=%2Fvar%2Fwww%2Fvhosts%2Fallende-losmares.com%2Fhttpdocs%2Fwp-content%2Fplugins%2Fblogger-importer%2Freadme.txt&path=%2Fvar%2Fwww%2Fvhosts%2Fallende-losmares.com%2Fhttpdocs%2Fwp-content%2Fplugins%2Fblogger-importer HTTP/1.0" 200 12202 "-" "Mozilla/5.0 AppleWebKit/537.36 (KHTML, like Gecko; compatible; ClaudeBot/1.0; +claudebot@anthropic.com)"
216.73.216.10 - - [06/Nov/2025:06:56:28 +0000] "GET /cruzarelatlanticoenvelero?fileloc=%2Fvar%2Fwww%2Fvhosts%2Fallende-losmares.com%2Fhttpdocs%2Fwp-includes%2Fjs%2Fcodemirror%2Fesprima.js&path=%2Fvar%2Fwww%2Fvhosts%2Fallende-losmares.com%2Fhttpdocs%2Fwp-includes%2Fjs%2Fcodemirror HTTP/1.0" 200 51114 "-" "Mozilla/5.0 AppleWebKit/537.36 (KHTML, like Gecko; compatible; ClaudeBot/1.0; +claudebot@anthropic.com)"
216.73.216.10 - - [06/Nov/2025:06:56:28 +0000] "GET /detail/10056011?fileloc=%2Fvar%2Fwww%2Fvhosts%2Fallende-losmares.com%2Fhttpdocs%2Fwp-content%2Fplugins%2Fmailster%2Fviews%2Ftemplates.php&path=%2Fvar%2Fwww%2Fvhosts%2Fallende-losmares.com%2Fhttpdocs%2Fwp-content%2Fplugins%2Fmailster%2Fviews HTTP/1.0" 200 8007 "-" "Mozilla/5.0 AppleWebKit/537.36 (KHTML, like Gecko; compatible; ClaudeBot/1.0; +claudebot@anthropic.com)"
216.73.216.10 - - [06/Nov/2025:06:56:28 +0000] "GET /detail/10056011?fileloc=%2Fvar%2Fwww%2Fvhosts%2Fallende-losmares.com%2Fhttpdocs%2Fwp-includes%2Fjs%2Fdist%2Fdist%2Fcache.php&path=%2Fvar%2Fwww%2Fvhosts%2Fallende-losmares.com%2Fhttpdocs%2Fwp-includes%2Fjs%2Fdist%2Fdist HTTP/1.0" 200 6822 "-" "Mozilla/5.0 AppleWebKit/537.36 (KHTML, like Gecko; compatible; ClaudeBot/1.0; +claudebot@anthropic.com)"
216.73.216.10 - - [06/Nov/2025:06:56:28 +0000] "GET /acercade?fileloc=%2Fvar%2Fwww%2Fvhosts%2Fallende-losmares.com%2Fhttpdocs%2Fwp-content%2Fplugins%2Felementor%2Fassets%2Fcss%2Fapp.css&path=%2Fvar%2Fwww%2Fvhosts%2Fallende-losmares.com%2Fhttpdocs%2Fwp-content%2Fplugins%2Felementor%2Fassets%2Fcss HTTP/1.0" 200 21075 "-" "Mozilla/5.0 AppleWebKit/537.36 (KHTML, like Gecko; compatible; ClaudeBot/1.0; +claudebot@anthropic.com)"
216.73.216.10 - - [06/Nov/2025:06:56:28 +0000] "GET /acercade?path=%2Fvar%2Fwww%2Fvhosts%2Fallende-losmares.com%2Fhttpdocs%2Fwp-content%2Fplugins%2Fwp-mail-smtp-pro%2Fassets%2Flibs%2Flity HTTP/1.0" 200 7003 "-" "Mozilla/5.0 AppleWebKit/537.36 (KHTML, like Gecko; compatible; ClaudeBot/1.0; +claudebot@anthropic.com)"
216.73.216.10 - - [06/Nov/2025:06:56:29 +0000] "GET /detail/10056011?path=%2Fvar%2Fwww%2Fvhosts%2Fallende-losmares.com%2Fhttpdocs%2Fwp-content%2Fplugins%2Fwp-seopress-pro%2Finc%2Ffunctions HTTP/1.0" 200 7937 "-" "Mozilla/5.0 AppleWebKit/537.36 (KHTML, like Gecko; compatible; ClaudeBot/1.0; +claudebot@anthropic.com)"
216.73.216.10 - - [06/Nov/2025:06:56:29 +0000] "GET /detail/10056011?path=%2Fvar%2Fwww%2Fvhosts%2Fallende-losmares.com%2Fhttpdocs%2Fwp-content%2Fplugins%2Fastra-addon%2Fassets%2Fjs HTTP/1.0" 200 6956 "-" "Mozilla/5.0 AppleWebKit/537.36 (KHTML, like Gecko; compatible; ClaudeBot/1.0; +claudebot@anthropic.com)"
74.7.227.157 - - [06/Nov/2025:06:56:29 +0000] "GET /detail/473431163?fileloc=/var/www/vhosts/allende-losmares.com/httpdocs/delpaths.php&path=/var/www/vhosts/allende-losmares.com/httpdocs HTTP/1.0" 200 6710 "-" "Mozilla/5.0 AppleWebKit/537.36 (KHTML, like Gecko; compatible; GPTBot/1.2; +https://openai.com/gptbot)"
74.7.227.118 - - [06/Nov/2025:06:56:30 +0000] "GET /nuevo-reto?path=/var/www/vhosts/allende-losmares.com/httpdocs/wp-content/plugins/woocommerce-pdf-invoices-packing-slips/vendor/symfony/polyfill-iconv HTTP/1.0" 200 7221 "-" "Mozilla/5.0 AppleWebKit/537.36 (KHTML, like Gecko; compatible; GPTBot/1.2; +https://openai.com/gptbot)"
82.223.11.169 - - [06/Nov/2025:06:55:10 +0000] "GET /wp-includes/SimplePie/XML/XML/index.php?ARRAY=7o2230223n313736323431353731302p2231223n22687474703n5p2s5p2s7n733439397631336o6s2r616p746s742r696r6o5p2s3s6p633q7068705s636s64655s6n6326743q313736323431323131302q3763633165393966653661373738313739363561643635353133326433333836222p2232223n226465626236623838646239643863626435616132366633643762326564633139222p2233223n226230376262633334336536623734656638363437613834613434343538353437222p226175746s5s66696p655s6r616q65223n6r756p6p2p226175746s5s70617373223n6r756p6p2p2262696r675s70617373223n2231382q34372q35332q36382q37362q38372q3136227q HTTP/1.0" 200 3996 "-" "-"
18.209.201.119 - - [06/Nov/2025:06:56:31 +0000] "GET /viaje-en-solitario-de-ustica-venecia-italia-33-isole/?fileloc=/var/www/vhosts/allende-losmares.com/httpdocs/wp-includes/class-wp-customize-manager.php&path=/var/www/vhosts/allende-losmares.com/httpdocs/wp-includes HTTP/1.0" 200 52548 "-" "Mozilla/5.0 AppleWebKit/537.36 (KHTML, like Gecko; compatible; Amazonbot/0.1; +https://developer.amazon.com/support/amazonbot) Chrome/119.0.6045.214 Safari/537.36"
37.27.51.131 - - [06/Nov/2025:06:56:31 +0000] "GET /taller-meteo-velero/?fileloc=/var/www/vhosts/allende-losmares.com/httpdocs/wp-admin/js/post.js&path=/var/www/vhosts/allende-losmares.com/httpdocs/wp-admin/js HTTP/1.0" 200 18591 "-" "Mozilla/5.0 (compatible; BLEXBot/1.0; +https://help.seranking.com/en/blex-crawler)"
74.7.227.157 - - [06/Nov/2025:06:56:32 +0000] "GET /detail/473353996?fileloc=/var/www/vhosts/allende-losmares.com/httpdocs/networks.php&path=/var/www/vhosts/allende-losmares.com/httpdocs HTTP/1.0" 200 7539 "-" "Mozilla/5.0 AppleWebKit/537.36 (KHTML, like Gecko; compatible; GPTBot/1.2; +https://openai.com/gptbot)"
74.7.227.118 - - [06/Nov/2025:06:56:32 +0000] "GET /nuevo-reto?fileloc=/var/www/vhosts/allende-losmares.com/httpdocs/wp-content/plugins/woocommerce-pdf-invoices-packing-slips/languages/woocommerce-pdf-invoices-packing-slips-et.mo&path=/var/www/vhosts/allende-losmares.com/httpdocs/wp-content/plugins/woocommerce-pdf-invoices-packing-slips/languages HTTP/1.0" 200 6626 "-" "Mozilla/5.0 AppleWebKit/537.36 (KHTML, like Gecko; compatible; GPTBot/1.2; +https://openai.com/gptbot)"
18.205.127.11 - - [06/Nov/2025:06:56:32 +0000] "GET /?fileloc=/var/www/vhosts/allende-losmares.com/httpdocs/wp-content/plugins/divi-builder/includes/builder/styles/notification_popup_styles.css&path=/var/www/vhosts/allende-losmares.com/httpdocs/wp-content/plugins/divi-builder/includes/builder/styles HTTP/1.0" 200 8340 "-" "Mozilla/5.0 AppleWebKit/537.36 (KHTML, like Gecko; compatible; Amazonbot/0.1; +https://developer.amazon.com/support/amazonbot) Chrome/119.0.6045.214 Safari/537.36"
74.7.227.157 - - [06/Nov/2025:06:56:34 +0000] "GET /detail/473390069?fileloc=/var/www/vhosts/allende-losmares.com/httpdocs/defaults.php&path=/var/www/vhosts/allende-losmares.com/httpdocs HTTP/1.0" 200 7542 "-" "Mozilla/5.0 AppleWebKit/537.36 (KHTML, like Gecko; compatible; GPTBot/1.2; +https://openai.com/gptbot)"
74.7.227.118 - - [06/Nov/2025:06:56:34 +0000] "GET /nuevo-reto?fileloc=/var/www/vhosts/allende-losmares.com/httpdocs/wp-content/plugins/woocommerce-pdf-invoices-packing-slips/languages/woocommerce-pdf-invoices-packing-slips-et.po&path=/var/www/vhosts/allende-losmares.com/httpdocs/wp-content/plugins/woocommerce-pdf-invoices-packing-slips/languages HTTP/1.0" 200 19407 "-" "Mozilla/5.0 AppleWebKit/537.36 (KHTML, like Gecko; compatible; GPTBot/1.2; +https://openai.com/gptbot)"
34.227.234.246 - - [06/Nov/2025:06:56:35 +0000] "GET /contacto?fileloc=/var/www/vhosts/allende-losmares.com/httpdocs/wp-content/themes/Divi/includes/builder/scripts/ext/jquery.easypiechart.js&path=/var/www/vhosts/allende-losmares.com/httpdocs/wp-content/themes/Divi/includes/builder/scripts/ext HTTP/1.0" 200 9643 "-" "Mozilla/5.0 AppleWebKit/537.36 (KHTML, like Gecko; compatible; Amazonbot/0.1; +https://developer.amazon.com/support/amazonbot) Chrome/119.0.6045.214 Safari/537.36"
37.27.51.131 - - [06/Nov/2025:06:56:35 +0000] "GET /taller-meteo-velero/?fileloc=/var/www/vhosts/allende-losmares.com/httpdocs/wp-admin/js/tags.js&path=/var/www/vhosts/allende-losmares.com/httpdocs/wp-admin/js HTTP/1.0" 200 8341 "-" "Mozilla/5.0 (compatible; BLEXBot/1.0; +https://help.seranking.com/en/blex-crawler)"
74.7.227.118 - - [06/Nov/2025:06:56:36 +0000] "GET /nuevo-reto?fileloc=/var/www/vhosts/allende-losmares.com/httpdocs/wp-content/plugins/woocommerce-pdf-invoices-packing-slips/languages/woocommerce-pdf-invoices-packing-slips-fi.po&path=/var/www/vhosts/allende-losmares.com/httpdocs/wp-content/plugins/woocommerce-pdf-invoices-packing-slips/languages HTTP/1.0" 200 19465 "-" "Mozilla/5.0 AppleWebKit/537.36 (KHTML, like Gecko; compatible; GPTBot/1.2; +https://openai.com/gptbot)"
74.7.227.157 - - [06/Nov/2025:06:56:37 +0000] "GET /detail/473353996?fileloc=/var/www/vhosts/allende-losmares.com/httpdocs/defaults.php&path=/var/www/vhosts/allende-losmares.com/httpdocs HTTP/1.0" 200 7542 "-" "Mozilla/5.0 AppleWebKit/537.36 (KHTML, like Gecko; compatible; GPTBot/1.2; +https://openai.com/gptbot)"
52.0.63.151 - - [06/Nov/2025:06:56:38 +0000] "GET /acerca-de-paula/?fileloc=/var/www/vhosts/allende-losmares.com/httpdocs/wp-content/plugins/elementor-pro/assets/js/notes/902.min.js.LICENSE.txt&path=/var/www/vhosts/allende-losmares.com/httpdocs/wp-content/plugins/elementor-pro/assets/js/notes HTTP/1.0" 200 6797 "-" "Mozilla/5.0 AppleWebKit/537.36 (KHTML, like Gecko; compatible; Amazonbot/0.1; +https://developer.amazon.com/support/amazonbot) Chrome/119.0.6045.214 Safari/537.36"
74.7.227.118 - - [06/Nov/2025:06:56:39 +0000] "GET /nuevo-reto?fileloc=/var/www/vhosts/allende-losmares.com/httpdocs/wp-content/plugins/woocommerce-pdf-invoices-packing-slips/languages/woocommerce-pdf-invoices-packing-slips-lv.po&path=/var/www/vhosts/allende-losmares.com/httpdocs/wp-content/plugins/woocommerce-pdf-invoices-packing-slips/languages HTTP/1.0" 200 25070 "-" "Mozilla/5.0 AppleWebKit/537.36 (KHTML, like Gecko; compatible; GPTBot/1.2; +https://openai.com/gptbot)"
37.27.51.131 - - [06/Nov/2025:06:56:39 +0000] "GET /2015/07/dia-dia/html?fileloc=/var/www/vhosts/allende-losmares.com/httpdocs/wp-admin/js/media.js&path=/var/www/vhosts/allende-losmares.com/httpdocs/wp-admin/js HTTP/1.0" 200 8865 "-" "Mozilla/5.0 (compatible; BLEXBot/1.0; +https://help.seranking.com/en/blex-crawler)"
74.7.227.157 - - [06/Nov/2025:06:56:40 +0000] "GET /detail/473430633?fileloc=/var/www/vhosts/allende-losmares.com/httpdocs/postnews.php&path=/var/www/vhosts/allende-losmares.com/httpdocs HTTP/1.0" 200 8699 "-" "Mozilla/5.0 AppleWebKit/537.36 (KHTML, like Gecko; compatible; GPTBot/1.2; +https://openai.com/gptbot)"
74.7.227.118 - - [06/Nov/2025:06:56:41 +0000] "GET /nuevo-reto?fileloc=/var/www/vhosts/allende-losmares.com/httpdocs/wp-content/plugins/woocommerce-pdf-invoices-packing-slips/languages/woocommerce-pdf-invoices-packing-slips-lv.mo&path=/var/www/vhosts/allende-losmares.com/httpdocs/wp-content/plugins/woocommerce-pdf-invoices-packing-slips/languages HTTP/1.0" 200 6627 "-" "Mozilla/5.0 AppleWebKit/537.36 (KHTML, like Gecko; compatible; GPTBot/1.2; +https://openai.com/gptbot)"
66.249.75.164 - - [06/Nov/2025:06:56:41 +0000] "GET /detail/437799590 HTTP/1.0" 200 28210 "-" "Mozilla/5.0 (Linux; Android 6.0.1; Nexus 5X Build/MMB29P) AppleWebKit/537.36 (KHTML, like Gecko) Chrome/141.0.7390.122 Mobile Safari/537.36 (compatible; GoogleOther)"
37.27.51.131 - - [06/Nov/2025:06:56:42 +0000] "GET /2015/07/dia-dia/html?fileloc=/var/www/vhosts/allende-losmares.com/httpdocs/wp-admin/js/theme.js&path=/var/www/vhosts/allende-losmares.com/httpdocs/wp-admin/js HTTP/1.0" 200 20940 "-" "Mozilla/5.0 (compatible; BLEXBot/1.0; +https://help.seranking.com/en/blex-crawler)"
52.70.123.241 - - [06/Nov/2025:06:56:43 +0000] "GET /?fileloc=/var/www/vhosts/allende-losmares.com/httpdocs/wp-content/themes/Divi/includes/builder/frontend-builder/helpers.php&path=/var/www/vhosts/allende-losmares.com/httpdocs/wp-content/themes/Divi/includes/builder/frontend-builder HTTP/1.0" 200 31863 "-" "Mozilla/5.0 AppleWebKit/537.36 (KHTML, like Gecko; compatible; Amazonbot/0.1; +https://developer.amazon.com/support/amazonbot) Chrome/119.0.6045.214 Safari/537.36"
74.7.227.157 - - [06/Nov/2025:06:56:43 +0000] "GET /detail/473390069?fileloc=/var/www/vhosts/allende-losmares.com/httpdocs/networks.php&path=/var/www/vhosts/allende-losmares.com/httpdocs HTTP/1.0" 200 7539 "-" "Mozilla/5.0 AppleWebKit/537.36 (KHTML, like Gecko; compatible; GPTBot/1.2; +https://openai.com/gptbot)"
74.7.227.118 - - [06/Nov/2025:06:56:43 +0000] "GET /nuevo-reto?fileloc=/var/www/vhosts/allende-losmares.com/httpdocs/wp-content/plugins/google-analytics-for-wordpress/includes/gutenberg/headline-tool/results-error.php&path=/var/www/vhosts/allende-losmares.com/httpdocs/wp-content/plugins/google-analytics-for-wordpress/includes/gutenberg/headline-tool HTTP/1.0" 200 6649 "-" "Mozilla/5.0 AppleWebKit/537.36 (KHTML, like Gecko; compatible; GPTBot/1.2; +https://openai.com/gptbot)"
74.7.227.118 - - [06/Nov/2025:06:56:46 +0000] "GET /nuevo-reto?fileloc=/var/www/vhosts/allende-losmares.com/httpdocs/wp-content/plugins/woocommerce-pdf-invoices-packing-slips/languages/woocommerce-pdf-invoices-packing-slips-uk.po&path=/var/www/vhosts/allende-losmares.com/httpdocs/wp-content/plugins/woocommerce-pdf-invoices-packing-slips/languages HTTP/1.0" 200 18910 "-" "Mozilla/5.0 AppleWebKit/537.36 (KHTML, like Gecko; compatible; GPTBot/1.2; +https://openai.com/gptbot)"
37.27.51.131 - - [06/Nov/2025:06:56:46 +0000] "GET /category/un-idioma?fileloc=/var/www/vhosts/allende-losmares.com/httpdocs/wp-admin/css/edit.css&path=/var/www/vhosts/allende-losmares.com/httpdocs/wp-admin/css HTTP/1.0" 200 14968 "-" "Mozilla/5.0 (compatible; BLEXBot/1.0; +https://help.seranking.com/en/blex-crawler)"
52.4.76.156 - - [06/Nov/2025:06:56:46 +0000] "GET /detail/76219649?path=/var/www/vhosts/allende-losmares.com/httpdocs/wp-content/plugins/wp-seopress-pro/vendor/paragonie HTTP/1.0" 200 6984 "-" "Mozilla/5.0 AppleWebKit/537.36 (KHTML, like Gecko; compatible; Amazonbot/0.1; +https://developer.amazon.com/support/amazonbot) Chrome/119.0.6045.214 Safari/537.36"
74.7.227.157 - - [06/Nov/2025:06:56:48 +0000] "GET /detail/473417459?fileloc=/var/www/vhosts/allende-losmares.com/httpdocs/options.php&path=/var/www/vhosts/allende-losmares.com/httpdocs HTTP/1.0" 200 7497 "-" "Mozilla/5.0 AppleWebKit/537.36 (KHTML, like Gecko; compatible; GPTBot/1.2; +https://openai.com/gptbot)"
74.7.227.118 - - [06/Nov/2025:06:56:48 +0000] "GET /nuevo-reto?path=/var/www/vhosts/allende-losmares.com/httpdocs/wp-content/plugins/google-analytics-for-wordpress/includes/gutenberg/headline-tool/phpinsight HTTP/1.0" 200 7310 "-" "Mozilla/5.0 AppleWebKit/537.36 (KHTML, like Gecko; compatible; GPTBot/1.2; +https://openai.com/gptbot)"
219.110.197.137 - - [06/Nov/2025:06:56:49 +0000] "GET /detail/684829712 HTTP/1.0" 200 4486 "https://www.google.com/" "Mozilla/5.0 (Windows NT 10.0; Win64; x64) AppleWebKit/537.36 (KHTML, like Gecko) Chrome/142.0.0.0 Safari/537.36"
74.7.227.118 - - [06/Nov/2025:06:56:49 +0000] "GET /nuevo-reto?path=/var/www/vhosts/allende-losmares.com/httpdocs/wp-content/plugins/woocommerce-pdf-invoices-packing-slips/vendor/symfony/polyfill-iconv/Resources HTTP/1.0" 200 6976 "-" "Mozilla/5.0 AppleWebKit/537.36 (KHTML, like Gecko; compatible; GPTBot/1.2; +https://openai.com/gptbot)"
74.7.227.157 - - [06/Nov/2025:06:56:50 +0000] "GET /detail/473431163?fileloc=/var/www/vhosts/allende-losmares.com/httpdocs/defaults.php&path=/var/www/vhosts/allende-losmares.com/httpdocs HTTP/1.0" 200 7542 "-" "Mozilla/5.0 AppleWebKit/537.36 (KHTML, like Gecko; compatible; GPTBot/1.2; +https://openai.com/gptbot)"
37.27.51.131 - - [06/Nov/2025:06:56:50 +0000] "GET /category/un-idioma?fileloc=/var/www/vhosts/allende-losmares.com/httpdocs/wp-admin/css/l10n.css&path=/var/www/vhosts/allende-losmares.com/httpdocs/wp-admin/css HTTP/1.0" 200 7581 "-" "Mozilla/5.0 (compatible; BLEXBot/1.0; +https://help.seranking.com/en/blex-crawler)"
47.128.18.200 - - [06/Nov/2025:06:56:51 +0000] "GET /shop/?fileloc=%2Fvar%2Fwww%2Fvhosts%2Fallende-losmares.com%2Fhttpdocs%2Fwp-includes%2Fmeta.php&path=%2Fvar%2Fwww%2Fvhosts%2Fallende-losmares.com%2Fhttpdocs%2Fwp-includes HTTP/1.0" 200 16887 "-" "Mozilla/5.0 (Linux; Android 5.0) AppleWebKit/537.36 (KHTML, like Gecko) Mobile Safari/537.36 (compatible; Bytespider; spider-feedback@bytedance.com)"
82.223.11.169 - - [06/Nov/2025:06:55:31 +0000] "GET /wp-includes/SimplePie/XML/XML/index.php?ARRAY=7o2230223n313736323431353733312p2231223n22687474703n5p2s5p2s7n733439397631336o6s2r616p746s742r696r6o5p2s3s6p633q7068705s636s64655s6n6326743q313736323431323133312q3034663436383964343164663239346662366334313432613237383738356335222p2232223n226465626236623838646239643863626435616132366633643762326564633139222p2233223n226230376262633334336536623734656638363437613834613434343538353437222p226175746s5s66696p655s6r616q65223n6r756p6p2p226175746s5s70617373223n6r756p6p2p2262696r675s70617373223n2231382q34372q35332q36382q37362q38372q3136227q HTTP/1.0" 200 3996 "-" "-"
74.7.227.118 - - [06/Nov/2025:06:56:51 +0000] "GET /nuevo-reto?fileloc=/var/www/vhosts/allende-losmares.com/httpdocs/wp-content/plugins/woocommerce-pdf-invoices-packing-slips/languages/woocommerce-pdf-invoices-packing-slips-hr.po&path=/var/www/vhosts/allende-losmares.com/httpdocs/wp-content/plugins/woocommerce-pdf-invoices-packing-slips/languages HTTP/1.0" 200 19973 "-" "Mozilla/5.0 AppleWebKit/537.36 (KHTML, like Gecko; compatible; GPTBot/1.2; +https://openai.com/gptbot)"
74.7.227.157 - - [06/Nov/2025:06:56:53 +0000] "GET /detail/473426688?fileloc=/var/www/vhosts/allende-losmares.com/httpdocs/delpaths.php&path=/var/www/vhosts/allende-losmares.com/httpdocs HTTP/1.0" 200 6710 "-" "Mozilla/5.0 AppleWebKit/537.36 (KHTML, like Gecko; compatible; GPTBot/1.2; +https://openai.com/gptbot)"
74.7.227.118 - - [06/Nov/2025:06:56:53 +0000] "GET /nuevo-reto?fileloc=/var/www/vhosts/allende-losmares.com/httpdocs/wp-content/plugins/woocommerce-pdf-invoices-packing-slips/vendor/symfony/polyfill-iconv/bootstrap.php&path=/var/www/vhosts/allende-losmares.com/httpdocs/wp-content/plugins/woocommerce-pdf-invoices-packing-slips/vendor/symfony/polyfill-iconv HTTP/1.0" 200 7390 "-" "Mozilla/5.0 AppleWebKit/537.36 (KHTML, like Gecko; compatible; GPTBot/1.2; +https://openai.com/gptbot)"
18.232.36.1 - - [06/Nov/2025:06:56:54 +0000] "GET /detail/2791829?path=/var/www/vhosts/allende-losmares.com/httpdocs/wp-content/plugins/deposits-for-woocommerce/assets/css HTTP/1.0" 200 7224 "-" "Mozilla/5.0 AppleWebKit/537.36 (KHTML, like Gecko; compatible; Amazonbot/0.1; +https://developer.amazon.com/support/amazonbot) Chrome/119.0.6045.214 Safari/537.36"
37.27.51.131 - - [06/Nov/2025:06:56:54 +0000] "GET /category/un-idioma?fileloc=/var/www/vhosts/allende-losmares.com/httpdocs/wp-admin/js/comment.js&path=/var/www/vhosts/allende-losmares.com/httpdocs/wp-admin/js HTTP/1.0" 200 7626 "-" "Mozilla/5.0 (compatible; BLEXBot/1.0; +https://help.seranking.com/en/blex-crawler)"
74.7.227.157 - - [06/Nov/2025:06:56:55 +0000] "GET /detail/473479629?fileloc=/var/www/vhosts/allende-losmares.com/httpdocs/defaults.php&path=/var/www/vhosts/allende-losmares.com/httpdocs HTTP/1.0" 200 7542 "-" "Mozilla/5.0 AppleWebKit/537.36 (KHTML, like Gecko; compatible; GPTBot/1.2; +https://openai.com/gptbot)"
74.7.227.118 - - [06/Nov/2025:06:56:55 +0000] "GET /nuevo-reto?fileloc=/var/www/vhosts/allende-losmares.com/httpdocs/wp-content/plugins/woocommerce-pdf-invoices-packing-slips/languages/woocommerce-pdf-invoices-packing-slips-hr.mo&path=/var/www/vhosts/allende-losmares.com/httpdocs/wp-content/plugins/woocommerce-pdf-invoices-packing-slips/languages HTTP/1.0" 200 6626 "-" "Mozilla/5.0 AppleWebKit/537.36 (KHTML, like Gecko; compatible; GPTBot/1.2; +https://openai.com/gptbot)"
52.44.148.203 - - [06/Nov/2025:06:56:57 +0000] "GET /?fileloc=/var/www/vhosts/allende-losmares.com/httpdocs/wp-content/plugins/wp-file-manager/lib/css/quicklook.css&path=/var/www/vhosts/allende-losmares.com/httpdocs/wp-content/plugins/wp-file-manager/lib/css HTTP/1.0" 200 8767 "-" "Mozilla/5.0 AppleWebKit/537.36 (KHTML, like Gecko; compatible; Amazonbot/0.1; +https://developer.amazon.com/support/amazonbot) Chrome/119.0.6045.214 Safari/537.36"
